
CREATE TABLE `ishp_register1` (
  `register_id` int(11) NOT NULL AUTO_INCREMENT,
  `employee_name` varchar(255) DEFAULT NULL,
  `employee_number` varchar(255) DEFAULT NULL,
  `register_date` varchar(255) DEFAULT NULL,
  `state` varchar(255) DEFAULT NULL,
  `district` varchar(255) DEFAULT NULL,
  `venue` varchar(255) DEFAULT NULL,
  `amount` varchar(255) DEFAULT NULL,
  `candidate_name` varchar(255) DEFAULT NULL,
  `father_name` varchar(255) DEFAULT NULL,
  `permanent_address` varchar(255) DEFAULT NULL,
  `contact_number` varchar(255) DEFAULT NULL,
  `dob` varchar(255) DEFAULT NULL,
  `gender` varchar(255) DEFAULT NULL,
  `aadhaar` varchar(255) DEFAULT NULL,
  `company_name` varchar(255) DEFAULT NULL,
  `company_address` varchar(255) DEFAULT NULL,
  `category` varchar(255) DEFAULT NULL,
  `receipt_no` varchar(255) DEFAULT NULL,
  `payment_mode` varchar(255) DEFAULT NULL,
  `aadhaar_front` varchar(255) DEFAULT NULL,
  `aadhaar_back` varchar(255) DEFAULT NULL,
  `candidate_photo` varchar(255) DEFAULT NULL,
  `unique_key` varchar(255) DEFAULT NULL,
  `status` int(11) NOT NULL DEFAULT '1',
  `submit_datetime` timestamp NOT NULL DEFAULT CURRENT_TIMESTAMP,
  PRIMARY KEY (`register_id`)
) ENGINE=InnoDB AUTO_INCREMENT=608 DEFAULT CHARSET=utf8;

/*Data for the table `ishp_register1` */

insert  into `ishp_register1`(`register_id`,`employee_name`,`employee_number`,`register_date`,`state`,`district`,`venue`,`amount`,`candidate_name`,`father_name`,`permanent_address`,`contact_number`,`dob`,`gender`,`aadhaar`,`company_name`,`company_address`,`category`,`receipt_no`,`payment_mode`,`aadhaar_front`,`aadhaar_back`,`candidate_photo`,`unique_key`,`status`,`submit_datetime`) values (1,NULL,NULL,'20-01-2020','Himachal Pradesh','Mandi','sarkaghat',NULL,'Mohinder pal','Lt Sh Kashmir Singh','VILL Siharal P O Paunta','9882990177','04-06-1987','Male','385191063571','Star Premium Dhaba','kunalag Gali Sarkaghat',NULL,'00005','Cash','20012020190048.jpg','20012020190059.jpg','20012020190109.jpg','20012020190115',1,'2020-01-20 19:01:27'),(3,NULL,NULL,'20-01-2020','Himachal Pradesh','Mandi','sarkaghat',NULL,'Ramesh kumar','om Parkash','36/8krishna colony chowk Bhiwani','7404670501','23-09-1970','Male','584438447573','dalu ram omprakash','do',NULL,'ooo1','Cash','22012020112749.jpg','22012020112803.jpg','22012020112827.jpg','22012020113354',1,'2020-01-22 11:34:24'),(4,'','','22-01-2020','Haryana','Bhiwani','SUNCITY MALL',NULL,'Ramesh Kumar','Om Parkash','Krishna colony ward no 25 Bhiwani','7404670501','23-09-1970','Male','584438447573','Shalu Ram Om parkash','kishana Gali chawk',NULL,'4001','Cash','22012020113929.jpg','22012020113938.jpg','22012020113950.jpg','22012020113956',1,'2020-01-22 11:40:12'),(7,'','','22-01-2020','Haryana','Bhiwani','SUNCITY MALL',NULL,'Joginder','Sh Kishan Lal','House No 65/8 Krishana Colony chauk Bhiwani','9992668080','28-10-1982','Male','851722641641','Joginder Dairy','Krishana Colony',NULL,'4002','Cash','22012020114601.jpg','22012020114609.jpg','22012020114617.jpg','22012020114619',1,'2020-01-22 11:46:36'),(8,'','','22-01-2020','Haryana','Bhiwani','SUNCITY MALL',NULL,'Krishan Kumar','Sh Vishan Dass','Teilwara pipal wali gali Bhiwani','9416982002','15-03-1962','Male','865384574891','COUDHARY NAMKEEN','Krishana colony',NULL,'4003','Cash','22012020115402.jpg','22012020115419.jpg','22012020115437.jpg','22012020115457',1,'2020-01-22 11:55:12'),(9,'','','22-01-2020','Haryana','Bhiwani','SUNCITY MALL',NULL,'Puneet Bhatia','Sushil Bhatia','Krishana Colony Bhiwani','9466749701','13-09-1988','Male','795075659308','Bhatia Store','Krishna colony',NULL,'4004','Cash','22012020115951.jpg','22012020120001.jpg','22012020120011.jpg','22012020120014',1,'2020-01-22 12:00:35'),(10,'','','22-01-2020','Haryana','Bhiwani','SUNCITY MALL',NULL,'Naresh','Shyam lal Bhatia','H.No 15/8 Krishana Colony Bhiwani','9416163830','22-07-1973','Male','610818721748','Bharat Confec','Krishna colony',NULL,'4005','Cash','22012020120525.jpg','22012020120535.jpg','22012020120546.jpg','22012020120549',1,'2020-01-22 12:06:03'),(11,'','','22-01-2020','Haryana','Bhiwani','SUNCITY MALL',NULL,'Amit','Tejpal Sharma','H No.20 New park Colony BTM CHOWK Bhiwani','9518899000','14-05-1992','Male','870959057366','Sri Ganesh Mishthan & Namkeen Bhandar','Maham Gate',NULL,'4006','Cash','22012020121250.jpg','22012020121258.jpg','22012020121306.jpg','22012020121309',1,'2020-01-22 12:13:24'),(12,'','','22-01-2020','Haryana','Bhiwani','SUNCITY MALL',NULL,'Anil Raheja','Veer Bhan Raheja','Jain Gali Dinod gate Bhiwani','9996702131','06-09-1963','Male','726498350202','Rahega Confac','Krishna colony',NULL,'4007','Cash','22012020121743.jpg','22012020121752.jpg','22012020121802.jpg','22012020121805',1,'2020-01-22 12:18:21'),(13,'','','22-01-2020','Haryana','Bhiwani','SUNCITY MALL',NULL,'Rambabu Mittal','Baig raj Mittal','chiripal gali Bhiwani','9728566986','09-07-1965','Male','287026889541','Sanjay Mishthan','New Aanaj mandi',NULL,'4008','Cash','22012020122233.jpg','22012020122242.jpg','22012020122321.jpg','22012020122324',1,'2020-01-22 12:23:39'),(14,'','','22-01-2020','Haryana','Bhiwani','SUNCITY MALL',NULL,'Vijay kumar','Manohar lal','H no 253/8 Krishana Colony Bhiwani','9416058245','04-11-1972','Male','769345383552','KATHURIA DAIRY','Krishna colony',NULL,'4009','Cash','22012020122758.jpg','22012020122810.jpg','22012020122818.jpg','22012020122820',1,'2020-01-22 12:28:36'),(15,'','','22-01-2020','Haryana','Bhiwani','SUNCITY MALL',NULL,'banke bihari','Chander ban','krishna colony','9812914163','26-02-1964','Male','875314434376','swatantrata senani radhakrishnan','do',NULL,'4012','Cash','22012020123754.jpg','22012020123805.jpg','22012020123819.jpg','22012020123826',1,'2020-01-22 12:38:44'),(16,'','','22-01-2020','Haryana','Bhiwani','SUNCITY MALL',NULL,'Hanuman prasad','Hari Charan','chur singh ki bazari Bhiwani haryana 127021','9812945901','01-01-1957','Male','386143565203','Amit khoya bhandar','near police station bhiwani',NULL,'4043','Cash','22012020135428.jpg','22012020135435.jpg','22012020135446.jpg','22012020135448',1,'2020-01-22 13:55:05'),(17,'','','22-01-2020','Haryana','Bhiwani','SUNCITY MALL',NULL,'sudarshan','atam prakash','H no 67a ward no 25 Ashoka colony Bhiwani','9416350252','22-12-1969','Male','593297410935','Raj khoya Bhandar','near police chawky Bhiwani',NULL,'4042','Cash','22012020135823.jpg','22012020135832.jpg','22012020135840.jpg','22012020135842',1,'2020-01-22 13:58:58'),(18,'','','22-01-2020','Haryana','Bhiwani','SUNCITY MALL',NULL,'shayam lal','Hari Charan','chur ki. bazari Bhiwani haryana 127021','9992091419','01-01-1948','Male','954618892185','Agarwal mishthan bhandar','bichla Bazar Bhiwani',NULL,'4041','Cash','22012020140139.jpg','22012020140148.jpg','22012020140155.jpg','22012020140157',1,'2020-01-22 14:02:11'),(19,'','','22-01-2020','Haryana','Bhiwani','SUNCITY MALL',NULL,'mukesh kumar','mukh ram','umed vihar colony hisar','9416625509','14-07-1982','Male','237084838406','goswami treders','near railway station bal seva market Bhiwani',NULL,'4044','Cash','22012020140901.jpg','22012020140915.jpg','22012020140923.jpg','22012020140928',1,'2020-01-22 14:09:45'),(20,'','','22-01-2020','Haryana','Bhiwani','SUNCITY MALL',NULL,'sunil kumar','sh Bhim Sain mutreja','158/8krishna colony Bhiwani','9416977340','24-02-1975','Male','777108267950','satguru store','same',NULL,'4045','Cash','22012020141450.jpg','22012020141459.jpg','22012020141515.jpg','22012020141518',1,'2020-01-22 14:15:34'),(21,'','','22-01-2020','Haryana','Bhiwani','SUNCITY MALL',NULL,'Rajender Kumar','ram dayal','krishna colony Bhiwani','9416767479','29-04-1961','Male','302030706479','jyoti confecsnory','bhiwani',NULL,'4046','Cash','22012020142028.jpg','22012020142040.jpg','22012020142053.jpg','22012020142055',1,'2020-01-22 14:21:09'),(22,'','','22-01-2020','Haryana','Bhiwani','SUNCITY MALL',NULL,'vinod pal','basdev ormha araya fatehpur up','m c colony Bhiwani','7206831633','25-07-1986','Male','369204965750','vinod pal biscuits bakry Bhiwani','Bhiwani',NULL,'4047','Cash','22012020142711.jpg','22012020142727.jpg','22012020142740.jpg','22012020142742',1,'2020-01-22 14:28:07'),(23,'','','22-01-2020','Haryana','Bhiwani','SUNCITY MALL',NULL,'deepak','Om Parkash','Near gufa medi 97 Ashoka Colony Bhiwani 127071','9671042727','01-08-1991','Male','642462537543','Kaka bakery','27/8 Krishana Colony Bhiwani',NULL,'4048','Cash','22012020143057.jpg','22012020143105.jpg','22012020143113.jpg','22012020143115',1,'2020-01-22 14:31:31'),(24,'','','22-01-2020','Haryana','Bhiwani','SUNCITY MALL',NULL,'vindra chauhan','Molhu chauhan','vill mechuka post ahari mechuka','9138513318','01-01-1979','Male','285325995563','jai shri ram Ravi Chauhan','ghantaghar opp shani dev tample Bhiwani',NULL,'4038','Cash','22012020143615.jpg','22012020143626.jpg','22012020143636.jpg','22012020143640',1,'2020-01-22 14:36:54'),(25,'','','22-01-2020','Haryana','Bhiwani','SUNCITY MALL',NULL,'Bhawana','Pardeep Kumar','H no 380 near Balaji paint shop ward no 21 Bhiwani 127021','8168870427','03-08-1990','Female','851866079112','Pardeep conf','Near ghantaghar ke sath Bhiwani',NULL,'4050','Cash','22012020144802.jpg','22012020144813.jpg','22012020144825.jpg','22012020144829',1,'2020-01-22 14:48:43'),(26,'','','22-01-2020','Haryana','Bhiwani','Sun City Mall',NULL,'Dinesh Jain','Bhushan Jain','Krishna Colony, Bhiwani','9215685061','28-04-1977','Male','414969214612','','Krishna Colony, Bhiwani',NULL,'4017','Cash','22012020201238.jpg','22012020201306.jpg','22012020201336.jpg','22012020201342',1,'2020-01-22 20:13:58'),(27,'','','22-01-2020','Haryana','Bhiwani','Suncity Mall',NULL,'Renu bala','Manoj Kumar','Gujrani 11 Bhiwani gujrani Haryana 127031','9452885502','07-06-1980','Female','787683161783','Aroma restaurant','gujrani bhiwani',NULL,'4010','Cash','22012020220847.jpg','22012020220854.jpg','22012020220905.jpg','22012020220906',1,'2020-01-22 22:09:34'),(28,'','','22-01-2020','Haryana','Bhiwani','Suncity Mall',NULL,'Sunil','Ram lal','lohru road new anaj mandi Bhiwani','9812211482','08-04-1982','Male','865010234571','Krishana mishthan Bhandar','near anaj mandi Bhiwani',NULL,'4015','Cash','22012020221454.jpg','22012020221503.jpg','22012020221519.jpg','22012020221522',1,'2020-01-22 22:15:41'),(29,'','','22-01-2020','Haryana','Bhiwani','SUNCITY Mall',NULL,'Dinesh jain','bhushan Jain','423/2 Ram nagar colony Bhiwani haryana 127021','9312503535','28-04-1977','Male','414969214612','Royal Bakers','Ram nagar colony',NULL,'4017','Cash','22012020225603.jpg','22012020225611.jpg','22012020225626.jpg','22012020225628',1,'2020-01-22 22:56:44'),(30,'','','22-01-2020','Haryana','Bhiwani','SUNCITY Mall',NULL,'Sagar','dinesh kumar','krishna colony chowk 105 a Ashoka colony Bhiwani haryana','8570087003','01-05-1995','Male','823737143756','Om Sweets','Ashoka colony',NULL,'4023','Cash','22012020225932.jpg','22012020225938.jpg','22012020225951.jpg','22012020225953',1,'2020-01-22 23:00:08'),(31,'','','22-01-2020','Haryana','Bhiwani','SUNCITY Mall',NULL,'somender Singh','jile Singh','vpo bambla Distt Bhiwani haryana','9416936596','05-12-1975','','567599661274','milk centre','bambla',NULL,'4022','Cash','22012020230237.jpg','22012020230242.jpg','22012020230301.jpg','22012020230304',1,'2020-01-22 23:03:17'),(32,'','','22-01-2020','Haryana','Bhiwani','SUNCITY Mall',NULL,'tarun Kumar','Dharam chand','krishna colony chowk Bhiwani haryana','9254727200','08-10-1983','Male','343789681633','Komal confecsnory','krishna colony chowk',NULL,'4024','Cash','22012020230714.jpg','22012020230720.jpg','22012020230734.jpg','22012020230736',1,'2020-01-22 23:07:52'),(33,'','','22-01-2020','Haryana','Bhiwani','SUNCITY Mall',NULL,'Gaurav','raj kumar','165/1 Gali no 2 dadari gate Parnami Bhiwani haryana 127021','9728324646','28-09-1990','Male','799093687242','fast food near bus stand shop no 5','near bus stand Bhiwani',NULL,'4025','Cash','22012020231132.jpg','22012020231138.jpg','22012020231149.jpg','22012020231153',1,'2020-01-22 23:12:09'),(34,'','','22-01-2020','Haryana','Bhiwani','SUNCITY Mall',NULL,'raj kumar','kartar chand','h no 165/1 gali no 2 dadri gate Bhiwani haryana','9812801319','08-11-1965','Male','832192928614','tea & colddrink','near bus stand Bhiwani',NULL,'4026','Cash','22012020232339.jpg','22012020232345.jpg','22012020232359.jpg','22012020232401',1,'2020-01-22 23:24:17'),(35,'','','22-01-2020','Haryana','Bhiwani','suncity Mall',NULL,'Hari Narayan','Deena nath','Krishna colony chowk Bhiwani Haryana','9896195939','21-06-1972','Male','884062585541','Hari kiryana Store','near guga Mandir',NULL,'4027','Cash','22012020232823.jpg','22012020232830.jpg','22012020232838.jpg','22012020232839',1,'2020-01-22 23:28:50'),(36,'','','22-01-2020','Haryana','Bhiwani','suncity Mall',NULL,'Sandeep Arora','bulaki Ram','Krishna colony Bhiwani Haryana','9812246996','12-09-1983','Male','337393575271','Bhagwati dairy','Krishna colony Bhiwani',NULL,'4028','Cash','22012020233101.jpg','22012020233104.jpg','22012020233110.jpg','22012020233111',1,'2020-01-22 23:31:22'),(37,'','','22-01-2020','Haryana','Bhiwani','suncity Mall',NULL,'Vijay Kumar','Manohar pal','Krishna colony Bhiwani Haryana','9992629494','22-01-1980','Male','900904021799','star bakery','Krishna colony Bhiwani',NULL,'4029','Cash','22012020233358.jpg','22012020233403.jpg','22012020233409.jpg','22012020233410',1,'2020-01-22 23:34:21'),(38,'','','22-01-2020','Haryana','Bhiwani','suncity Mall',NULL,'Rekha','adrash Kumar','Mall godown road Krishna colony Bhiwani Haryana','9255911582','05-07-1980','Male','960150605102','janaab snacks fast food','Krishna colony Bhiwani',NULL,'4030','Cash','22012020233624.jpg','22012020233628.jpg','22012020233632.jpg','22012020233633',1,'2020-01-22 23:36:45'),(39,'','','22-01-2020','Haryana','Bhiwani','suncity Mall',NULL,'Anil Kumar','nand lal','Adarsh market Hansi gate Bhiwani Haryana','9416437637','24-12-1964','Male','300594548262','janaab bakery','Hansi gate Bhiwani',NULL,'4031','Cash','22012020233914.jpg','22012020233918.jpg','22012020233925.jpg','22012020233927',1,'2020-01-22 23:39:39'),(40,'','','22-01-2020','Haryana','Bhiwani','suncity Mall',NULL,'adrash Kumar','nand Lal','Mall godown road Krishna colony Bhiwani Haryana','9315818858','04-01-1975','Male','972394921900','janaab bakers','Krishna colony Bhiwani',NULL,'4032','Cash','22012020234127.jpg','22012020234132.jpg','22012020234136.jpg','22012020234137',1,'2020-01-22 23:41:48'),(41,'','','22-01-2020','Haryana','Bhiwani','suncity Mall',NULL,'Ram Prasad','Ram lal','Dr Khurana hospital Bhiwani Haryana','9416524323','01-01-1973','Male','643534559999','Jagdamba rasoi','near Dr Khurana hospital',NULL,'4033','Cash','22012020234328.jpg','22012020234331.jpg','22012020234337.jpg','22012020234342',1,'2020-01-22 23:43:56'),(42,'','','22-01-2020','Haryana','Bhiwani','suncity Mall',NULL,'asha Rani','Om Parkash','dadri gate near busting station Bhiwani Haryana','9518194444','26-02-1966','Male','708986023725','madan noodles and bakery','busting station Bhiwani',NULL,'4034','Cash','22012020234615.jpg','22012020234619.jpg','22012020234624.jpg','22012020234626',1,'2020-01-22 23:46:37'),(43,'','','22-01-2020','Haryana','Bhiwani','suncity Mall',NULL,'sandeep','Om parkash','dadri gate near busting station Bhiwani Haryana','9466709299','16-12-1990','','449697646026','Shree Balaji bakers','near busting station Bhiwani',NULL,'4035','Cash','22012020234854.jpg','22012020234858.jpg','22012020234906.jpg','22012020234928',1,'2020-01-22 23:49:39'),(44,'','','22-01-2020','Haryana','Bhiwani','suncity Mall',NULL,'Anand Kumar','Gopi ram','scf 30 HUDA town centre New grain market Bhiwani Haryana','9255115110','24-05-1979','Male','483551270075','Arun Kumar Amit Kumar','New grain market Bhiwani',NULL,'4037','Cash','22012020235242.jpg','22012020235248.jpg','22012020235256.jpg','22012020235257',1,'2020-01-22 23:53:09'),(45,'','','22-01-2020','Haryana','Bhiwani','Sun City Mall',NULL,'Thimbu Hembya','Narayan','2/8 A, Krishna Colony, Bhiwani','9992579854','16-12-1981','Male','720104503067','China Town Fast Food','Krishna Colony, Bhiwani',NULL,'4011','Cash','','','','23012020114757',1,'2020-01-23 11:48:04'),(46,'','','22-01-2020','Haryana','Bhiwani','Sun City Mall',NULL,'Mahavie Prasad','Satyawan','Gali No 4, Loharu Road, Bhiwani','9255181594','14-01-1956','Male','870189578696','Maheshwari General Store','Gali No 4, Loharu road',NULL,'4013','Cash','','','','23012020115537',1,'2020-01-23 11:55:44'),(47,'','','22-01-2020','Haryana','Bhiwani','Sun City Mall',NULL,'Himanshu Juneja','SP Juneja','Krishna colony Chowk, Bhiwani','8409066000','23-01-1982','Male','737099353353','Juneja Mishthan Bhandar','Krishna colony Chowk, Bhiwani',NULL,'4014','Cash','','','','23012020120024',1,'2020-01-23 12:00:30'),(48,'','','22-01-2020','Haryana','Bhiwani','Sun City Mall',NULL,'Anil Kumar','Sohan Lal','169/8 Krishna colony,  Bhiwani','9416161542','11-03-1982','Male','893525534428','Balaji Ki Rasoi','Krishna colony Chowk',NULL,'4016','Cash','','','','23012020121058',1,'2020-01-23 12:11:05'),(49,'','','22-01-2020','Haryana','Bhiwani','suncity Mall',NULL,'Praveen mittal','Sanjay Mittal','Hanuman Dhani Bhiwani','7027510964','01-02-1995','Male','507188329752','Mittal kiryana Store','Rohtak road Bhiwani',NULL,'2524','Cash','23012020155338.jpg','23012020155345.jpg','23012020155352.jpg','23012020155353',1,'2020-01-23 15:54:16'),(50,'','','23-01-2020','Haryana','Bhiwani','sabzi Mandi Bhiwani',NULL,'Sanjay Kumar','jaisa ram','House no50/8 mohalla ram ganj Bhiwani','9812021178','01-02-1972','Male','454126317372','sanjay kumar Ashwani Kumar','21sabzi Mandi Bhiwani',NULL,'2521','Cash','23012020155820.jpg','23012020155839.jpg','23012020155849.jpg','23012020155851',1,'2020-01-23 15:59:18'),(51,'','','23-01-2020','Haryana','Bhiwani','sabzi Mandi Bhiwani',NULL,'Tarun kumar','Mr.Din dayal','sector 13  House 1485','9518541111','13-02-1993','Male','647103355807','Roop chand om parkash','shop no 22 new  sabzi mandi',NULL,'2529','Cash','23012020161213.jpg','23012020161225.jpg','23012020161237.jpg','23012020161857',1,'2020-01-23 16:19:53'),(52,'','','22-01-2020','Haryana','Bhiwani','suncity Mall',NULL,'Lokesh Mehta','Parmanand Mehta','Kamala Nagar near Krishan parnami Mandir Bhiwani Haryana','9896059419','28-08-1978','Male','258227238347','Lucky trading company','shop no 10 main gate sabzi Mandi',NULL,'2536','Cash','23012020163537.jpg','23012020163550.jpg','23012020163557.jpg','23012020163558',1,'2020-01-23 16:36:26'),(53,'','','23-01-2020','Haryana','Bhiwani','sabzi Mandi',NULL,'Ashok Kumar','Bhawani dass','Bajrang Bali colony ward no 7house no 247a Bhiwani Haryana 127021','7988875518','01-06-1960','Male','477385032163','Kataria kiryana Store','Bhiwani',NULL,'2538','Cash','23012020201327.jpg','23012020201338.jpg','23012020201345.jpg','23012020201346',1,'2020-01-23 20:14:04'),(54,'','','23-01-2020','Haryana','Bhiwani','sabzi Mandi',NULL,'Anil Kumar','jiwan das','H no 58/1 near hanuman mandir jain Chowk Tailwara bhiwani haryana','9996473848','06-08-1969','Male','919007944557','Anil Kumar patisa wala','bhiwani',NULL,'2540','Cash','23012020201824.jpg','23012020201859.jpg','23012020201928.jpg','23012020201930',1,'2020-01-23 20:19:45'),(55,'','','23-01-2020','Haryana','Bhiwani','sabzi Mandi Bhiwani',NULL,'Om prakash','dittu Ram','H no 256 ward13 near tank Bhiwani','9255143508','29-05-1955','Male','616884039914','Mehta and sons','do',NULL,'2538','Cash','23012020201515.jpg','23012020201524.jpg','23012020201823.jpg','23012020201938',1,'2020-01-23 20:19:53'),(56,'','','23-01-2020','Haryana','Bhiwani','sabzi Mandi',NULL,'harish kumar','Gopal das','pipal wali gali jain Chowk Tailwara bhiwani haryana','9896551577','17-03-1977','Male','343148519653','Raj ji Gopal ji Conf-','bhiwani',NULL,'2537','Cash','23012020202319.jpg','23012020202332.jpg','23012020202345.jpg','23012020202346',1,'2020-01-23 20:24:00'),(57,'','','23-01-2020','Haryana','Bhiwani','sabzi Mandi Bhiwani',NULL,'rakesh aroda','madan lal','Purana housing colony Bhiwani haryana','9253753142','12-06-1968','Male','5716565530895','rakesh karyana store','purana housing colony Bhiwani',NULL,'2535','Cash','23012020202118.jpg','23012020202127.jpg','23012020202138.jpg','23012020202842',1,'2020-01-23 20:28:58'),(58,'','','23-01-2020','Haryana','Bhiwani','sabzi Mandi',NULL,'ashwani Kumar','Gopal dass','H no 433/2 pipal wali gali jain Chowk Tailwara bhiwani haryana','9253753115','16-03-1972','Male','990056810504','Chaudhry conf-','bhiwani',NULL,'2534','Cash','23012020202819.jpg','23012020202829.jpg','23012020202846.jpg','23012020203009',1,'2020-01-23 20:30:20'),(59,'','','23-01-2020','Haryana','Bhiwani','sabzi Mandi Bhiwani',NULL,'Neeraj','Parma Nand','H no 3 Kamla Nagar Bhiwani haryana','9729000419','29-01-1983','Male','256189495091','do','karyana store',NULL,'2533','Cash','23012020203433.jpg','23012020203441.jpg','23012020203449.jpg','23012020203522',1,'2020-01-23 20:35:40'),(60,'','','23-01-2020','Haryana','Bhiwani','sabzi Mandi',NULL,'tushar','Ashok Kumar','House 112/23 bhatia bhawan btm Chowk bhiwani haryana','9991666694','24-08-1994','Male','865396727320','ashok barfi peda bhandar','main gate bhiwani',NULL,'2531','Cash','23012020203509.jpg','23012020203521.jpg','23012020203534.jpg','23012020203536',1,'2020-01-23 20:35:51'),(61,'','','23-01-2020','Haryana','Bhiwani','sabzi Mandi',NULL,'Krishan Kumar','Dev Raj','kumharo ki gali near dadri gate H no 183 Bhiwani Haryana','9255410101','03-02-1971','Male','850668030710','Krishan Kumar','main dadri gate',NULL,'2532','Cash','23012020204232.jpg','23012020204243.jpg','23012020204254.jpg','23012020204255',1,'2020-01-23 20:43:06'),(62,'','','23-01-2020','Haryana','Bhiwani','sabzi Mandi Bhiwani',NULL,'Hardayal','ram ditta','25/13 teliwada Jain chowk Bhiwani haryana','9466525928','01-01-1965','Male','503780400019','Mehta karyana store sabzi Mandi Bhiwani','same',NULL,'2528','Cash','23012020204516.jpg','23012020204525.jpg','23012020204535.jpg','23012020204537',1,'2020-01-23 20:45:52'),(63,'','','23-01-2020','Haryana','Bhiwani','sabzi Mandi',NULL,'Bharat Bhushan kathuria','mool Chand kathuria','H no 2032 sector 13 HUDA Bhiwani Haryana','9255540969','31-12-1959','Male','697428293959','Om bakery','Bhiwani',NULL,'2507','Cash','23012020204617.jpg','23012020204624.jpg','23012020204636.jpg','23012020204637',1,'2020-01-23 20:46:48'),(64,'','','23-01-2020','Haryana','Bhiwani','sabzi Mandi',NULL,'Rajender singh','balu ram','H no 1042 New Bharat Nagar Bhiwani Haryana 127021','9812539042','01-01-1982','Male','854799751697','rejender Halwai','Bhiwani',NULL,'2525','Cash','23012020204900.jpg','23012020204907.jpg','23012020204914.jpg','23012020204915',1,'2020-01-23 20:49:26'),(65,'','','23-01-2020','Haryana','Bhiwani','sabzi Mandi',NULL,'Anand','bas dev','Hanuman Dhani Bhiwani Haryana','8930278091','01-01-1974','Male','503776395767','Raj Anand kiryana Store','Bhiwani',NULL,'2523','Cash','23012020205120.jpg','23012020205133.jpg','23012020205146.jpg','23012020205147',1,'2020-01-23 20:51:58'),(66,'','','23-01-2020','Haryana','Bhiwani','sabzi Mandi',NULL,'Ramesh chand','Shyam Lal','Bazari chuhar Singh ki Bhiwani Haryana','9876545623','23-06-1959','Male','951815383537','Ramesh general store','Bhiwani',NULL,'2526','Cash','23012020205509.jpg','23012020205518.jpg','23012020205528.jpg','23012020205635',1,'2020-01-23 20:56:53'),(67,'','','23-01-2020','Haryana','Bhiwani','sabzi Mandi',NULL,'Krishnan Kumar','bashu dev','badi mohalla bhiwani','7988587141','01-11-1974','Male','871305586800','Krishna kiryana store','bhiwani',NULL,'2522','Cash','23012020205854.jpg','23012020205902.jpg','23012020205911.jpg','23012020205915',1,'2020-01-23 20:59:29'),(68,'','','23-01-2020','Haryana','Bhiwani','sabzi Mandi',NULL,'jai bhagwan','parkash','Kumharoon ka mohalla hanuman gate bhiwani haryana','9812071685','01-01-1985','Male','984515826564','Dev namkeen','Jain Chowk',NULL,'2530','Cash','23012020210152.jpg','23012020210207.jpg','23012020210221.jpg','23012020210222',1,'2020-01-23 21:02:35'),(69,'','','23-01-2020','Haryana','Bhiwani','sabzi Mandi',NULL,'Gopal','ramesh garg','H no 63 ghur Singh ki bazari halu bazar bhiwani haryana','9034527997','23-10-1987','Male','426287262588','Halwasiya conf-','bhiwani',NULL,'2527','Cash','23012020210530.jpg','23012020210546.jpg','23012020210555.jpg','23012020210555',1,'2020-01-23 21:06:08'),(70,'','','23-01-2020','Jharkhand','Giridih','SDO RESIDENTS GOPNIYE BRANCH',NULL,'Vikash Gupta','Birendra Prasad','','9431337250','23-01-2020','Male','446359501173','R. P. Agro India','Shankar Chak, Sihodih, district- Giridih, Jharkhand, Pin-815302',NULL,'401','Cash','','','','23012020215844',1,'2020-01-23 21:58:52'),(71,'','','23-01-2020','Jharkhand','Giridih','SDO RESIDENTS GOPNIYE BRANCH',NULL,'Sanjeev Kumar','Shiv Kumar Prasad','','7004400547','01-01-1993','Male','624507385046','Garden View Residency','Shiv mohhala, R. S. Complex main road Giridih, PS- Giridih Safar, district- Giridih, Pin code- 815301',NULL,'402','Cash','','','','23012020220715',1,'2020-01-23 22:07:21'),(72,'','','23-01-2020','Haryana','Bhiwani','sabzi Mandi',NULL,'Dinesh','gulab chand','old bus station Naya bazar bhiwani haryana','7404307225','18-10-1994','Male','968414185268','nek ram and sons','near old bus stand',NULL,'2520','Cash','23012020211005.jpg','23012020211017.jpg','23012020211029.jpg','23012020221817',1,'2020-01-23 22:18:34'),(73,'','','23-01-2020','Jharkhand','Giridih','SDO RESIDENTS GOPNIYE BRANCH',NULL,'SUDHA RANJAN KUMAR','RAMASHRAY SINGH','','7584874867','25-05-1993','Male','516382779082','Trilok Associate','Near naya pool, opp bank of India, Giridih, Jharkhand,Pin -815302',NULL,'403','Cash','','','','23012020221834',1,'2020-01-23 22:18:41'),(74,'','','23-01-2020','Haryana','Bhiwani','sabzi Mandi',NULL,'ramesh chand','shyam lal','bazari chur Singh ki bhiwani haryana','9856231526','23-06-1959','Male','951815383537','ramesh general store','bhiwani',NULL,'2526','Cash','23012020222219.jpg','23012020222228.jpg','23012020222236.jpg','23012020222237',1,'2020-01-23 22:22:59'),(75,'','','23-01-2020','Haryana','Bhiwani','sabzi Mandi',NULL,'Dharmender','shyam bihari','old bus stand road bhiwani haryana','8708885750','17-02-1985','Male','754199482124','shyam baba conf','bhiwani',NULL,'2519','Cash','23012020222515.jpg','23012020222523.jpg','23012020222534.jpg','23012020222535',1,'2020-01-23 22:25:49'),(76,'','','23-01-2020','Haryana','Bhiwani','sabzi Mandi',NULL,'one parkash Yadav','Bisambhar dayal','old bus stand bhiwani haryana','9416342398','20-03-1964','Male','337870068490','Yadav kairana store','bhiwani',NULL,'2517','Cash','23012020222845.jpg','23012020222850.jpg','23012020222905.jpg','23012020222906',1,'2020-01-23 22:29:21'),(77,'','','23-01-2020','Haryana','Bhiwani','sabzi Mandi',NULL,'subhas chand','dharam chand','M 14 near gayatri school bharat nagar bhiwani haryana','8816910315','27-07-1961','Male','592813871371','subhas dairy','bhiwani',NULL,'2516','Cash','','','','23012020223114',1,'2020-01-23 22:31:21'),(78,'','','23-01-2020','Haryana','Bhiwani','sabzi Mandi',NULL,'rajender Kumar','paramanand','H no 41 mc colony rohtak road bhiwani haryana','9812977786','17-10-1959','Male','714785161887','rajender Kumar and sons','bhiwani',NULL,'2515','Cash','','','','23012020223328',1,'2020-01-23 22:33:35'),(79,'','','23-01-2020','Haryana','Bhiwani','sabzi Mandi',NULL,'Wazir chand','Lakshmi Chand','c 54 new Bharat Nagar Bhiwani Haryana','9466673966','17-03-1968','Male','755008513360','Bhardwaj kiryana Store','Rohtak road Bhiwani',NULL,'2514','Cash','','','','23012020223720',1,'2020-01-23 22:37:27'),(80,'','','23-01-2020','Haryana','Bhiwani','sabzi Mandi',NULL,'Bharat lal','ganeshi lal','Near Bharat Gas agency Bhiwani Haryana','9416078166','05-01-1959','Male','658175765153','Vashisth ji Namkeen Bhandar','Bhiwani',NULL,'2518','Cash','','','','23012020224112',1,'2020-01-23 22:41:19'),(81,'','','23-01-2020','Haryana','Bhiwani','sabzi Mandi',NULL,'Ashok Kumar','Chander Singh','H no 1083 New Bharat Nagar Bhiwani Haryana','9671405267','01-01-1981','Male','424937174376','Ashok Halwai','Bhiwani',NULL,'2513','Cash','','','','23012020224300',1,'2020-01-23 22:43:07'),(82,'','','23-01-2020','Haryana','Bhiwani','sabzi Mandi',NULL,'Shankar Garg','om Parkash garg','kumharo ki gali lohar bazar 11 halta Bhiwani Haryana','9215580578','11-08-1972','Male','946896161519','Ritik kiryana Store','Rohtak road Bhiwani',NULL,'2511','Cash','','','','23012020224507',1,'2020-01-23 22:45:15'),(83,'','','23-01-2020','Haryana','Bhiwani','sabzi Mandi',NULL,'Harshad','Ashok Kumar','H no 408 Jain chowk taliwara Bhiwani Haryana','8950812662','14-06-1995','Male','792240972167','Harshad kiryana Store','Bhiwani',NULL,'2512','Cash','','','','23012020224711',1,'2020-01-23 22:47:18'),(84,'','','23-01-2020','Haryana','Bhiwani','sabzi Mandi',NULL,'Mukesh','Chander Bhan','H no 184 near Shiv Mandir taliwara Bhiwani Haryana','9812264282','30-01-1975','Male','252605122948','Mukesh Halwai','',NULL,'2510','Cash','','','','23012020224853',1,'2020-01-23 22:49:01'),(85,'','','23-01-2020','Haryana','Bhiwani','sabzi Mandi',NULL,'Anurag Tanwar','Jitender Singh','Nehru road taiyan pana Bhiwani Haryana','9315461182','01-10-1981','Male','537052237091','Om mishthan Bhandar','Bhiwani',NULL,'2509','Cash','','','','23012020225058',1,'2020-01-23 22:51:06'),(86,'','','23-01-2020','Haryana','Bhiwani','sabzi Mandi',NULL,'Raj Kumar','Lal Chand','H no 19 mc colony Bhiwani Haryana','9812596018','01-04-1965','Male','807188193458','Bala ji copy house','Bhiwani',NULL,'2508','Cash','','','','23012020225245',1,'2020-01-23 22:52:53'),(87,'','','23-01-2020','Haryana','Bhiwani','sabzi Mandi',NULL,'Sanjay Kumar','Hukum Chand','H no 34 mc colony Bhiwani Haryana','9034469682','21-02-1969','Male','974310192376','Arora kiryana Store','Rohtak road Bhiwani',NULL,'2506','Cash','','','','23012020225431',1,'2020-01-23 22:54:38'),(88,'','','23-01-2020','Haryana','Bhiwani','sabzi Mandi',NULL,'Ver Parkash','Ram phal','H no 1101 Hanuman gate Pipli wali Johri Bhiwani Haryana','9856231522','03-03-1966','Male','554937014125','Jai durgay mishthan Bhandar','Bhiwani',NULL,'2505','Cash','','','','23012020225703',1,'2020-01-23 22:57:11'),(89,'','','23-01-2020','Haryana','Bhiwani','sabzi Mandi',NULL,'Anil Kumar','Prahlad Ram','scf 67 Rohtak gate Bhiwani Haryana','9255411399','09-01-1969','Male','785403680689','Anil kiryana Store','Bhiwani',NULL,'2504','Cash','','','','23012020225939',1,'2020-01-23 22:59:46'),(90,'','','23-01-2020','Haryana','Bhiwani','sabzi Mandi',NULL,'Anmol Kataria','Satish Kataria','258/8 Krishna colony Bhiwani Haryana','8950818868','01-10-1994','Male','484088631678','Haryana trading company','Bhiwani',NULL,'2503','Cash','','','','23012020230128',1,'2020-01-23 23:01:36'),(91,'','','23-01-2020','Haryana','Bhiwani','sabzi Mandi',NULL,'Krishan Kumar','lekh Raj','H no 230/4 Krishna colony Bhiwani Haryana','9812428284','19-11-1977','Male','318156581310','GFC A VEG AND NON VEG POINT','rinod gate',NULL,'2501','Cash','','','','23012020230346',1,'2020-01-23 23:03:53'),(92,'','','23-01-2020','Haryana','Bhiwani','sabzi Mandi',NULL,'Sunil Kumar','lilu Kumar','H no 2046 sector 13 Bhiwani Haryana','9467290628','05-07-1978','Male','634275629013','savariyan kiryana Store','Rohtak road Bhiwani',NULL,'2502','Cash','','','','23012020230546',1,'2020-01-23 23:05:53'),(93,'','','24-01-2020','Haryana','Bhiwani','Agarsain Bhawan  jhawar chowk Bhiwani',NULL,'Sanjay Aggarwal','sajjan kumar','Rajendra Gali ghoshiyan chowk Bhiwani haryana','9215244920','30-05-1979','Male','918594468477','shankar lal sanjay kumar','same',NULL,'2101','Cash','24012020134017.jpg','24012020134029.jpg','24012020134042.jpg','24012020134228',1,'2020-01-24 13:42:45'),(94,'','','24-01-2020','Haryana','Bhiwani','Agarsain Bhawan Bhiwani',NULL,'Rajender Kumar','Milkhi Ram','near Gayatri school Bharat Nagar Bhiwani Haryana 127021','9813117600','09-01-1965','Male','391041290648','Milkhi Ram kiryana Store','meham gate opp jalan eye hospital Bhiwani',NULL,'2105','Cash','24012020151624.jpg','24012020151633.jpg','24012020151641.jpg','24012020151643',1,'2020-01-24 15:19:01'),(95,'','','24-01-2020','Haryana','Bhiwani','Agarsain Bhawan  jhawar chowk Bhiwani',NULL,'shri chand','sh Nathu ram','Gali no6 Kant road near pRgait high school Shanti Nagar Bhiwani haryana','8950294479','07-12-1989','Male','291700124770','shri chand Namkeen Bhandar dadari gate Bhiwani','same',NULL,'2103','Cash','','','','24012020181237',1,'2020-01-24 18:12:45'),(96,'','','24-01-2020','Haryana','Bhiwani','Agarsain Bhawan  jhawar chowk Bhiwani',NULL,'Pritam kumar','trilok chand','191/4 krishna colony Bhiwani haryana','9255837420','24-07-1972','Male','234800710097','Mamta gen store','purani anaj mandi bhiwani',NULL,'2102','Cash','','','','24012020181858',1,'2020-01-24 18:19:06'),(97,'','','24-01-2020','Haryana','Bhiwani','Agarsain Bhawan  jhawar chowk Bhiwani',NULL,'suresh kumar','narayan Dass','h.no 191/4 krishna colony Bhiwani haryana','9896529207','08-10-1974','Male','219232221760','vijay trading co purani anaj mandi','Bhiwani haryana',NULL,'2600','Cash','','','','24012020182607',1,'2020-01-24 18:26:16'),(98,'','','24-01-2020','Haryana','Bhiwani','Agarsain Bhawan  jhawar chowk Bhiwani',NULL,'muneb','hari narayan','Kochi colony Bhiwani haryana','8168900951','01-01-1982','Male','573684658113','gupta burger center krishna colony Bhiwani haryana','same',NULL,'2599','Cash','','','','24012020183149',1,'2020-01-24 18:31:57'),(99,'','','24-01-2020','Haryana','Bhiwani','Agarsain Bhawan  jhawar chowk Bhiwani',NULL,'yogender sharma','Hari ram sharma','halu bazar Bhiwani haryana','9896677370','19-08-1957','Male','527801769634','sedh Mal Hari Ram','same',NULL,'2598','Cash','24012020183411.jpg','','','24012020183825',1,'2020-01-24 18:38:38'),(100,'','','24-01-2020','Haryana','Bhiwani','Agarsain Bhawan  jhawar chowk Bhiwani',NULL,'sunil kumar bansal','ramu mal Bansal','halu bazar purani anaj  Mandi  Bhiwani haryana','9416594165','27-07-1974','Male','799998530562','sunil Bansal tea company','Bhiwani haryana',NULL,'2597','Cash','','','','24012020192949',1,'2020-01-24 19:29:57'),(101,'','','24-01-2020','Haryana','Bhiwani','Agarsain Bhawan  jhawar chowk Bhiwani',NULL,'Hari chand','topan dass','h no9 jawahar Nagar Bhiwani haryana','9416739229','29-08-1955','Male','264744940208','khandu Ram topan Dass jain chowk','Bhiwani haryana',NULL,'2596','Cash','24012020193437.jpg','','','24012020193438',1,'2020-01-24 19:34:53'),(102,'','','23-01-2020','Jharkhand','Giridih','SDO RESIDENTS GOPNIYE BRANCH',NULL,'Sumit Kumar Jhunjhunwala','Kishan Jhunjhunwala','','7004237318','12-06-1991','Male','967758338597','Surya Enterprises','INS Road Near Children park, Giridih, 815301',NULL,'404','Cash','','','','24012020194855',1,'2020-01-24 19:49:06'),(103,'','','23-01-2020','Jharkhand','Giridih','SDO RESIDENTS GOPNIYE BRANCH',NULL,'Sitesh Giri','Ram Dev Giri','','8709641516','08-07-1980','Male','800833686111','Hotel Vrindavan Palace','Sai Dham Marg, Beside Savers Chitra Mandir, Giridih, 815301',NULL,'405','Cash','','','','24012020195704',1,'2020-01-24 19:57:12'),(104,'','','23-01-2020','Jharkhand','Giridih','SDO RESIDENTS GOPNIYE BRANCH',NULL,'Abhishek Kumar','Arvind Kumar','','6207795609','20-07-1996','Male','398629310431','Hotel Ashoka International','Krishna Nagar, Giridih, 815301',NULL,'406','Cash','','','','24012020200038',1,'2020-01-24 20:00:46'),(105,'','','23-01-2020','Jharkhand','Giridih','SDO RESIDENTS GOPNIYE BRANCH',NULL,'Maninder Singh','S. Charanjeet Singh','','7488119826','04-08-1976','Male','981334245088','Mahi Enterprises','B.B.C. Road, opp Ajad Hind Colony, Giridih, 815301',NULL,'407','Cash','','','','24012020200742',1,'2020-01-24 20:07:50'),(106,'','','23-01-2020','Jharkhand','Giridih','SDO RESIDENTS GOPNIYE BRANCH',NULL,'Charanjeet Singh','late. Karnal Singh','','8294196557','01-05-1951','Male','335625855967','Taran Enterprises','B.B.C. Road, Beside income tax office, Giridih, 815301',NULL,'408','Cash','','','','24012020201715',1,'2020-01-24 20:17:23'),(107,'','','24-01-2020','Haryana','Bhiwani','Agarsain Bhawan  jhawar chowk Bhiwani',NULL,'krishna kumar','sh Govind ram','h.no 449 gali no2 patram gate Bhiwani haryana','9896937938','26-08-1959','Male','718073302234','krishna confecsnory','same',NULL,'2595','Cash','','','','24012020202318',1,'2020-01-24 20:23:27'),(108,'','','23-01-2020','Jharkhand','Giridih','SDO RESIDENTS GOPNIYE BRANCH',NULL,'Praveen Kumar Baranwal','Shukdeo Prasad Baranwal','','9386596930','15-01-1976','Male','324752377872','Harsh Enterprises','Makatpur, Arghaghat Road, Giridih, 815301',NULL,'409','Cash','','','','24012020202412',1,'2020-01-24 20:24:20'),(109,'','','23-01-2020','Jharkhand','Giridih','SDO RESIDENTS GOPNIYE BRANCH',NULL,'Simmi Devi','Kapildeo Baranwal','','6204176761','03-10-1983','Female','831040432025','Jai Mata Di Enterprises','Makatpur, Arghaghat Road, Giridih,815301',NULL,'410','Cash','','','','25012020071522',1,'2020-01-25 07:15:30'),(110,'','','23-01-2020','Jharkhand','Giridih','SDO RESIDENTS GOPNIYE BRANCH',NULL,'Rajesh Khandelwal','Santosh Khandelwal','','6200834723','02-03-1985','Male','488095909294','Kanhaiya Traders','Trivedi road, Near opp TVS Showroom, Giridih,815301',NULL,'411','Cash','','','','25012020072706',1,'2020-01-25 07:27:25'),(111,'','','23-01-2020','Jharkhand','Giridih','SDO RESIDENTS GOPNIYE BRANCH',NULL,'Ghanshyam Khandelwal','Santosh Khandelwal','','6204856104','05-11-1989','Male','830494898148','Gouri traders','Trivedi road, Near opp TVS Showroom, Giridih,',NULL,'412','Cash','','','','25012020073523',1,'2020-01-25 07:35:31'),(112,'','','23-01-2020','Jharkhand','Giridih','SDO RESIDENTS GOPNIYE BRANCH',NULL,'Praveen Kumar Sinha','Late Nityanand Sinha','','9507712300','16-07-1972','Male','439676048577','Utsav Mistan Bhandar','Kali Manda road, Darjee Mohalla, Giridih,815301',NULL,'413','Cash','','','','25012020074720',1,'2020-01-25 07:47:29'),(113,'','','23-01-2020','Jharkhand','Giridih','SDO RESIDENTS GOPNIYE BRANCH',NULL,'Rohit Kumar Bhudolia','Gobind Prasad Bhudolia','','7250809211','09-01-1976','Male','483866520943','Aditya sales','Kutiya Road, Giridih Sadar, Giridih, 815301',NULL,'415','Cash','','','','25012020075913',1,'2020-01-25 07:59:21'),(114,'','','23-01-2020','Jharkhand','Giridih','SDO RESIDENTS GOPNIYE BRANCH',NULL,'Amit Tulsyan','Late Vijay Tulsyan','','9835128822','20-12-1976','Male','637189814476','Varun Enterprises','Tundi Road, Giridih, 815301',NULL,'416','Cash','','','','25012020080730',1,'2020-01-25 08:07:39'),(115,'','','23-01-2020','Jharkhand','Giridih','SDO RESIDENTS GOPNIYE BRANCH',NULL,'Mukesh Kumar Jalan','late Sajjan Kumar Jalan','','9431152378','05-03-1975','Male','639501932281','Anil Industries','Harsingraidih, Giridih, 815301',NULL,'417','Cash','','','','25012020081549',1,'2020-01-25 08:15:58'),(116,'','','23-01-2020','Jharkhand','Giridih','SDO RESIDENTS GOPNIYE BRANCH',NULL,'Manoj Kumar Tulsyan','late Chataronj Tulsyan','','9234952352','01-04-1964','Male','432099682957','Giridih Medical Hall','Tundi Road, Giridih,815301',NULL,'418','Cash','','','','25012020082442',1,'2020-01-25 08:24:50'),(117,'','','23-01-2020','Jharkhand','Giridih','SDO RESIDENTS GOPNIYE BRANCH',NULL,'Uttam Kumar Agarwal','Jagdish Prasad Agarwal','','9431156441','01-01-1970','Male','212472790427','Shree Sati Trading','C-5 Industrial area, Sihodih Giridih, Giridih, 815301',NULL,'419','Cash','','','','25012020083243',1,'2020-01-25 08:32:52'),(118,'','','23-01-2020','Jharkhand','Giridih','SDO RESIDENTS GOPNIYE BRANCH',NULL,'Punit Kumar Agarwal','Sajjan Kumar Agarwal','','9835791220','01-01-1985','Male','573075460631','Shree Bajrang Oil Mills','I.C.R. Road, Giridih, Giridih Sadar, Giridih, 815301',NULL,'420','Cash','','','','25012020083955',1,'2020-01-25 08:40:04'),(119,'','','23-01-2020','Jharkhand','Giridih','SDO RESIDENTS GOPNIYE BRANCH',NULL,'Rahul Nath','Late K. N. Sahay','','6204010654','15-12-1978','Male','913590021284','Rahul Enterprises','Arghaghat Road, Giridih,815301',NULL,'421','Cash','','','','25012020084639',1,'2020-01-25 08:46:50'),(120,'','','23-01-2020','Jharkhand','Giridih','SDO RESIDENTS GOPNIYE BRANCH',NULL,'MD. Imtiyaz','MD Baso Miyan','','8877388884','01-01-1980','Male','816756494405','The Orbit Retreat','IMS Road, Giridih, 815301',NULL,'422','Cash','','','','25012020085241',1,'2020-01-25 08:53:01'),(121,'','','23-01-2020','Jharkhand','Giridih','SDO RESIDENTS GOPNIYE BRANCH',NULL,'Om Prakash Baidya','Late Satya Narayan Baidya','','8800282264','01-04-1963','Male','773278753329','Om Dolmoth Industries','High School road,Pachamba, Giridih, 815301',NULL,'423','Cash','','','','25012020090006',1,'2020-01-25 09:00:15'),(122,'','','23-01-2020','Jharkhand','Giridih','SDO RESIDENTS GOPNIYE BRANCH',NULL,'Rajan Kumar Sahu','Dinesh Prasad Sahu','','8271831234','10-05-1994','Male','293567407587','Rajan Communication','B.B.C Road, Post- Giridih, District-Giridih, 815301',NULL,'424','Cash','','','','25012020090557',1,'2020-01-25 09:06:11'),(123,'','','23-01-2020','Jharkhand','Giridih','SDO RESIDENTS GOPNIYE BRANCH',NULL,'Chunnu Kumar Chowdhary','Lalan Chowdhary','','7979003876','05-02-1982','Male','332235917547','Bihar state warehousing corporation','Pachamba Road Bisanpur Bazar Samiti campus, Giridih, 815301',NULL,'425','Cash','','','','25012020091416',1,'2020-01-25 09:14:26'),(124,'','','23-01-2020','Jharkhand','Giridih','SDO RESIDENTS GOPNIYE BRANCH',NULL,'Sandeep Kumar Nemani','late Kali Charan Nemani','','9431167448','21-09-1974','Male','446157009574','K.C. Nemani','Station Road, Giridih, 815301',NULL,'426','Cash','','','','25012020092227',1,'2020-01-25 09:22:35'),(125,'','','23-01-2020','Jharkhand','Giridih','SDO RESIDENTS GOPNIYE BRANCH',NULL,'Gopal Kumar','Radhe Shyam Ram','','9431144503','01-09-1968','Male','634488444241','Ram Murat Agency','Bulaki Road, Giridih, 815301',NULL,'427','Cash','','','','25012020092814',1,'2020-01-25 09:28:24'),(126,'','','23-01-2020','Jharkhand','Giridih','SDO RESIDENTS GOPNIYE BRANCH',NULL,'Manoj Kumar Goyal','Pyarelal Goyal','','9430365098','01-01-1971','Male','297361497189','Baba Store','Tundi Road, Giridih, 815301',NULL,'428','Cash','','','','25012020093333',1,'2020-01-25 09:33:42'),(127,'','','23-01-2020','Jharkhand','Giridih','SDO RESIDENTS GOPNIYE BRANCH',NULL,'Umesh Kumar Singh','Late Kashi Singh','','9931267977','04-05-1965','Male','891589207711','Umesh Kumar Singh','Mangrodih, post-Dandidih, District- Giridih, 815301',NULL,'429','Cash','','','','25012020094054',1,'2020-01-25 09:41:03'),(128,'','','23-01-2020','Jharkhand','Giridih','SDO RESIDENTS GOPNIYE BRANCH',NULL,'Ankush Basaiwala','Suresh Basaiwala','','7979838305','01-01-1989','Male','276520649701','Shree Sai Traders','Tiranga Chowk, Tundi Road, Giridih, 815301',NULL,'430','Cash','','','','25012020104237',1,'2020-01-25 10:42:45'),(129,'','','23-01-2020','Jharkhand','Giridih','SDO RESIDENTS GOPNIYE BRANCH',NULL,'Narendra Kumar Jain','Late Suraj Mul Jain','','9431144250','12-01-1959','Male','339317432237','Shreyans Traders','Buxidih Road, Near UCO Bank, post - Giridih, District - Giridih, 815301',NULL,'430','Cash','','','','25012020105830',1,'2020-01-25 10:58:39'),(130,'','','24-01-2020','Haryana','Bhiwani','Agarsain Bhawan Bhiwani',NULL,'prince','Krishan grewal','dadri gate kount road gali no 3 Bhiwani Haryana','9050007479','04-12-1992','Male','461581617630','prince dairy','Bhiwani',NULL,'2117','Cash','','','','25012020212835',1,'2020-01-25 21:28:46'),(131,'','','24-01-2020','Haryana','Bhiwani','Agarsen bhawan bhiwani',NULL,'Krishan Kumar','Hari Chand','jain chowk near high school bhiwani','9812262584','22-10-1969','Male','595048806907','Krishna general store','bhiwani',NULL,'2541','Cash','','','','25012020213838',1,'2020-01-25 21:38:49'),(132,'','','24-01-2020','Haryana','Bhiwani','Agarsen bhawan bhiwani',NULL,'Ravi Kuma','Radhey Shyam','Jain chowk near high school bhiwani','9215405800','22-01-1982','Male','431699095942','Bhagwan Dass Krishna Kumar','Bhiwani',NULL,'2541','Cash','','','','25012020214230',1,'2020-01-25 21:42:40'),(133,'','','24-01-2020','Haryana','Bhiwani','Agarsain Bhawan Bhiwani',NULL,'Sunil Sharma','jai Parkash','patram gate padav mohalla gali no 2 Bhiwani Haryana','8053151919','04-04-1992','Male','890751111832','munnalal Halwai','Bhiwani',NULL,'2106','Cash','','','','25012020214459',1,'2020-01-25 21:45:14'),(134,'','','24-01-2020','Haryana','Bhiwani','Agarsen bhawan bhiwani',NULL,'Ved Prakash','Madan Lal','jain chowk Kim high school bhawani','9255540375','25-12-1964','Male','593414167757','New Subhash Di hatti','bhawani',NULL,'2543','Cash','','','','25012020214556',1,'2020-01-25 21:46:06'),(135,'','','24-01-2020','Haryana','Bhiwani','Agarsain Bhawan Bhiwani',NULL,'Bal kishan','Bajrang Lal','somari mata lohar bazar Bhiwani Haryana','8199050202','18-02-1964','Male','872231924520','Rahul agency','Bhiwani',NULL,'2594','Cash','','','','25012020214650',1,'2020-01-25 21:46:59'),(136,'','','24-01-2020','Haryana','Bhiwani','Agarsain Bhawan Bhiwani',NULL,'Vishnu Kumar','Seeta ram','H no 614/3 old anaz Mandi gali bazar Bhiwani Haryana','9812112408','21-10-1972','Male','320538261707','Sita Ram Vishnu Kumar Ghee wale','old anaz Mandi Bhiwani',NULL,'2593','Cash','','','','25012020214913',1,'2020-01-25 21:49:22'),(137,'','','24-01-2020','Haryana','Bhiwani','Agarsen bhawan bhiwani',NULL,'Shiv Kumar Tayal','Laxmi Chand Tayal','shop no.7 Gaushala market bhiwani','9729728728','14-09-1959','Male','621600293073','Shiv desi ghee store','bhiwani',NULL,'2568','Cash','','','','25012020214941',1,'2020-01-25 21:49:51'),(138,'','','24-01-2020','Haryana','Bhiwani','Agarsain Bhawan Bhiwani',NULL,'Naresh Kumar','karthar singh','all mal gali Naya bazar Bhiwani Haryana','9896922300','15-10-1980','Male','689388428845','Naresh agency wholsellar','Bhiwani',NULL,'2592','Cash','','','','25012020215133',1,'2020-01-25 21:51:43'),(139,'','','24-01-2020','Haryana','Bhiwani','Agarsen bhawan bhiwani',NULL,'Sanjay Luthra','Brij Luthra','c 58 Dakotan gali jain chowk bhiwani','9813727361','01-12-1970','Male','687182983327','Sanjay store','jain chowk bhiwani',NULL,'2545','Cash','','','','25012020215402',1,'2020-01-25 21:54:11'),(140,'','','24-01-2020','Haryana','Bhiwani','Agarsain Bhawan Bhiwani',NULL,'Vijay Kumar','Banwari lal','vision ki gali halu bazar Bhiwani Haryana','9416969001','15-11-1969','Male','597078042408','Rani sati Namkeen Bhandar','Bhiwani',NULL,'2591','Cash','','','','25012020215412',1,'2020-01-25 21:54:22'),(141,'','','24-01-2020','Haryana','Bhiwani','Agarsain Bhawan Bhiwani',NULL,'Ravi Bansal','Sanjay Kumar Bansal','Sampat Rai ki gali near nand Ram Kayla hallu bazar Bhiwani Haryana','9466826001','30-10-1989','Male','235504479600','Shree Rani sati floor mill','Bhiwani',NULL,'2590','Cash','','','','25012020215702',1,'2020-01-25 21:57:12'),(142,'','','24-01-2020','Haryana','Bhiwani','Agarsen bhawan bhiwani',NULL,'Ankit','Subhash Chand','27 mc colony bhiwani','9588120949','10-04-1989','Male','588275895298','Bhanu ram & sons karyana store','bhiwani',NULL,'2546','Cash','','','','25012020220020',1,'2020-01-25 22:00:30'),(143,'','','24-01-2020','Haryana','Bhiwani','Agarsain Bhawan Bhiwani',NULL,'Ashok Kumar','Roshan Lal','gosiyan chowk Bhiwani Haryana','7015439881','12-09-1988','Male','548868183811','Sanjay Namkeen Bhandar','Bhiwani',NULL,'2589','Cash','','','','25012020220228',1,'2020-01-25 22:02:38'),(144,'','','24-01-2020','Haryana','Bhiwani','Agarsen bhawan bhiwani',NULL,'Rajesh Mittal','Sidh kishore Mittal','114 mc colony bhiwani','9215243212','02-07-1969','Male','668810046594','Rajesh general store','bhiwani',NULL,'2547','Cash','','','','25012020220414',1,'2020-01-25 22:04:24'),(145,'','','24-01-2020','Haryana','Bhiwani','Agarsain Bhawan Bhiwani',NULL,'Saurabh Mittal','Mahender Kumar','H no 332 old anaz Mandi Bhiwani Haryana','9812919730','07-01-1990','Male','596279171252','Shree Ram agency','old anaz Mandi Bhiwani',NULL,'2588','Cash','','','','25012020220455',1,'2020-01-25 22:05:04'),(146,'','','24-01-2020','Haryana','Bhiwani','Agarsain Bhawan Bhiwani',NULL,'nitin garg','Sajjan Kumar Garg','H no 520/1 chowken gali lohar bazar Bhiwani Haryana halu bazar','9466339001','12-12-1987','Male','357348269774','Sajjan Kumar Nitin Kumar','old anaz Mandi Bhiwani',NULL,'2587','Cash','','','','25012020220831',1,'2020-01-25 22:08:45'),(147,'','','24-01-2020','Haryana','Bhiwani','Agarsain Bhawan Bhiwani',NULL,'Sanjay','Radhey Shyam','gosiyan chowk Bhiwani Haryana','9813114989','15-10-1983','Male','914892731981','Sanjay Namkeen Bhandar','Bhiwani',NULL,'2586','Cash','','','','25012020221004',1,'2020-01-25 22:10:17'),(148,'','','24-01-2020','Haryana','Bhiwani','Agarsen bhawan bhiwani',NULL,'Gopal Krishan Jindal','Roshan Lal Jindal','Halu bazar near band ram katla bhiwani','9812340626','05-08-1985','Male','465446688542','Krishna trading company','near nand ram katla bhiwani',NULL,'2548','Cash','','','','25012020221016',1,'2020-01-25 22:10:30'),(149,'','','24-01-2020','Haryana','Bhiwani','Agarsain Bhawan Bhiwani',NULL,'madan Lal','Krishan Chand','Krishna colony Bhiwani Haryana','9253727109','31-12-1949','Male','452711924160','Kishan Chand Sagar Mal','Krishna colony Bhiwani',NULL,'2585','Cash','','','','25012020221225',1,'2020-01-25 22:12:35'),(150,'','','24-01-2020','Haryana','Bhiwani','Agarsain Bhawan Bhiwani',NULL,'Girdhari Kumar','R S Agarwal','H no B 3 gali no 1 Bhiwani Haryana','8199065411','05-05-1983','Male','937305288047','R G Traders','hallu bazar',NULL,'2584','Cash','','','','25012020221456',1,'2020-01-25 22:15:05'),(151,'','','24-01-2020','Haryana','Bhiwani','Agarsain Bhawan Bhiwani',NULL,'Prem Kumar garg','Bhagwan das garg','H no D 43 near kanai Ram hospital Bhiwani Haryana','9255621578','04-09-1959','Male','355361021743','Garg trading company','hallu bazar',NULL,'2583','Cash','','','','25012020221825',1,'2020-01-25 22:18:35'),(152,'','','24-01-2020','Haryana','Bhiwani','Agarsain Bhawan Bhiwani',NULL,'Gopal Kumar','Nathu Ram','H no 302/1 ward no 17 lohar bazar Bhiwani Haryana','8307489411','16-06-1975','Male','664506566623','rajdhani conf','Bhiwani',NULL,'2582','Cash','','','','25012020222056',1,'2020-01-25 22:21:28'),(153,'','','24-01-2020','Haryana','Bhiwani','Agarsain Bhawan Bhiwani',NULL,'Sita Devi','Brij Mohan ji','hallu bazar old anaz Mandi Bhiwani Haryana','9254343851','01-01-1966','Male','812496016341','Bhagwati dry fruits','Bhiwani',NULL,'2581','Cash','','','','25012020222313',1,'2020-01-25 22:23:34'),(154,'','','24-01-2020','Haryana','Bhiwani','Agarsain Bhawan Bhiwani',NULL,'Ashutosh','Naresh Chand','249 gandhile barmano ki gali virwan pand Bhiwani Haryana','9255189801','17-10-1984','Male','381725218025','jai trading company','Bhiwani',NULL,'2580','Cash','','','','25012020222614',1,'2020-01-25 22:26:23'),(155,'','','24-01-2020','Haryana','Bhiwani','Agarsain Bhawan Bhiwani',NULL,'Shekhar','Naresh Chand','249 gandhile barmano ki gali virwan pana Bhiwani Haryana','9991804700','12-12-1991','Male','307750943802','chaju Ram Ramesh chand','Bhiwani',NULL,'2579','Cash','','','','25012020222757',1,'2020-01-25 22:28:10'),(156,'','','24-01-2020','Haryana','Bhiwani','Agarsain Bhawan Bhiwani',NULL,'Suraj Bhan','Prabhu Dayal Agarwal','Banwari Lal Chet Ram patram gate Bhiwani Haryana','9255106830','04-10-1959','Male','70939843441','Banwari Lal Chet Ram','Bhiwani',NULL,'2578','Cash','','','','25012020223021',1,'2020-01-25 22:30:39'),(157,'','','24-01-2020','Haryana','Bhiwani','Agarsain Bhawan Bhiwani',NULL,'Vijay Kumar','bishambar Dayal','Purani anaz Mandi Bhiwani Haryana','9255418375','25-03-1960','Male','707338394729','puran Mal bishambar Dayal basia','old anaz Mandi Bhiwani',NULL,'2577','Cash','','','','25012020223256',1,'2020-01-25 22:33:08'),(158,'','','24-01-2020','Haryana','Bhiwani','Agarsain Bhawan Bhiwani',NULL,'Vinod Kumar','Satya Narayan','hallu bazar ward no 25 purani anaz Mandi Bhiwani Haryana','8950731011','19-10-1979','Male','952271008214','Vinod trading company','old anaz Mandi Bhiwani',NULL,'2576','Cash','','','','25012020223449',1,'2020-01-25 22:34:58'),(159,'','','24-01-2020','Haryana','Bhiwani','Agarsain Bhawan Bhiwani',NULL,'Vineet Kumar','Sanjay Kumar Bansal','kirpa Ram ki gali halu bazar Bhiwani Haryana','9034432266','26-01-1991','Male','832134741440','Dadi maa confectionery','Bhiwani',NULL,'2575','Cash','','','','25012020223652',1,'2020-01-25 22:37:02'),(160,'','','24-01-2020','Haryana','Bhiwani','Agarsain Bhawan Bhiwani',NULL,'budh Ram Bansal','nawal Kishor','Sawa Raj katli hallu bazar Bhiwani Haryana','9416858285','10-09-1965','Male','705444767078','B R Traders','Bhiwani',NULL,'2574','Cash','','','','25012020223911',1,'2020-01-25 22:39:24'),(161,'','','24-01-2020','Haryana','Bhiwani','Agarsain Bhawan Bhiwani',NULL,'Suresh Kumar','luxman Dass','Ram Ganj mohalla Bhiwani Haryana','9896011891','08-06-1950','Male','855180997048','luxman Dass Shyam sunder','Jain chowk',NULL,'2573','Cash','','','','25012020224100',1,'2020-01-25 22:41:10'),(162,'','','24-01-2020','Haryana','Bhiwani','Agarsain Bhawan Bhiwani',NULL,'Radhey Shyam','ghansi Ram','Shop no 1 Hansi gate Bhiwani Haryana','9255125600','01-01-1942','','793525101807','Gupta confectionery and kiryana Store','Hansi gate Bhiwani',NULL,'2572','Cash','','','','25012020224412',1,'2020-01-25 22:44:25'),(163,'','','24-01-2020','Haryana','Bhiwani','Agarsain Bhawan Bhiwani',NULL,'Krishan Kumar','Surender Kumar','patram gate near Saini Dharamshala Bhiwani Haryana','9992211776','21-12-1991','Male','508162072361','Krishan kiryana Store','patram gate',NULL,'2571','Cash','','','','25012020224618',1,'2020-01-25 22:46:31'),(164,'','','24-01-2020','Haryana','Bhiwani','Agarsain Bhawan Bhiwani',NULL,'bhavnesh Kumar','Mohan lal','opp Post office Jain chowk Bhiwani Haryana 127021','9812884857','26-09-1976','Male','690847554245','Anup sweets Jain chowk','Bhiwani Haryana',NULL,'2570','Cash','','','','25012020224828',1,'2020-01-25 22:48:38'),(165,'','','24-01-2020','Haryana','Bhiwani','Agarsain Bhawan Bhiwani',NULL,'Shamsher Alam','Hakim Miya','H no 51/8 Krishna colony Bhiwani Haryana 127021','9812996637','01-01-1980','Male','507841078881','Kolkata roll corner','Krishna colony Bhiwani',NULL,'2569','Cash','','','','25012020225023',1,'2020-01-25 22:50:32'),(166,'','','24-01-2020','Haryana','Bhiwani','Agarsen bhawan bhiwani',NULL,'Sanjay Gopal','Rambilas Gopal','badi mohalla near banarsi dass vaith patram gate bhiwani','9254009828','28-02-1976','Male','902406091293','single agencies ( ghee suger)','bhawani',NULL,'2549','Cash','','','','25012020225800',1,'2020-01-25 22:58:10'),(167,'','','24-01-2020','Haryana','Bhiwani','Agarsen bhawan bhiwani',NULL,'Nitesh Jain','Naresh Kumar','old anaaj mandi halu bazzar bhiwani','9813049092','26-03-1989','Male','254779050196','ganesh Lal jagan nath ( pansari )','halu bazar bhiwani',NULL,'2550','Cash','','','','25012020230157',1,'2020-01-25 23:02:07'),(168,'','','24-01-2020','Haryana','Bhiwani','Agarsen bhawan bhiwani',NULL,'Naveen Kumar Gupta','Bed Prakash Gupta','jain chowk bhiwani','9255104058','09-05-1983','Male','259237140298','Gupta desi ghee bhandhar','jain chowk bhiwani',NULL,'2551','Cash','','','','25012020230500',1,'2020-01-25 23:05:10'),(169,'','','24-01-2020','Haryana','Bhiwani','Agarsen bhawan bhiwani',NULL,'Anand Kumar','Ramesh Chand','258/4 viswanpang brahmano ki gali bhiwani','9255282311','11-11-1979','Male','492137521231','Anand Kumar Deepesh Kumar (karyana store)','bhiwani',NULL,'2552','Cash','','','','26012020160312',1,'2020-01-26 16:03:22'),(170,'','','24-01-2020','Haryana','Bhiwani','Agarsen bhawan bhiwani',NULL,'Rajiv','Mahavir Pralad Bindal','old grain market near ghousian ckowk bhiwani','8950097666','11-10-1973','Male','370659240571','M/S Shree Krishna confectionery','old grain market bhiwani',NULL,'2553','Cash','','','','26012020160756',1,'2020-01-26 16:08:06'),(171,'','','24-01-2020','Haryana','Bhiwani','Agarsen bhawan bhiwani',NULL,'Parkash Chand Moda','Mahavir Parsad','H no. 573 ward no. 6 bhiwani','9255122370','12-09-1973','Male','892210352793','Parkash Chand Parveen Kumar (ghee)','573 ward no.16 bhiwani',NULL,'2554','Cash','','','','26012020162044',1,'2020-01-26 16:20:55'),(172,'','','24-01-2020','Haryana','Bhiwani','Agarsen bhawan bhiwani',NULL,'Ravinder Kumar Aggarwal','Late Sh Jai Naryan Aggarwal','old anaj mandi hallu bazar bhiwani','9215830070','05-09-1952','Male','745605106199','Assam Bengal tea company','purani anaj mandi bhiwani',NULL,'2555','Cash','','','','26012020163236',1,'2020-01-26 16:32:47'),(173,'','','24-01-2020','Haryana','Bhiwani','Agarsen bhawan bhiwani',NULL,'Ram Niwas','Bhim Singh','dadri gate count road shanti nagar gali no.8 bhiwani','9416231536','20-02-1976','Male','758907439720','Ram niwas Sh hari nankeen bhandhar','dadri gate count road shanti nagar',NULL,'2556','Cash','','','','26012020164933',1,'2020-01-26 16:49:43'),(174,'','','24-01-2020','Haryana','Bhiwani','Agarsen bhawan bhiwani',NULL,'Rajesh kumar','Chandler Bhan','jain chowk bhiwani','9416767662','20-11-1974','Male','772844371165','yash jalebi bhandar','jain chowk bhiwani',NULL,'2557','Cash','','','','26012020165803',1,'2020-01-26 16:58:14'),(175,'','','24-01-2020','Haryana','Bhiwani','Agarsen bhawan bhiwani',NULL,'Mukesh kumar','Radha Krishan','jain chowk bhiwani','9215587840','12-10-1978','Male','360431693462','Mukesh misthan bhandar','jain chowk bhiwani',NULL,'2558','Cash','','','','26012020170043',1,'2020-01-26 17:00:54'),(176,'','','24-01-2020','Haryana','Bhiwani','Agarsen bhawan bhiwani',NULL,'Sandeep Sharma','Rajender Kumar Sharma','purani anaj mandi bhiwani','7206326165','26-01-1983','Male','577024177947','Sandeep karyana store','purani anaj mansions',NULL,'2559','Cash','','','','26012020174251',1,'2020-01-26 17:43:01'),(177,'','','24-01-2020','Haryana','Bhiwani','Agarsen bhawan bhiwani',NULL,'Krishna Kumar','Sagar Mal Rekhan','chuhar Singh ki bazari bhiwani','9354490201','08-07-1960','Male','819452475097','Inder Kumar Om Parkash','Allu Bazar bhiwani',NULL,'2560','Cash','','','','26012020174743',1,'2020-01-26 17:47:53'),(178,'','','24-01-2020','Haryana','Bhiwani','Agarsen bhawan bhiwani',NULL,'Daya kishan','Payare Lal','h no 211 gali gokal chand arya veervan pana bhiwani','9255818285','01-08-1958','Male','281155590104','Payare Lal prem Chand','allu bazar purani mandi bhiwani',NULL,'2561','Cash','','','','26012020175258',1,'2020-01-26 17:53:09'),(179,'','','24-01-2020','Haryana','Bhiwani','Agarsen bhawan bhiwani',NULL,'Janardan Kaushik','Bihari Lal','nandram katla hallu bazar bhiwani','9255207337','01-01-1953','Male','755824698414','kaushik general store','Nand Ram katla halu bazar bhiwani',NULL,'2562','Cash','','','','26012020175715',1,'2020-01-26 17:57:25'),(180,'','','24-01-2020','Haryana','Bhiwani','Agarsen bhawan bhiwani',NULL,'Tarun Kumar','Ram Avtar Kedia','purani anaj mandi','9416510699','24-02-1958','Male','509460827639','Kedia Ji Nankeen','purani anaj mandi bhiwani',NULL,'2563','Cash','','','','26012020175957',1,'2020-01-26 18:00:07'),(181,'','','24-01-2020','Haryana','Bhiwani','Agarsen bhawan bhiwani',NULL,'Ramesh Garg','Mathura Parshad','h no.914 jandwali bhiwani','9416132422','20-04-1970','Male','285145406327','Nitin Trading co.','allu bazaar bhiwani',NULL,'2564','Cash','','','','26012020180304',1,'2020-01-26 18:03:14'),(182,'','','24-01-2020','Haryana','Bhiwani','Agarsen bhawan bhiwani',NULL,'Ved Parkash','Rameshwer Dass','h no 60 Chauhan Singh ki bazari hallu bazaar bhiwani','9254345733','18-07-1960','Male','495933524116','Bansal Trading company','hallu bazaar bhiwani',NULL,'2465','Cash','','','','26012020180658',1,'2020-01-26 18:07:08'),(183,'','','24-01-2020','Haryana','Bhiwani','Agarsen bhawan bhiwani',NULL,'Pooja Bansal','Ranjan Kumar','halu bazaar bhiwani','9255293355','06-02-1982','Female','611576381455','shrew Shyam oil mill','vpo halu bazaar bhiwani',NULL,'2566','Cash','','','','26012020181015',1,'2020-01-26 18:10:25'),(184,'','','24-01-2020','Haryana','Bhiwani','Agarsen bhawan bhiwani',NULL,'Pawan Kumar','Durga Parshad','old anaj mandi bhiwani','9416943991','12-10-1960','Male','433736707059','Pawan ghee wala','Hallu Bazaar Bhiwani',NULL,'2567','Cash','','','','26012020181259',1,'2020-01-26 18:13:10'),(185,'','','24-01-2020','Haryana','Bhiwani','Agarsen bhawan bhiwani',NULL,'Ram Niwas','Ram Lal','patram gate bhiwani','9255495475','03-06-1957','Male','342609211121','Ram Niwas Goyal pansari','Paritam gate bhiwani',NULL,'2568','Cash','','','','26012020181548',1,'2020-01-26 18:15:59'),(186,'','','25-01-2020','Haryana','Bhiwani','Rajput Dharamshala Rohtak gate Bhiwani',NULL,'Praveen Kumar','Diwan Chand','Jain chowk taliwara Bhiwani Haryana','8053514465','01-10-1977','Male','749543209981','Diwan Chand kiryana Store','Bhiwani',NULL,'2141','Cash','','','','26012020212408',1,'2020-01-26 21:24:24'),(187,'','','25-01-2020','Haryana','Bhiwani','Rajput Dharamshala Rohtak gate Bhiwani',NULL,'Ram Lal','tek Chand','near ice factory dadri gate kaunt road Bhiwani Haryana','9255160488','01-01-1959','Male','537581435857','Bharti ice factory','Bhiwani',NULL,'2142','Cash','','','','26012020212618',1,'2020-01-26 21:26:28'),(188,'','','25-01-2020','Haryana','Bhiwani','Rajput Dharamshala Rohtak gate Bhiwani',NULL,'Satish Kumar','Balbir Singh','dadri gate near water tank Bhiwani t','8059793890','01-01-1971','Male','928891347507','Bhardwaj dairy','dadri gate',NULL,'2143','Cash','','','','26012020212816',1,'2020-01-26 21:28:28'),(189,'','','25-01-2020','Haryana','Bhiwani','Rajput Dharamshala Rohtak gate Bhiwani',NULL,'mahesh Kumar','Ganga Dhar','H no 209/4 Krishna colony Bhiwani Haryana','9068310074','24-10-1971','Male','617594226243','Chogh general store','Krishna colony Bhiwani',NULL,'2145','Cash','','','','26012020213107',1,'2020-01-26 21:31:21'),(190,'','','25-01-2020','Haryana','Bhiwani','Rajput Dharamshala Rohtak gate Bhiwani',NULL,'Puneet mutreja','Hansraj mutreja','H no 79/8 Ram Nagar colony Bhiwani Haryana','9288881500','19-10-1987','Male','371608134533','Hansraj Puneet Kumar','Bhiwani Haryana',NULL,'2146','Cash','','','','26012020213333',1,'2020-01-26 21:33:47'),(191,'','','25-01-2020','Haryana','Bhiwani','Rajput Dharamshala Rohtak gate Bhiwani',NULL,'Gaurav','Manohar Lal','gali no 2 H no 127/2 Lal masjid Bhiwani Haryana','8168277202','22-01-1992','Male','778677474491','Bhagwati mishthan Bhandar','Bhiwani Haryana',NULL,'2147','Cash','','','','26012020213540',1,'2020-01-26 21:35:57'),(192,'','','25-01-2020','Haryana','Bhiwani','Rajput Dharamshala Rohtak gate Bhiwani',NULL,'Rajender Kumar Goyal','Rameshwar dass','Bajrang Bali colony Bhiwani Haryana','9215955851','16-02-1971','Male','402547747355','bindraban Banwari Lal oils','Bhiwani Haryana',NULL,'2148','Cash','','','','26012020213747',1,'2020-01-26 21:38:01'),(193,'','','25-01-2020','Haryana','Bhiwani','Rajput Dharamshala Rohtak gate Bhiwani',NULL,'Vijay pahuja','Jagdish parshad pahujs','H no 1251 kount road luxmi Nagar gali no 7 Bhiwani Haryana','9812839699','20-09-1976','Male','578358116250','Janak ice Cream','kount road Bhiwani Haryana',NULL,'2149','Cash','','','','26012020214054',1,'2020-01-26 21:41:04'),(194,'','','25-01-2020','Haryana','Bhiwani','Rajput Dharamshala Rohtak gate Bhiwani',NULL,'Roshan Lal','Chander Bhan','H no 269 gandhili brahmno ki gali Bhiwani Haryana','9728262159','24-03-1964','Male','419946613247','Roshan Kiryana Store','dadri gate Bhiwani',NULL,'2150','Cash','','','','26012020214315',1,'2020-01-26 21:43:28'),(195,'','','25-01-2020','Haryana','Bhiwani','Rajput Dharamshala Rohtak gate Bhiwani',NULL,'mulkh Raj','Narayan Dass','H no 129 gali no 5 kount road Shanti Nagar Bhiwani Haryana','9253043002','15-03-1968','Male','287787493989','Kashish trading company','Bhiwani',NULL,'2151','Cash','','','','26012020214531',1,'2020-01-26 21:45:42'),(196,'','','25-01-2020','Haryana','Bhiwani','Rajput Dharamshala Rohtak gate Bhiwani',NULL,'Shankar Dass','Narayan Dass','H no 130sec8 Shanti Nagar kount road Bhiwani Haryana','9255473765','25-12-1970','Male','768240761708','Deepak Kiryana and conf','Bhiwani Haryana',NULL,'2152','Cash','','','','26012020214834',1,'2020-01-26 21:48:47'),(197,'','','25-01-2020','Haryana','Bhiwani','Rajput Dharamshala Rohtak gate Bhiwani',NULL,'khem Singh Walia','shish Ram Walia','gali no 2 Dhani sarobgian near ghanta Ghar Bhiwani Haryana','9466201202','16-07-1965','Male','309351459603','Shyam kiryana Store','Bhiwani',NULL,'2107','Cash','','','','26012020215121',1,'2020-01-26 21:51:32'),(198,'','','25-01-2020','Haryana','Bhiwani','Rajput Dharamshala Rohtak gate Bhiwani',NULL,'Mohan Lal','mange Ram','gali no 3 bag kothi Bhiwani Haryana','9812970071','11-04-1957','Male','721346910018','mange Ram Mohan Lal kiryana Store','Bhiwani',NULL,'2108','Cash','','','','26012020215322',1,'2020-01-26 21:53:33'),(199,'','','25-01-2020','Haryana','Bhiwani','Rajput Dharamshala Rohtak gate Bhiwani',NULL,'Manjeet','Sushil Kumar','sui 46 Bhiwani Haryana 127021','9992508879','06-04-1995','Male','442960438938','midnight veg and non veg points','Bhiwani Haryana',NULL,'2109','Cash','','','','26012020215543',1,'2020-01-26 21:55:54'),(200,'','','25-01-2020','Haryana','Bhiwani','Rajput Dharamshala Rohtak gate Bhiwani',NULL,'Sunil Kumar','Gopi Ram','dadri gate chungi ke piche H no 272 Bhiwani Haryana','9255126794','10-03-1981','Male','255648950689','Kataria sweets','Bhiwani Haryana',NULL,'2110','Cash','','','','26012020215749',1,'2020-01-26 21:58:00'),(201,'','','25-01-2020','Haryana','Bhiwani','Rajput Dharamshala Rohtak gate Bhiwani',NULL,'Hans Raj','Prem Lal','H no 509 near patwar khana Jain chowk Bhiwani Haryana','9315835243','08-06-1984','Male','822195732442','Makhija sons','Jain chowk Bhiwani',NULL,'2111','Cash','','','','26012020220010',1,'2020-01-26 22:00:20'),(202,'','','25-01-2020','Haryana','Bhiwani','Rajput Dharamshala Rohtak gate Bhiwani',NULL,'jai Bhagwan Agarwal','Rajender parshad Agarwal','taiyan pana behind Rajput Dharamshala Bhiwani Haryana','9812092718','18-05-1966','Male','866458626358','Shree Balaji Store Tera panth bhawan','lower bazar Bhiwani Haryana',NULL,'2112','Cash','','','','26012020220253',1,'2020-01-26 22:03:03'),(203,'','','25-01-2020','Haryana','Bhiwani','Rajput Dharamshala Rohtak gate Bhiwani',NULL,'Sanjay Kumar','Suresh Chand','gali Lokmanya lohariwala road Bhiwani Haryana','9416574009','20-01-1972','Male','495595925409','Suresh trading company','lower bazar Bhiwani Haryana',NULL,'2113','Cash','','','','26012020220503',1,'2020-01-26 22:05:14'),(204,'','','25-01-2020','Haryana','Bhiwani','Rajput Dharamshala Rohtak gate Bhiwani',NULL,'Sanjay','norang Rai Jain','H no 17 Thakur Dhani Singh ki gali lowar bazar Bhiwani Haryana','9050649626','07-07-1978','Male','879367235170','jai maa Sharda sweets','lower bazar Bhiwani',NULL,'2114','Cash','','','','26012020220708',1,'2020-01-26 22:07:21'),(205,'','','25-01-2020','Haryana','Bhiwani','Rajput Dharamshala Rohtak gate Bhiwani',NULL,'Krishan Kumar','Satya Bhushan','H no 220/4 main godam road Krishna colony Bhiwani Haryana','9253301183','15-06-1973','Male','871052603901','Sanjay juice corner','ghanta Ghar Bhiwani Haryana',NULL,'2115','Cash','','','','26012020221240',1,'2020-01-26 22:12:51'),(206,'','','25-01-2020','Haryana','Bhiwani','Rajput Dharamshala Rohtak gate Bhiwani',NULL,'prince','Kishan Grewal','dadri gate kount road gali no 3 Bhiwani Haryana','9050007479','04-12-1992','Male','461581617630','prince dairy','',NULL,'2117','Cash','','','','26012020221505',1,'2020-01-26 22:15:20'),(207,'','','25-01-2020','Haryana','Bhiwani','Rajput Dharamshala Rohtak gate Bhiwani',NULL,'Parveen Kumar','Suraj Bhan','H no 22 btm road Ram Nagar colony Bhiwani Haryana','7015520365','06-06-1975','Male','247377047132','Parveen juice corner','ghanta Ghar Bhiwani Haryana',NULL,'2118','Cash','','','','26012020221732',1,'2020-01-26 22:17:43'),(208,'','','25-01-2020','Haryana','Bhiwani','Rajput Dharamshala Rohtak gate Bhiwani',NULL,'Vijay Kumar','Jagan nath','dhana road dadri gate gali no 2 Bhiwani Haryana','9728234263','01-08-1971','Male','678923699746','sunny kiryana Store','Bhiwani Haryana',NULL,'2119','Cash','','','','26012020221934',1,'2020-01-26 22:19:44'),(209,'','','25-01-2020','Haryana','Bhiwani','Rajput Dharamshala Rohtak gate Bhiwani',NULL,'dharmender','Hukum chand','H no 604 ward no 15 Hanuman gate Bhiwani Haryana','7988703704','10-09-1990','Male','878307038681','parjapati dairy','Bhiwani',NULL,'2120','Cash','','','','26012020222239',1,'2020-01-26 22:22:50'),(210,'','','25-01-2020','Haryana','Bhiwani','Rajput Dharamshala Rohtak gate Bhiwani',NULL,'Rakesh Kumar','Parkash chand','H no 604/2 near Kanti Ram hospital Bhiwani Haryana','9255481729','14-02-1982','Male','343140218159','Baba garib nath Dairy','Bhiwani Haryana',NULL,'2121','Cash','','','','26012020222525',1,'2020-01-26 22:25:36'),(211,'','','25-01-2020','Haryana','Bhiwani','Rajput Dharamshala Rohtak gate Bhiwani',NULL,'Sunil Kumar','Ram Kumar','pipali wali johadi Hanuman gate railway line Bhiwani Haryana','9728653187','05-05-1989','Male','493818431257','Baba Johar many Dairy','Bhiwani Haryana',NULL,'2122','Cash','','','','26012020222814',1,'2020-01-26 22:28:25'),(212,'','','25-01-2020','Haryana','Bhiwani','Rajput Dharamshala Rohtak gate Bhiwani',NULL,'Naresh Kumar','agana Ram','508/3 gali no 1 virvana pana Bhiwani Haryana','9255145651','01-01-1970','Male','456794118839','Narendra dry fruits','Bhiwani Haryana',NULL,'2123','Cash','','','','26012020223032',1,'2020-01-26 22:30:42'),(213,'','','25-01-2020','Haryana','Bhiwani','Rajput Dharamshala Rohtak gate Bhiwani',NULL,'Shyam Lal Goyal','Rameshwar Dass','opp Shiv Mandir lohar chopta Bhiwani Haryana','8689069342','05-07-1967','Male','969980281100','bindrban Ram bilash oil mill','Bhiwani Haryana',NULL,'2124','Cash','','','','26012020223306',1,'2020-01-26 22:33:16'),(214,'','','25-01-2020','Haryana','Bhiwani','Rajput Dharamshala Rohtak gate Bhiwani',NULL,'Hans Raj','karm Chand','dadri gate Shanti Nagar gali no 6 Bhiwani Haryana','9254875033','15-06-1965','Male','677283878255','Hans Raj kiryana Store','Bhiwani Haryana',NULL,'2125','Cash','','','','26012020223538',1,'2020-01-26 22:35:49'),(215,'','','25-01-2020','Haryana','Bhiwani','Rajput Dharamshala Rohtak gate Bhiwani',NULL,'Sandeep','Shree Chand','H no 89/2 dhana road gali no 6 dadri gate Bhiwani Haryana','9813553964','06-05-1980','Male','854073886578','Sahil mishthan Bhandar','Bhiwani Haryana',NULL,'2126','Cash','','','','26012020223756',1,'2020-01-26 22:38:06'),(216,'','','25-01-2020','Haryana','Bhiwani','Rajput Dharamshala Rohtak gate Bhiwani',NULL,'Sumit','Vinod Kumar','lohar bazar Bhiwani Haryana','9671783001','03-08-1992','Male','200652284367','Bhola Ram norang Rai Halwai','Bhiwani Haryana',NULL,'2127','Cash','','','','26012020224011',1,'2020-01-26 22:40:21'),(217,'','','25-01-2020','Haryana','Bhiwani','Rajput Dharamshala Rohtak gate Bhiwani',NULL,'sarbjeet Patel','Mahatma patel','H no B 54 new Bharat Nagar Bhiwani Haryana','9896814262','09-07-1984','Male','822272846762','Patel kiryana Store','New Bharat Nagar Bhiwani',NULL,'2128','Cash','','','','26012020224214',1,'2020-01-26 22:42:24'),(218,'','','25-01-2020','Haryana','Bhiwani','Rajput Dharamshala Rohtak gate Bhiwani',NULL,'Ashok Kumar','sultan Singh','Naya bazar Bhiwani Haryana','9466340191','16-04-1964','Male','621459397679','siu sweets','jogi wala Mandir Bhiwani',NULL,'2129','Cash','','','','26012020230507',1,'2020-01-26 23:05:18'),(219,'','','25-01-2020','Haryana','Bhiwani','Rajput Dharamshala Rohtak gate Bhiwani',NULL,'Tarun','Prem Parkash','ward no 9 gali no 8 near Sita Ram factory Bhiwani Haryana','7015158405','14-02-1996','Male','823906346366','Prem Barfi and peda Bhandar','Bhiwani Haryana',NULL,'2130','Cash','','','','26012020230735',1,'2020-01-26 23:07:45'),(220,'','','25-01-2020','Haryana','Bhiwani','Rajput Dharamshala Rohtak gate Bhiwani',NULL,'Parmod Kumar','Chander Bhan','Jain chowk Bhiwani Haryana','9416632130','10-08-1967','Male','835367258024','Raman Dairy','Bhiwani',NULL,'2131','Cash','','','','26012020230911',1,'2020-01-26 23:09:22'),(221,'','','25-01-2020','Haryana','Bhiwani','Rajput Dharamshala Rohtak gate Bhiwani',NULL,'bansi Lal','Ram Dayal','Lal masjid Bhiwani Haryana','9996605924','01-01-1972','Male','568970605990','Bansi chat Bhandar','Bhiwani',NULL,'2132','Cash','','','','26012020231030',1,'2020-01-26 23:10:41'),(222,'','','25-01-2020','Haryana','Bhiwani','Rajput Dharamshala Rohtak gate Bhiwani',NULL,'Shashi','Parkash Chand','dadri gate Kent road Shanti Nagar Bhiwani Haryana','9812933193','01-01-1978','Male','721772103198','kulfi and Namkeen Bhandar','Bhiwani',NULL,'2133','Cash','','','','26012020231219',1,'2020-01-26 23:12:29'),(223,'','','25-01-2020','Haryana','Bhiwani','Rajput Dharamshala Rohtak gate Bhiwani',NULL,'Rajesh','Ram Lal','dadri gate near Lal masjid no 1 Bhiwani Haryana','9466263015','17-01-1973','Male','397059728942','Paras kulfi Store','Bhiwani',NULL,'2134','Cash','','','','26012020231410',1,'2020-01-26 23:14:21'),(224,'','','25-01-2020','Haryana','Bhiwani','Rajput Dharamshala Rohtak gate Bhiwani',NULL,'Anil Kumar','badlu Ram','old Bus stand kumharon ka mohalla Bhiwani Haryana','9992075601','01-01-1974','Male','732447576660','kulfi Store','Bhiwani Haryana',NULL,'2135','Cash','','','','26012020231604',1,'2020-01-26 23:16:15'),(225,'','','25-01-2020','Haryana','Bhiwani','Rajput Dharamshala Rohtak gate Bhiwani',NULL,'Rocky','Prem Parkash','Lal masjid gali no 2 Bhiwani Haryana','8708462501','07-07-1983','Male','742445165485','Arora juice corner','dadri gate Bhiwani',NULL,'2136','Cash','','','','26012020231758',1,'2020-01-26 23:18:09'),(226,'','','25-01-2020','Haryana','Bhiwani','Rajput Dharamshala Rohtak gate Bhiwani',NULL,'Deepak','Prem Chand','gali no 2 near water tank Lal masjid ward no 13 Bhiwani Haryana','9812129600','29-09-1980','Male','526835674977','Aditya ice cream','dadri gate kount road gali no 4 Bhiwani',NULL,'2137','Cash','','','','26012020232014',1,'2020-01-26 23:20:25'),(227,'','','25-01-2020','Haryana','Bhiwani','Rajput Dharamshala Rohtak gate Bhiwani',NULL,'Parveen','Hans Raj','MC colony H no 131 near Rohtak gate Bhiwani Haryana','9288292177','23-09-1979','Male','603311889425','kiryana Store','old sabzi Mandi Bhiwani',NULL,'2138','Cash','','','','26012020232208',1,'2020-01-26 23:22:19'),(228,'','','25-01-2020','Haryana','Bhiwani','Rajput Dharamshala Rohtak gate Bhiwani',NULL,'Tarun Kumar','Raj Kumar sukhija','H no 76 Ashoka colony gali no 3 Bhiwani Haryana','9896200830','27-09-1987','Male','346378340509','Ashoka and sukhija Dairy','Bhiwani Haryana',NULL,'2139','Cash','','','','26012020232417',1,'2020-01-26 23:24:28'),(229,'','','25-01-2020','Haryana','Bhiwani','Rajput Dharamshala Rohtak gate Bhiwani',NULL,'Sunil jain','norang Rai Jain','Thakur Dhani Singh ki gali lohar bazar Bhiwani Haryana','9865623562','13-02-1968','Male','614527500275','Dwarikadhish mishthan Bhandar','Bhiwani Haryana',NULL,'2140','Cash','','','','26012020232637',1,'2020-01-26 23:26:48'),(230,'','','25-01-2020','Haryana','Bhiwani','Rajput Dharamshala Rohtak gate Bhiwani',NULL,'Ramesh Kumar','Mani Ram Saini','649/5 ward no 15 Ram gang mohalla near kanhi Ram eye hospital Bhiwani Haryana','7988145928','30-07-1985','Male','726405045801','Saini biscuit Bhandar','Bhiwani Haryana',NULL,'2143','Cash','','','','26012020232908',1,'2020-01-26 23:29:19'),(231,'','','26-01-2020','Haryana','Bhiwani','Rajput Dharamshala Rohtak road Bhiwani',NULL,'Prem Parkash Mittal','fool Chand','H no 153 choton ka darwaja Naya bazar Bhiwani Haryana','9466280466','01-01-1949','Male','526852727161','Shyam mishthan Bhandar','old Bus stand Bhiwani',NULL,'2200','Cash','','','','27012020142843',1,'2020-01-27 14:29:15'),(232,'','','26-01-2020','Haryana','Bhiwani','Rajput Dharamshala Rohtak road Bhiwani',NULL,'Manoj Saini','Bali Saini','Hanuman Dhani Bhiwani Haryana','9729003591','26-08-1992','Male','466144219308','Manoj milk supply','Bhiwani',NULL,'2199','Cash','','','','27012020143042',1,'2020-01-27 14:30:45'),(233,'','','26-01-2020','Haryana','Bhiwani','Rajput Dharamshala Rohtak road Bhiwani',NULL,'Ajit','manage Ram','H no 356 vill Rampura Dhoka harya 7 Bhiwani Haryana','8708159268','01-01-2000','Male','780492901978','Ajit milk supply','Bhiwani',NULL,'2198','Cash','','','','27012020143211',1,'2020-01-27 14:32:14'),(234,'','','26-01-2020','Haryana','Bhiwani','Rajput Dharamshala Rohtak road Bhiwani',NULL,'Vijay Kumar','om Parkash','H no 44 dadri gate gali no 2 near water tank Lal masjid Bhiwani Haryana','9034477341','13-10-1978','Male','334279103599','Manoj confectionery and hot and hot Bhiwani Haryana','Bhiwani',NULL,'2197','Cash','','','','27012020143420',1,'2020-01-27 14:34:23'),(235,'','','26-01-2020','Haryana','Bhiwani','Rajput Dharamshala Rohtak road Bhiwani',NULL,'Lalit Kumar','Babu Lal','H no 147 /1 gali gamchlerg bharmano ki wiram pana ward no 14 Bhiwani Haryana','9416855755','29-09-1969','Male','711944659555','Sharma biscuit bakery','Bhiwani',NULL,'2116','Cash','','','','27012020143724',1,'2020-01-27 14:37:26'),(236,'','','26-01-2020','Haryana','Bhiwani','Rajput Dharamshala Rohtak road Bhiwani',NULL,'Anand','Ram Bhagat','H no 987 bridge wasi colony dinod gate Bhiwani Haryana','9034483163','10-03-1990','Male','433016245309','Krishna biscuit bakery','dinod gate opp Surya banquet hall Bhiwani',NULL,'2153','Cash','','','','27012020143957',1,'2020-01-27 14:40:00'),(237,'','','26-01-2020','Haryana','Bhiwani','Rajput Dharamshala Rohtak road Bhiwani',NULL,'Pawan','Vinod Kumar','12 Jawahar Nagar old lic office Bhiwani Haryana','9992612396','10-02-1993','Male','817952646876','Shree Ganesh sweets and cold corner','Naya bazar Bhiwani',NULL,'2154','Cash','','','','27012020144205',1,'2020-01-27 14:42:08'),(238,'','','26-01-2020','Haryana','Bhiwani','Rajput Dharamshala Rohtak road Bhiwani',NULL,'Shyam sunder','Mahadev Sharma','opp Kishan Lal jalan hospital Bhiwani Haryana','9416339038','01-01-1970','Male','644192106241','God bhojnalya Maham gate','Bhiwani',NULL,'2155','Cash','','','','27012020144428',1,'2020-01-27 14:44:31'),(239,'','','26-01-2020','Haryana','Bhiwani','Rajput Dharamshala Rohtak road Bhiwani',NULL,'om Parkash','Laxman das','old Bus stand Bhiwani Haryana','9034747578','01-01-1971','Male','270105805954','Parkash kiryana Store','old Bus stand Bhiwani Haryana',NULL,'2156','Cash','','','','27012020144542',1,'2020-01-27 14:45:45'),(240,'','','26-01-2020','Haryana','Bhiwani','Rajput Dharamshala Rohtak road Bhiwani',NULL,'Karan Singh','Roshan Lal','H no 517 swran kripa Ram ki gali ward no 23 Bhiwani Haryana','9728269492','01-01-1973','Male','548932273837','New Haryana mishthan Bhandar','Bhiwani',NULL,'2157','Cash','','','','27012020144848',1,'2020-01-27 14:48:51'),(241,'','','26-01-2020','Haryana','Bhiwani','Rajput Dharamshala Rohtak road Bhiwani',NULL,'Gajender','Ram Krishan','H no 233 umarawat umravat 115 Bhiwani Haryana','9896495663','01-01-1983','Male','503399396246','Baba mukhram Dass Dairy and mishthan Bhandar','kount road Bhiwani',NULL,'2158','Cash','','','','27012020145117',1,'2020-01-27 14:51:21'),(242,'','','26-01-2020','Haryana','Bhiwani','Rajput Dharamshala Rohtak road Bhiwani',NULL,'Sangeeta Diwan','Krishan Kumar Diwan','krmdeep apna bazar near Aastha hospital zoo road Bhiwani Haryana','9215544885','18-06-1972','Female','576434696289','Sangeeta kiryana Store','krmdeep apna bazar Bhiwani',NULL,'2159','Cash','','','','27012020145756',1,'2020-01-27 14:58:00'),(243,'','','26-01-2020','Haryana','Bhiwani','Rajput Dharamshala Rohtak road Bhiwani',NULL,'Manoj Kumar','Om Parkash','Naya bazar near asha Ram gate Bhiwani Haryana','9466825730','04-01-1968','Male','790840292645','Manoj kiryana Store','Naya bazar Bhiwani',NULL,'2160','Cash','','','','27012020150028',1,'2020-01-27 15:00:31'),(244,'','','26-01-2020','Haryana','Bhiwani','Rajput Dharamshala Rohtak road Bhiwani',NULL,'Ravi Kant','Naresh Kumar','Naya bazar gujru ki dhani Bhiwani Haryana','9466308238','04-01-1981','Male','377340144649','Naresh kiryana Store','Bhiwani',NULL,'2161','Cash','','','','27012020150204',1,'2020-01-27 15:02:08'),(245,'','','26-01-2020','Haryana','Bhiwani','Rajput Dharamshala Rohtak road Bhiwani',NULL,'Adesh Jain','Pawan Jain','old Bus stand road Naya bazar Bhiwani Haryana','9255232930','01-01-1954','Male','425352971568','Adesh kiryana Store','old Bus stand road Naya bazar Bhiwani',NULL,'2162','Cash','','','','27012020150359',1,'2020-01-27 15:04:03'),(246,'','','26-01-2020','Haryana','Bhiwani','Rajput Dharamshala Rohtak road Bhiwani',NULL,'Mahipal Sharma','Raghu nath Sharma','Bhola Ram pansari bapodiya Naya bazar Bhiwani Haryana','9416526524','03-03-1962','Male','502955086963','Bhola Ram pansari','Naya bazar Bhiwani',NULL,'2163','Cash','','','','27012020150617',1,'2020-01-27 15:06:21'),(247,'','','26-01-2020','Haryana','Bhiwani','Rajput Dharamshala Rohtak road Bhiwani',NULL,'Kailash Chand','moti Ram','Purana Bus stand road gujro ki dhani Bhiwani Haryana','9416973509','01-01-1961','Male','836508945874','Moti Ram Kailash Chand kiryana Store','Bhiwani',NULL,'2164','Cash','','','','27012020150800',1,'2020-01-27 15:08:03'),(248,'','','26-01-2020','Haryana','Bhiwani','Rajput Dharamshala Rohtak road Bhiwani',NULL,'Ashok Kumar','Moti Ram','old Bus stand road gujro ki dhani Bhiwani Haryana','9416057298','01-01-1969','Male','857443036363','master ji and sons Oil','Bhiwani',NULL,'2165','Cash','','','','27012020151009',1,'2020-01-27 15:10:13'),(249,'','','26-01-2020','Haryana','Bhiwani','Rajput Dharamshala Rohtak road Bhiwani',NULL,'Dinesh Kumar Mittal','om Parkash Mittal','chuhud Singh ki bazari Bhiwani Haryana','9992343720','24-07-1959','Male','706401570776','Dinesh bartan and mishthan Bhandar','opp dinod police chowki Bhiwani',NULL,'2166','Cash','','','','27012020151234',1,'2020-01-27 15:12:38'),(250,'','','26-01-2020','Haryana','Bhiwani','Rajput Dharamshala Rohtak road Bhiwani',NULL,'Sanjay Goyal','Norang Rai','near dinod police chowki Bhiwani Haryana','9416858344','01-01-1970','Male','757489972460','Goyal kiryana Store','Bhiwani',NULL,'2167','Cash','','','','27012020151537',1,'2020-01-27 15:15:41'),(251,'','','26-01-2020','Haryana','Bhiwani','Rajput Dharamshala Rohtak road Bhiwani',NULL,'Om Parkash','Ramesh chand','290 Vidya Nagar Saraswati Marg Bhiwani Haryana','9255541772','21-09-1974','Male','560173236431','Shiv kiryana Store','Bhiwani',NULL,'2168','Cash','','','','27012020151729',1,'2020-01-27 15:17:33'),(252,'','','26-01-2020','Haryana','Bhiwani','Rajpoot Dharmshala Rohtak Gate',NULL,'Rakesh Kumar','Suraj Mal','vill sisal khas teh men distt rohtak','9812923402','10-05-1976','Male','966206480656','milk shop','sisal khas',NULL,'2175','Cash','','','','27012020151830',1,'2020-01-27 15:18:36'),(253,'','','26-01-2020','Haryana','Bhiwani','Rajput Dharamshala Rohtak road Bhiwani',NULL,'ved Prakash','Ram Chander','H no 215/8 Krishna colony Bhiwani Haryana','9728951833','25-11-1969','Male','583577352932','koru Ram and Ram Chander kiryana Store','Krishna colony Bhiwani',NULL,'2169','Cash','','','','27012020151919',1,'2020-01-27 15:19:22'),(254,'','','26-01-2020','Haryana','Bhiwani','Rajput Dharamshala Rohtak road Bhiwani',NULL,'Suresh Kumar','Ram Kishan','near dinod police chowki Bhiwani Haryana','9467603961','23-03-1967','Male','770880450671','Lala Ram Kishan Halwai','Bhiwani',NULL,'2170','Cash','','','','27012020152116',1,'2020-01-27 15:21:20'),(255,'','','26-01-2020','Haryana','Bhiwani','Rajpoot Dharmshala Rohtak Gate',NULL,'Rajbir Sharma','Banwari Lal','house no.313 kirti nagar bhiwani','9355997082','28-03-1971','Male','986718983568','milk product','h no.313 kirti nagar bhiwani',NULL,'2176','Cash','','','','27012020152137',1,'2020-01-27 15:21:42'),(256,'','','26-01-2020','Haryana','Bhiwani','Rajput Dharamshala Rohtak road Bhiwani',NULL,'Sidharth','Vinod chabbra','13 Jawahar Nagar Bhiwani Haryana','9729333888','06-03-1989','Male','328167049913','Shree Balaji sweets and Barfi peda','Bhiwani',NULL,'2171','Cash','','','','27012020152252',1,'2020-01-27 15:22:56'),(257,'','','26-01-2020','Haryana','Bhiwani','Rajput Dharamshala Rohtak road Bhiwani',NULL,'Prithvi Raj Diwan','Lal Chand Diwan','75/8 Krishna colony Mall godown road ward no 25 Bhiwani Haryana','9813257655','31-08-1962','Male','307418886092','Haryana Store confectionery','Hansi gate Bhiwani',NULL,'2172','Cash','','','','27012020152455',1,'2020-01-27 15:24:59'),(258,'','','26-01-2020','Haryana','Bhiwani','Rajpoot Dharmshala Rohtak Gate',NULL,'Arun Kumar','Mahipal Singh','house no. 214/k ward no.6 Ahiror ki dhani bhiwani','9996508029','18-04-1983','Male','676461555994','saini juice','Mohan gate bhiwani',NULL,'2177','Cash','','','','27012020152510',1,'2020-01-27 15:25:15'),(259,'','','26-01-2020','Haryana','Bhiwani','Rajput Dharamshala Rohtak road Bhiwani',NULL,'Ram Chander','Ram Kishan','vill umarawat umarawat 115 kount Bhiwani Haryana','9728917392','01-01-1954','Male','619439665465','Baba Baldev Dass Dairy and sweets','Bhiwani',NULL,'2173','Cash','','','','27012020152636',1,'2020-01-27 15:26:39'),(260,'','','26-01-2020','Haryana','Bhiwani','Rajput Dharamshala Rohtak road Bhiwani',NULL,'Vijay Kumar','banvari Lal','gali no 2 patram gate Dhani Bhiwani Haryana','9466754913','21-08-1963','Male','973959454832','Shiv mishthan Bhandar','patram gate Bhiwani',NULL,'2174','Cash','','','','27012020152854',1,'2020-01-27 15:28:58'),(261,'','','26-01-2020','Haryana','Bhiwani','Rajpoot Dharmshala Rohtak Gate',NULL,'Devender Kumar','Mohan Lal','house no.232/4 Krishna colony bhiwani','9991644000','18-03-1988','Male','768888072506','Garover Namkeen','opp Nehru park hansi gate bhiwani',NULL,'2178','Cash','','','','27012020152943',1,'2020-01-27 15:29:49'),(262,'','','26-01-2020','Haryana','Bhiwani','Rajpoot Dharmshala Rohtak Gate',NULL,'Jai Parkash','Singh Ram','Dinod gate bhiwani','7015371971','07-01-1978','Male','746940270139','Ashok biscuits bakery','Dinod gate bhiwani',NULL,'2179','Cash','','','','27012020153254',1,'2020-01-27 15:32:59'),(263,'','','26-01-2020','Haryana','Bhiwani','Rajpoot Dharmshala Rohtak Gate',NULL,'Dev Raj','Prabhu Dyal','jain chowk bhiwani','9992293717','26-10-1962','Male','420611981757','Ambe General Store','jain chowk bhiwani',NULL,'2180','Cash','','','','27012020153713',1,'2020-01-27 15:37:18'),(264,'','','26-01-2020','Haryana','Bhiwani','Rajpoot Dharmshala Rohtak Gate',NULL,'Rajesh Kathuria','Sagar Chand','house no.c-146 jain road Lal masjid bhiwani','9017751588','05-06-1971','Male','291830110034','Sagar Chand pickle marchant','jain road Lal masjid bhiwani',NULL,'2181','Cash','','','','27012020154135',1,'2020-01-27 15:41:40'),(265,'','','26-01-2020','Haryana','Bhiwani','Rajpoot Dharmshala Rohtak Gate',NULL,'Pawan Kumar','Jagan Nath','opp jalan hospital bhiwani','9812734534','24-10-1977','Male','802459003616','Kaida Burfi Pada bhandar','opp jalan hospital bhiwani',NULL,'2182','Cash','','','','27012020154433',1,'2020-01-27 15:44:38'),(266,'','','26-01-2020','Haryana','Bhiwani','Rajpoot Dharmshala Rohtak Gate',NULL,'Gobind Ram','Dugar Mal','naya Bazar bhiwani','9813452938','08-08-1969','Male','296746870854','Sugar mal Govind Ram','naya bazar bhiwani',NULL,'2183','Cash','','','','27012020154916',1,'2020-01-27 15:49:21'),(267,'','','26-01-2020','Haryana','Bhiwani','Rajpoot Dharmshala Rohtak Gate',NULL,'Parmal Singh','Rameshwer Dass','h no. 484 gujro ki dhani near old bus stand bhiwani','9467114579','07-09-1961','Male','896895968129','Parmal tea stall','old bus stand bhiwani',NULL,'2184','Cash','','','','27012020155211',1,'2020-01-27 15:52:16'),(268,'','','26-01-2020','Haryana','Bhiwani','Rajpoot Dharmshala Rohtak Gate',NULL,'Sunil Saini','Amar Singh Saini','Shop no.31 Rajpoot Dharmshala','7015163158','19-09-1991','Male','747135088239','Rajesh biscuits bakery','shop no.31 rajpoot dharmshala',NULL,'2185','Cash','','','','27012020200930',1,'2020-01-27 20:09:35'),(269,'','','26-01-2020','Haryana','Bhiwani','Rajpoot Dharmshala Rohtak Gate',NULL,'Vipin Kumar','Sunhash Chand','Mahim Gate Bhiwani','9466857446','09-07-1980','Male','764150569125','Vipin Kishan Store','Mahim Gate Bhiwani',NULL,'2186','Cash','','','','27012020201242',1,'2020-01-27 20:12:47'),(270,'','','26-01-2020','Haryana','Bhiwani','Rajpoot Dharmshala Rohtak Gate',NULL,'Mayur','Mahender Kumar','old bus stand gujron ki dhani bhiwani','9812242161','16-10-1991','Male','772058421997','Master Ji ki atta chakki','old bus stand gujjron ki dhani bhiwani',NULL,'2187','Cash','','','','27012020201626',1,'2020-01-27 20:16:32'),(271,'','','26-01-2020','Haryana','Bhiwani','Rajpoot Dharmshala Rohtak Gate',NULL,'Pt Hari Ram','Ghadsi Ram','lohad bazar gali bhiwani','9728831968','01-01-1957','Male','793606530866','Hari Ram (milk supply )','lohad bazar bhiwani',NULL,'2188','Cash','','','','27012020201910',1,'2020-01-27 20:19:15'),(272,'','','26-01-2020','Haryana','Bhiwani','Rajpoot Dharmshala Rohtak Gate',NULL,'Dev Anand','Ghadsi Ram','lohad bazar bhiwani','9991286528','15-04-1969','Male','421130764886','milk supply','lohad bazar bhiwani',NULL,'2169','Cash','','','','27012020202125',1,'2020-01-27 20:21:30'),(273,'','','26-01-2020','Haryana','Bhiwani','Rajpoot Dharmshala Rohtak Gate',NULL,'Anil Kumar','Umrao Singh','house no. 1412 durga marg Vidya nagar bhiwani','7357066789','01-07-1979','Male','686298414434','fresh juice corner','purana bus stand bhiwani',NULL,'2190','Cash','','','','27012020202409',1,'2020-01-27 20:24:14'),(274,'','','26-01-2020','Haryana','Bhiwani','Rajput Dharamshala Rohtak road Bhiwani',NULL,'Somnath','Ramayan','H no 64B near PWD house Jagat colony Bhiwani Haryana','9812021218','01-01-1961','Male','248910405572','Shriram juice corner','Maham gate Bhiwani',NULL,'2191','Cash','','','','28012020100232',1,'2020-01-28 10:02:38'),(275,'','','26-01-2020','Haryana','Bhiwani','Rajpoot Dharmshala Rohtak Gate',NULL,'Babar','Hoshiar','vill Dhabi Naurangabad Bamla Bhiwani','9416864930','05-05-1980','Male','270436602880','Chand karyana store','bhiwani',NULL,'2194','Cash','','','','28012020100246',1,'2020-01-28 10:02:51'),(276,'','','26-01-2020','Haryana','Bhiwani','Rajpoot Dharmshala Rohtak Gate',NULL,'Ravi','Shyam Bihari','near old bus stand road nya bazar bhiwani','8950049555','08-01-1995','Male','692831268888','Bala Ji karyana store','bhiwani',NULL,'2195','Cash','','','','28012020100549',1,'2020-01-28 10:05:53'),(277,'','','26-01-2020','Haryana','Bhiwani','Rajpoot Dharmshala Rohtak Gate',NULL,'Jagdish','Amar Singh','Maham Road Bhiwani','9354913278','30-06-1971','Male','491555488667','Jagdish Dugh Coala','old bus stand bhiwani',NULL,'2196','Cash','','','','28012020100942',1,'2020-01-28 10:09:46'),(278,'','','26-01-2020','Haryana','Bhiwani','Rajput Dharamshala Rohtak road Bhiwani',NULL,'dharmender singh','Dev Kishan','Shop no 35 Patanjali Arogya kender Bhiwani Haryana','9812909047','30-09-1984','Male','524505120168','Patanjali products Shop','Bhiwani Haryana',NULL,'2192','Cash','','','','28012020101044',1,'2020-01-28 10:10:48'),(279,'','','26-01-2020','Haryana','Bhiwani','Rajput Dharamshala Rohtak road Bhiwani',NULL,'Ramesh','Raj Kumar','vill Naurangabad 16 bamla Bhiwani Haryana','9728945345','01-01-1976','Male','688103062156','Rajesh kiryana Store','Bhiwani Haryana',NULL,'2193','Cash','','','','28012020101228',1,'2020-01-28 10:12:33'),(280,'','','28-01-2020','Haryana','Bhiwani','New Anaz Mandi Bhiwani Haryana',NULL,'Parveen Saini','Jai Singh Saini','dinod gate diwdebal sabhagar ke samne near parjapat Dharmshala Bhiwani Haryana','9812751444','21-04-1991','Male','908248525082','Shree Shyam sweets and milk centre','Bhiwani',NULL,'1802','Cash','','','','28012020172608',1,'2020-01-28 17:26:15'),(281,'','','28-01-2020','Haryana','Bhiwani','New Anaz Mandi Bhiwani Haryana',NULL,'kirori Mal','neki Ram','kaunt road gali no 13 Shanti Nagar Bhiwani Haryana','9467218015','01-01-1970','Male','449698412051','ice Cream Shop','kount road Bhiwani',NULL,'1803','Cash','','','','28012020172838',1,'2020-01-28 17:28:44'),(282,'','','28-01-2020','Haryana','Bhiwani','New Anaz Mandi Bhiwani Haryana',NULL,'Suresh Kamra','tek Chand Kamra','H no 329/4 ward no 25 Krishna colony Bhiwani Haryana','9728140104','05-05-1957','Male','550457579392','Subhash Dairy','Bhiwani',NULL,'1804','Cash','','','','28012020173029',1,'2020-01-28 17:30:35'),(283,'','','28-01-2020','Haryana','Bhiwani','New Anaz Mandi Bhiwani Haryana',NULL,'Dinesh berlia','Krishan berlia','SCF 34 New grain market Bhiwani Haryana','9215980870','25-03-1982','Male','247297717080','berlia Bros New Anaz Mandi','Bhiwani',NULL,'1805','Cash','','','','28012020173224',1,'2020-01-28 17:32:30'),(284,'','','28-01-2020','Haryana','Bhiwani','New Anaz Mandi Bhiwani Haryana',NULL,'Suresh Kumar','Hans Raj','H no c 154 Hero wali gali Bhiwani Haryana','9992136576','27-12-1968','Male','24070365624','Hansraj Suresh Kumar kiryana Store','New Anaz Mandi Bhiwani',NULL,'1806','Cash','','','','28012020173837',1,'2020-01-28 17:38:44'),(285,'','','28-01-2020','Haryana','Bhiwani','New Anaz Mandi Bhiwani Haryana',NULL,'Amit Goyal','Kapur Chand Goyal','H SCF 24 New Anaz Mandi HUDA town center Bhiwani Haryana','8930000096','24-05-1986','Male','993000603827','Amit trading company','New Anaz Mandi Bhiwani',NULL,'1807','Cash','','','','28012020211748',1,'2020-01-28 21:18:03'),(286,'','','28-01-2020','Haryana','Bhiwani','New Anaz Mandi Bhiwani Haryana',NULL,'Mukesh Kumar','Om Parkash Agarwal','H no 693/1 gali no Uttam Nagar lohru road Bhiwani Haryana','9728324512','25-11-1975','Male','759267138263','Mukesh Gen Store','New Anaz Mandi Bhiwani',NULL,'1808','Cash','','','','28012020212054',1,'2020-01-28 21:21:00'),(287,'','','28-01-2020','Haryana','Bhiwani','New Anaz Mandi Bhiwani Haryana',NULL,'Bhupinder Kumar','Sai Dass','373/1 near patwar khana Jain road Bhiwani Haryana','9255979314','18-09-1968','Male','346079774216','Naveen Dairy','Jain road Bhiwani',NULL,'1809','Cash','','','','28012020212310',1,'2020-01-28 21:23:18'),(288,'','','28-01-2020','Haryana','Bhiwani','New Anaz Mandi Bhiwani Haryana',NULL,'mahesh Kumar','Khushi Ram','Shop no 64 New Anaz Mandi Bhiwani Haryana','9255405754','18-02-1968','Male','269083641044','Sanjay kiryana Store','Bhiwani',NULL,'1810','Cash','','','','28012020212440',1,'2020-01-28 21:24:46'),(289,'','','28-01-2020','Haryana','Bhiwani','New Anaz Mandi Bhiwani Haryana',NULL,'Vinod Kumar','Tara Chand','gali Baba jhanagiri near nalevas gate Bhiwani Haryana','8395952304','25-08-1988','Male','457289928420','Mama bhanja mishthan Bhandar','New Anaz Mandi Bhiwani',NULL,'2811','Cash','','','','28012020212654',1,'2020-01-28 21:27:02'),(290,'','','28-01-2020','Haryana','Bhiwani','New Anaz Mandi Bhiwani Haryana',NULL,'Anil Agarwal','Ram Avtar Agarwal','Rana pana haluwas 102 Bhiwani Haryana','9812717268','06-07-1968','Male','985196917536','Goyal traders salwasia','New Anaz Mandi Bhiwani',NULL,'1813','Cash','','','','28012020212854',1,'2020-01-28 21:29:01'),(291,'','','28-01-2020','Haryana','Bhiwani','New Anaz Mandi Bhiwani Haryana',NULL,'Satbir singh','om Parkash','H no 609 angreji pana haluwas Bhiwani Haryana','9813712416','12-08-1971','Male','652069424351','droliya traders kiryana Store','New Anaz Mandi Bhiwani',NULL,'1812','Cash','','','','28012020213141',1,'2020-01-28 21:31:58'),(292,'','','28-01-2020','Haryana','Bhiwani','New Anaz Mandi Bhiwani Haryana',NULL,'phool Singh','probhati Ram','H no 101 ahiron ki gali Hanuman gate Bhiwani Haryana','9416523923','16-01-1967','Male','682444214095','Yadav mishthan Bhandar','hosiyan chowk Bhiwani',NULL,'1814','Cash','','','','28012020213415',1,'2020-01-28 21:34:22'),(293,'','','28-01-2020','Haryana','Bhiwani','New Anaz Mandi Bhiwani Haryana',NULL,'Bhupender','Mohan Lal','dinod road gali no 5 barma colony Sastri Nagar Bhiwani Haryana','9817950965','10-01-1985','Male','764388398576','Sai mishthan Bhandar','New Anaz Mandi Bhiwani',NULL,'1815','Cash','','','','28012020213629',1,'2020-01-28 21:36:35'),(294,'','','28-01-2020','Haryana','Bhiwani','New Anaz Mandi Bhiwani Haryana',NULL,'Umed Garg','Ram Bhagat','H no 999/5tosham road Geeta Oil mill Bhiwani Haryana','9255532195','10-09-1967','Male','768111221907','Garg confectionery','New Anaz Mandi Bhiwani',NULL,'1816','Cash','','','','28012020213859',1,'2020-01-28 21:39:11'),(295,'','','28-01-2020','Haryana','Bhiwani','New Anaz Mandi Bhiwani Haryana',NULL,'Vishnu parshad','Balbir parshad','gumani lohar gali 2 patram gate Bhiwani Haryana','9034838311','01-01-1965','Male','497440129948','Balaji kiryana Store','Bhiwani Haryana',NULL,'1817','Cash','','','','28012020214048',1,'2020-01-28 21:40:55'),(296,'','','28-01-2020','Haryana','Bhiwani','New Anaz Mandi Bhiwani Haryana',NULL,'Fateh Singh','Kishan Lal','474 Rajgarh 100 Bhiwani Rajgarh Haryana','9416230699','01-01-1963','Male','667377975325','Pawan tea stal and mishthan Bhandar','Jan seva Sadan Bhiwani',NULL,'1818','Cash','','','','28012020214249',1,'2020-01-28 21:42:55'),(297,'','','28-01-2020','Haryana','Bhiwani','New Anaz Mandi Bhiwani Haryana',NULL,'Shiv Narayan','Nathu Ram','Murari Lal ki gali near gaushala Market Bhiwani Haryana','9215287688','01-04-1961','Male','541141142579','Shiv trading company','New Anaz Mandi',NULL,'1819','Cash','','','','28012020214428',1,'2020-01-28 21:44:36'),(298,'','','28-01-2020','Haryana','Bhiwani','New Anaz Mandi Bhiwani Haryana',NULL,'Sandeep Bansal','Ram Babu Agarwal','angreji pana goon haluwas devsar Majra Bhiwani Haryana','9416230301','16-11-1985','Male','389561933575','hsluwasya store kiryana Store','New Anaz Mandi Bhiwani Haryana',NULL,'1820','Cash','','','','28012020214652',1,'2020-01-28 21:47:05'),(299,'','','28-01-2020','Haryana','Bhiwani','New Anaz Mandi Bhiwani Haryana',NULL,'Anup Singh','inder Singh','H no luharu road New Anaz Mandi Bhiwani Haryana','9034615742','28-06-1977','Male','309906682533','Anup mishthan Bhandar','New Anaz Mandi Bhiwani',NULL,'1821','Cash','','','','28012020214849',1,'2020-01-28 21:48:56'),(300,'','','28-01-2020','Haryana','Bhiwani','New Anaz Mandi Bhiwani Haryana',NULL,'Mangal Singh','Satpal','jatai 54 Bhiwani jatai Haryana','8607662489','10-06-1992','Male','628234357404','Bhawani juice','Anaz Mandi Bhiwani',NULL,'1822','Cash','','','','28012020215043',1,'2020-01-28 21:50:50'),(301,'','','28-01-2020','Haryana','Bhiwani','New Anaz Mandi Bhiwani Haryana',NULL,'balveer','Ram ji Lal','H no 277 New basti Bhiwani Haryana','7988304376','01-01-1943','Male','289324782488','Balli fruit Shop','opp Anaz Mandi gate Bhiwani',NULL,'1823','Cash','','','','28012020215253',1,'2020-01-28 21:53:00'),(302,'','','28-01-2020','Haryana','Bhiwani','New Anaz Mandi Bhiwani Haryana',NULL,'Suraj Bhan','Krishan Lal','Dhani charkhan patram gate Bhiwani Haryana','9896732563','02-10-1973','Male','602110921530','Shiv Bhola mishthan Bhandar','New Anaz Mandi Bhiwani',NULL,'1824','Cash','','','','28012020221424',1,'2020-01-28 22:14:36'),(303,'','','31-01-2020','Haryana','Charkhi Dadri','Agersen Dharmshala',NULL,'Ashish','Dunger Pal','Anaj Mandi Charkhi Dadri','9991199300','29-03-1980','Male','694238165579','Ram Saroop dass Gokal Chand','Dadri',NULL,'1640','Cash','','','','01022020190703',1,'2020-02-01 19:07:18'),(304,'','','31-01-2020','Haryana','Charkhi Dadri','Agersen Dharmshala',NULL,'Shammi Narang Swami','Hoshiar Singh','57 kadma bhiwani','9812535030','01-05-1987','Male','605981895171','Agarual sweets','charkhi dadri',NULL,'1620','Cash','','','','01022020191051',1,'2020-02-01 19:11:05'),(305,'','','31-01-2020','Haryana','Charkhi Dadri','Agersen Dharmshala',NULL,'Satish Kumar goyal','Krishna kumar','h no. 421old jhajjar road ward no.10 charkhi dadri','9416092034','13-10-1973','Male','707793096482','Krishna kanhiya trading co.','rasiwasia market charkhi dadri',NULL,'1619','Cash','','','','01022020191640',1,'2020-02-01 19:16:55'),(306,'','','31-01-2020','Haryana','Charkhi Dadri','Agersen Dharmshala',NULL,'Dinesh kuma','saidittaRam','Rangila hanuman mandir charkhi dadri','9812521697','10-10-1978','Male','254524239439','saiditta Ram fast food and vegetable','charkhi dadri',NULL,'1601','Cash','','','','01022020192310',1,'2020-02-01 19:23:25'),(307,'','','31-01-2020','Haryana','Charkhi Dadri','Agersen Dharmshala',NULL,'Ashok Swami','Shri Chand Swami','heera chowk ward no 13 house number 204 ch. dadri','9812220362','14-11-1956','Male','416480404242','swami sweet','near parsoram chowk',NULL,'1602','Cash','','','','01022020192628',1,'2020-02-01 19:26:42'),(308,'','','31-01-2020','Haryana','Charkhi Dadri','Agersen Dharmshala',NULL,'Gourav Gupta','Shiv Charn','Raswasian market charkhi dadri','8570090030','24-01-1993','Male','591089208637','Gaurav Gupta tea stall','raswasian market dadri',NULL,'1603','Cash','','','','01022020193001',1,'2020-02-01 19:30:16'),(309,'','','31-01-2020','Haryana','Charkhi Dadri','Agersen Dharmshala',NULL,'Devender kumar','late Arjun singh','old sabji mandi dadri','9813010040','26-10-1959','Male','4309867233356','devender tea stall','old sabji mandi',NULL,'1604','Cash','','','','01022020193249',1,'2020-02-01 19:33:03'),(310,'','','31-01-2020','Haryana','Charkhi Dadri','Agersen Dharmshala',NULL,'Ankit Gautam','Chhabil Dass Gupta','near payal hospital Delhi road dadri','9813873133','07-12-1987','Male','50395509981','ankit Gupta atta chakki','Delhi road dadri',NULL,'1605','Cash','','','','01022020193724',1,'2020-02-01 19:37:38'),(311,'','','31-01-2020','Haryana','Charkhi Dadri','Agarshen Dharmshala',NULL,'Mukesh Kumar','Ram Nibash','Atela khurd87 Atela khurd Bhiwani Haryana','9050055633','01-02-1982','Male','504059835943','Mukesh kiryana Store','sabzi Mandi Dadri',NULL,'1878','Cash','','','','01022020200712',1,'2020-02-01 20:07:27'),(312,'','','31-01-2020','Haryana','Charkhi Dadri','Agarshen Dharmshala',NULL,'Ram Nath Singh','Dalip Singh','ward no 13 badhwana gate Dadri','9728376126','24-04-1972','Male','294970097240','Deepak Kiryana Store','Dadri',NULL,'1879','Cash','','','','01022020200946',1,'2020-02-01 20:10:01'),(313,'','','31-01-2020','Haryana','Charkhi Dadri','Agarshen Dharmshala',NULL,'Naveen Kumar','Balwant Singh','Saini Gang mohalla ward no 13 Charkhi Dadri City','9813270005','10-03-1986','Male','330027420449','Balwant Sweets and cold Drinks','Dadri',NULL,'1880','Cash','','','','01022020201220',1,'2020-02-01 20:12:34'),(314,'','','31-01-2020','Haryana','Charkhi Dadri','Agarshen Dharmshala',NULL,'Mohit Kumar','Ramesh Kumar','ward no 5 Champa Puri gali no 8 Rohtak road Dadri','9817681293','16-12-1994','Male','872999977465','Mohit kiryana Store','Dadri',NULL,'1881','Cash','','','','01022020201636',1,'2020-02-01 20:16:50'),(315,'','','31-01-2020','Haryana','Charkhi Dadri','Agarshen Dharmshala',NULL,'Yogesh Kumar','Om Parkash Mittal','Near old sabzi Mandi Dadri City Haryana','9812088173','29-03-1981','Male','748832431449','lakhya Namkeen Bhandar','Dadri Haryana',NULL,'1882','Cash','','','','01022020201926',1,'2020-02-01 20:19:41'),(316,'','','31-01-2020','Haryana','Charkhi Dadri','Agarshen Dharmshala',NULL,'Ram niwas Goyal','Giyani Ram','house no 37 khajangi mohalla ward no 13 Charkhi Dadri City Haryana','9813814648','01-01-1943','Male','859102200569','Giyani Ram Ram Niwash kiryana Store','Dadri City Haryana',NULL,'1883','Cash','','','','01022020202342',1,'2020-02-01 20:23:56'),(317,'','','31-01-2020','Haryana','Charkhi Dadri','Agarshen Dharmshala',NULL,'Ram Bhagat','Norang Lal','H no 425 komou mohalla ward no 18 Dadri City Haryana','7015173906','21-01-1946','Male','735578869706','Goyal kiryana Store','Dadri City',NULL,'1884','Cash','','','','01022020202842',1,'2020-02-01 20:28:56'),(318,'','','31-01-2020','Haryana','Charkhi Dadri','Agarshen Dharmshala',NULL,'Suresh Kumar Goyal','Kanwar Lal Goyal','near old sabzi Mandi Charkhi Dadri City Haryana','9728351485','14-08-1977','Male','394035048728','Goyal kiryana Store','Charkhi Dadri',NULL,'1885','Cash','','','','01022020215115',1,'2020-02-01 21:51:31'),(319,'','','31-01-2020','Haryana','Charkhi Dadri','Agarshen Dharmshala',NULL,'Balbir Singh','Bansi lal','old Jhajjar road ward no 9 Sani pura tehsil Charkhi Dadri 147 Charkhi Dadri hsg11 Bhiwani Haryana','9991372809','15-05-1982','Male','865372638311','Kataria sweets','Dadri City Haryana',NULL,'1886','Cash','','','','01022020215513',1,'2020-02-01 21:55:28'),(320,'','','31-01-2020','Haryana','Charkhi Dadri','Agarshen Dharmshala',NULL,'Deepak','Mohan Lal','ward no 18 Charkhi Dadri','7988120896','16-05-1989','Male','921731147176','Kanhaiya kiryana Store','sabzi Mandi Charkhi Dadri City',NULL,'1887','Cash','','','','01022020220027',1,'2020-02-01 22:00:41'),(321,'','','31-01-2020','Haryana','Charkhi Dadri','Agarshen Dharmshala',NULL,'Mahavir Prasad','Shiv Kumar','Rohtak chowk Court road Charkhi Dadri City Haryana','8059263590','11-03-1979','Male','893182099079','Mahavir confectionery & cold Drinks','Charkhi Dadri City',NULL,'1888','Cash','','','','01022020220248',1,'2020-02-01 22:03:03'),(322,'','','31-01-2020','Haryana','Charkhi Dadri','Agarshen Dharmshala',NULL,'Pawan Kumar','Raghu Nath parshad','hamuder 7 Gandhi Nagar Dadri 147 Charkhi Dadri hsg11 Dadri City Haryana','9034907365','30-03-1976','Male','888512726945','Pawan kiryana Store','Dadri City',NULL,'1889','Cash','','','','01022020220527',1,'2020-02-01 22:05:49'),(323,'','','31-01-2020','Haryana','Charkhi Dadri','Agarshen Dharmshala',NULL,'Bhagwan das','Govind Ram','near Rangeela Hanuman Mandir Charkhi Dadri City Haryana','9728877249','01-01-2020','Male','956495625520','Bhagwan das Govind Ram','Charkhi Dadri City',NULL,'1890','Cash','','','','01022020220912',1,'2020-02-01 22:09:27'),(324,'','','31-01-2020','Haryana','Charkhi Dadri','Agarshen Dharmshala',NULL,'Joginder','Krishan Kumar','old sabji Mandi railway road Charkhi Dadri City Haryana','9812814899','02-03-1986','Male','776152051585','Krishan Halwai','Charkhi Dadri City',NULL,'1891','Cash','','','','01022020221153',1,'2020-02-01 22:12:08'),(325,'','','31-01-2020','Haryana','Charkhi Dadri','Agarshen Dharmshala',NULL,'Ramesh Kumar','Balbir Singh','376/1 near Bala wala Mandir Saini pura ward no 10 Charkhi Dadri City Haryana','9812508990','02-01-1979','Male','972501627969','mainta biscuit bakery','Charkhi Dadri',NULL,'1892','Cash','','','','01022020221520',1,'2020-02-01 22:15:36'),(326,'','','31-01-2020','Haryana','Charkhi Dadri','Agarshen Dharmshala',NULL,'Ram Kishan','Jagan Nath','ward no 7 Charkhi Dadri City Haryana','9813991861','16-12-1954','Male','245249330105','Jagan Nath Lalit Kumar kiryana Store','Charkhi Dadri',NULL,'1893','Cash','','','','01022020221743',1,'2020-02-01 22:17:58'),(327,'','','31-01-2020','Haryana','Charkhi Dadri','Agarshen Dharmshala',NULL,'jai Parkash','Arjun Das','rasi wasia Market old anaz Mandi ward no 8 Charkhi Dadri City Haryana','9812296485','10-10-1952','Male','233217452999','Shree Krishna trading company','Charkhi Dadri City',NULL,'1895','Cash','','','','01022020222018',1,'2020-02-01 22:20:32'),(328,'','','31-01-2020','Haryana','Charkhi Dadri','Agarshen Dharmshala',NULL,'Kuldeep Swami','Ram niwas Swami','Rohtak road near HDFC Bank Charkhi Dadri City Haryana','9812581907','03-01-1991','Male','938580298641','ROM Niwas Halwai','Charkhi Dadri City',NULL,'1896','Cash','','','','01022020222244',1,'2020-02-01 22:22:59'),(329,'','','31-01-2020','Haryana','Charkhi Dadri','Agarshen Dharmshala',NULL,'Suresh Kumar Chauhan','Hukum Singh Chauhan','H no 97 Baroda Sadar mahuar Agra Uttar Pradesh','9992296155','22-07-1971','Male','667706063202','Chauhan petha Bhandar','Charkhi Dadri City',NULL,'1897','Cash','','','','01022020222509',1,'2020-02-01 22:25:24'),(330,'','','31-01-2020','Haryana','Charkhi Dadri','Agarshen Dharmshala',NULL,'Dinesh Rathod','Santoshi Lal Rathod','H no 316 Champa Puri ward no 5 Charkhi Dadri City Haryana','9728556549','07-08-1982','Male','379000128830','Agra peda Bhandar','Charkhi Dadri City',NULL,'1898','Cash','','','','01022020222751',1,'2020-02-01 22:28:06'),(331,'','','31-01-2020','Haryana','Charkhi Dadri','Agarshen Dharmshala',NULL,'Bhupender Saini','Sawroop','ghikara road nazdik light house ward no 2 H no 415/2 Charkhi Dadri City Haryana','9812438605','16-09-1983','Male','299477514233','Anmol biscuit bakery','old sabzi Mandi Dadri City',NULL,'1899','Cash','','','','01022020223115',1,'2020-02-01 22:31:29'),(332,'','','31-01-2020','Haryana','Charkhi Dadri','Agarshen Dharmshala',NULL,'Suresh Kumar','Ram Kishan','ward no 7 Gandhi Nagar Charkhi Dadri City Haryana','9050461965','20-06-1980','Male','929529052455','Suresh Kumar kiryana Store','Charkhi Dadri City',NULL,'1894','Cash','','','','01022020223337',1,'2020-02-01 22:33:51'),(333,'','','31-01-2020','Haryana','Charkhi Dadri','Agarshen Dharmshala',NULL,'Vikas Goyal','Subhash Goyal','Heera chowk H no 293 ward no 18 Charkhi Dadri City Haryana','9728874100','07-10-1989','Male','634996829333','vikash Goyal agency kiryana','old Bus stand Charkhi Dadri City',NULL,'1900','Cash','','','','01022020223548',1,'2020-02-01 22:36:02'),(334,'','','31-01-2020','Haryana','Charkhi Dadri','Agarshen Dharmshala',NULL,'Chandu lal','hira lal','house no340 ghikara road ward no4 Charkhi Dadri City Haryana','9991267467','01-01-1941','Male','616452220814','Haryana trading company','Charkhi Dadri City',NULL,'1825','Cash','','','','02022020125041',1,'2020-02-02 12:50:57'),(335,'','','31-01-2020','Haryana','Charkhi Dadri','Agarshen Dharmshala',NULL,'Shankar Bhan','Narain das','near Mata Jhajjar Ghati ward no 15 tehsil Charkhi Dadri City Haryana','9466756565','24-01-1964','Male','266364379000','chanan Das Narain Das kiryana Store','Charkhi Dadri',NULL,'1826','Cash','','','','02022020125323',1,'2020-02-02 12:53:39'),(336,'','','31-01-2020','Haryana','Charkhi Dadri','Agarshen Dharmshala',NULL,'Bhagwati parsad','ramautar','m no 10 ward 10 Ramdas Nagar Charkhi Dadri 147 Haryana','9813271041','03-03-1966','Male','330286234286','Bhagwati parsad kiryana and confectionery Store','Charkhi Dadri City',NULL,'1827','Cash','','','','02022020125723',1,'2020-02-02 12:57:38'),(337,'','','31-01-2020','Haryana','Charkhi Dadri','Agarshen Dharmshala',NULL,'Lakshmi Chand','jagati ram','Jhajjar Ghati ward no 15 Charkhi Dadri City Haryana','9813355250','01-01-1947','Male','834280182077','Deva Ram jagati Ram kiryana Store','Purana Bus stand dadri',NULL,'1828','Cash','','','','02022020130023',1,'2020-02-02 13:00:38'),(338,'','','31-01-2020','Haryana','Charkhi Dadri','Agarshen Dharmshala',NULL,'Suresh Kumar','Hanuman Dass','Heera chowk ward no 18 Charkhi Dadri City Haryana','9813362203','02-04-1954','Male','265025932985','parshotem kiryana Store','purani sabzi Mandi Charkhi Dadri',NULL,'1829','Cash','','','','02022020130258',1,'2020-02-02 13:03:13'),(339,'','','31-01-2020','Haryana','Charkhi Dadri','Agarshen Dharmshala',NULL,'Naveen Kumar','Munshi Ram','purani sabzi Mandi Dadri City Haryana','9992211702','14-08-1975','Male','630640273832','Munshi Ram Rakesh Kumar kiryana Store','Charkhi Dadri City',NULL,'1830','Cash','','','','02022020130504',1,'2020-02-02 13:05:20'),(340,'','','31-01-2020','Haryana','Charkhi Dadri','Agarshen Dharmshala',NULL,'Krishan Kumar','Dal Chand','Saini Puri ward no 9 tehsil Charkhi Dadri 147 Charkhi Dadri City Haryana','9813789674','15-10-1972','Male','559355498864','Monu kiryana Store','old Bus stand railway road Charkhi Dadri',NULL,'1831','Cash','','','','02022020130756',1,'2020-02-02 13:08:11'),(341,'','','31-01-2020','Haryana','Charkhi Dadri','Agarshen Dharmshala',NULL,'Lal Chand','Mata din','H no 148 Charkhi Dadri City Haryana','9813226294','01-01-1951','Male','889874195919','Lal Chand retail Shop','Rohtak road Dadri City',NULL,'1832','Cash','','','','02022020131038',1,'2020-02-02 13:10:53'),(342,'','','31-01-2020','Haryana','Charkhi Dadri','Agarshen Dharmshala',NULL,'Arvind Kumar','Shiv Kumar','main bazar near Anaz Mandi Dadri 147 Dadri City Haryana','9034456353','08-10-1982','Male','969788631269','Laxmi floor mill','rasueasiya Market Charkhi Dadri',NULL,'1833','Cash','','','','02022020131343',1,'2020-02-02 13:13:59'),(343,'','','31-01-2020','Haryana','Charkhi Dadri','Agarshen Dharmshala',NULL,'Sandeep Kumar','Gaja Nand','pardhano ka mohalla ward no 14 Dadri 147 Charkhi Dadri City Haryana','9812660653','10-10-1982','Male','803644298894','Gaja Nand Sandeep Kumar Halwai','old Bus stand railway road Charkhi Dadri',NULL,'1834','Cash','','','','02022020131808',1,'2020-02-02 13:18:23'),(344,'','','31-01-2020','Haryana','Charkhi Dadri','Agarshen Dharmshala',NULL,'om Parkash','Tara Chand','H no 103 Gandhi Nagar ward no 7 Dadri City Haryana','8059253444','31-10-1948','Male','293643604315','Rajender Kumar Rajiv Kumar kiryana Store','Charkhi Dadri City',NULL,'1835','Cash','','','','02022020132239',1,'2020-02-02 13:22:54'),(345,'','','31-01-2020','Haryana','Charkhi Dadri','Agarshen Dharmshala',NULL,'ved Prakash','Babu Ram','Saini pura vidha vihar colony m no 109/1 ward no 9 Dadri 147 Charkhi Dadri City Haryana','9416349703','15-01-1971','Male','547111245155','Babu Ram samosey wala','Charkhi Dadri',NULL,'1836','Cash','','','','02022020132511',1,'2020-02-02 13:25:26'),(346,'','','31-01-2020','Haryana','Charkhi Dadri','Agarshen Dharmshala',NULL,'Bharat Singh','chuni Lal','H no 517 ward no 13 Saini Ganj mohalla dadri hsg ii Charkhi Dadri City Haryana','9315378596','01-01-1960','Male','775793571671','Bharat sweets Halwai','Charkhi Dadri City',NULL,'1837','Cash','','','','02022020132944',1,'2020-02-02 13:29:59'),(347,'','','31-01-2020','Haryana','Charkhi Dadri','Agarshen Dharmshala',NULL,'Hitesh Aggarwal','Krishan Kumar Aggarwal','old sabzi Mandi railway road Charkhi Dadri City Haryana','7206265190','22-02-1993','Male','782874425719','Santosh Gen Store','Charkhi Dadri',NULL,'1838','Cash','','','','02022020133307',1,'2020-02-02 13:33:23'),(348,'','','31-01-2020','Haryana','Charkhi Dadri','Agarshen Dharmshala',NULL,'Rajesh Gupta','Shri Krishan Gupta','Gandhi Nagar Dadri 147 Charkhi Dadri City Haryana','9812785640','27-03-1975','Male','515151362745','Manju traders CCI road near Post office','Charkhi Dadri City',NULL,'1839','Cash','','','','02022020133715',1,'2020-02-02 13:37:31'),(349,'','','31-01-2020','Haryana','Charkhi Dadri','Agarshen Dharmshala',NULL,'Jai Narayan','Krishan Sharma','ward no 6 Prem Nagar gali no 2 Dadri 147 Charkhi Dadri City Haryana','9728947435','31-01-1992','Male','620724258662','kiryana Store','Charkhi Dadri City',NULL,'1840','Cash','','','','02022020134113',1,'2020-02-02 13:41:28'),(350,'','','31-01-2020','Haryana','Charkhi Dadri','Agarshen Dharmshala',NULL,'Prem Kumar','Ram Kumar','Mangal Market old Bus stand Dadri 147 Charkhi Dadri City Haryana','9050042755','07-03-1959','Male','223281746271','Tika Ram Prem Kumar kiryana Store','railway road Charkhi Dadri',NULL,'1841','Cash','','','','02022020134359',1,'2020-02-02 13:44:14'),(351,'','','31-01-2020','Haryana','Charkhi Dadri','Agarshen Dharmshala',NULL,'Suresh Kumar','loku Ram','ward no 13 near gaushala Charkhi Dadri City Haryana','9812822990','30-03-1968','Male','296327662637','loku Ram Ram Dass kiryana Store','Charkhi Dadri',NULL,'1842','Cash','','','','02022020134910',1,'2020-02-02 13:49:26'),(352,'','','31-01-2020','Haryana','Charkhi Dadri','Agarshen Dharmshala',NULL,'Naveen Kumar','Umed Singh','Bus stand road Naveen kiryana Store ward no 16 Dadri Charkhi Dadri City Haryana','9728891900','10-03-1977','Male','207611571077','Naveen kiryana Store','New Bus stand road Charkhi Dadri',NULL,'1843','Cash','','','','02022020135219',1,'2020-02-02 13:52:35'),(353,'','','31-01-2020','Haryana','Charkhi Dadri','Agarshen Dharmshala',NULL,'Sahil Garg','Rakesh Garg','Gandhi Nagar Charkhi Dadri City Haryana','9812144921','13-07-1997','Male','575850256164','Akash kiryana Store','Charkhi Dadri',NULL,'1844','Cash','','','','02022020135434',1,'2020-02-02 13:54:49'),(354,'','','31-01-2020','Haryana','Charkhi Dadri','Agarshen Dharmshala',NULL,'Suresh Kumar','Jagdish parshad','H no 24 birhi wala ward no 9 tehsil Charkhi Dadri 147 Haryana','8059421211','15-05-1972','Male','287662281140','Subhash kiryana Store','Charkhi Dadri City',NULL,'1845','Cash','','','','02022020135715',1,'2020-02-02 13:57:30'),(355,'','','31-01-2020','Haryana','Charkhi Dadri','Agarshen Dharmshala',NULL,'Krishan Kumar','kirorimal Goyal','H no 171 Upkar hospital near New Bus stand ward no 16 tehsil Charkhi Dadri City Haryana','9996725865','05-04-1956','Male','770012076043','Krishan kiryana Store','Charkhi Dadri',NULL,'1846','Cash','','','','02022020140041',1,'2020-02-02 14:00:56'),(356,'','','31-01-2020','Haryana','Charkhi Dadri','Agarshen Dharmshala',NULL,'Prem Nath','veer Bhan','H no 465 Subhash chowk ke pass ward no 14 dadri 147 Charkhi Dadri City Haryana','9896221555','15-07-1950','Male','817407148804','veer Bhan Prem Nath kiryana Store','Charkhi Dadri',NULL,'1847','Cash','','','','02022020140452',1,'2020-02-02 14:05:08'),(357,'','','31-01-2020','Haryana','Charkhi Dadri','Agarshen Dharmshala',NULL,'Amit Kumar','Sohan Lal','H no 228 ward no 7 Gandhi Nagar Charkhi Dadri City Haryana','9992463698','05-06-1984','Male','915622946834','Ghunu dhaba','Dadri City',NULL,'1848','Cash','','','','02022020140751',1,'2020-02-02 14:08:06'),(358,'','','31-01-2020','Haryana','Charkhi Dadri','Agarshen Dharmshala',NULL,'Sanjay','Shyam Lal','behind gaushala H no 718 ward no 13 Charkhi Dadri City Haryana','8168245515','07-08-1988','Male','215700689226','Sanjay traders kiryana Store','Charkhi Dadri',NULL,'1849','Cash','','','','02022020141000',1,'2020-02-02 14:10:15'),(359,'','','31-01-2020','Haryana','Charkhi Dadri','Agarshen Dharmshala',NULL,'Satbir','Rama Nand Swami','ghikara road ward no 3 near vishava Karma colony Charkhi Dadri City Haryana','9050389300','20-02-1976','Male','822085385393','Balaji kiryana Store','Charkhi Dadri City',NULL,'1850','Cash','','','','02022020141212',1,'2020-02-02 14:12:27'),(360,'','','31-01-2020','Haryana','Charkhi Dadri','Agersen Dharmshala',NULL,'Rajesh Mittal','Sagar Mal','ward no.13 h no.105/1 CH.Dadri','9992299398','05-05-1974','Male','833991573158','Sagar mal karyana store','CH.Dadri',NULL,'1606','Cash','','','','03022020185149',1,'2020-02-03 18:52:06'),(361,'','','31-01-2020','Haryana','Charkhi Dadri','Agersen Dharmshala',NULL,'Mohit Kumar','Vijay Kumar','ward no. 15 singhal mohala','8607984062','03-02-1982','Male','328583405886','Ambe karyana store','main bazar Dadri',NULL,'1607','Cash','','','','03022020185501',1,'2020-02-03 18:55:17'),(362,'','','31-01-2020','Haryana','Charkhi Dadri','Agersen Dharmshala',NULL,'Rahul Garg','Virender Kumar','ward no.15 charkhi gate Dadri','9813037066','24-01-1985','Male','505571434834','Vikas karyana store','main bazar dadri',NULL,'1608','Cash','','','','03022020185808',1,'2020-02-03 18:58:24'),(363,'','','31-01-2020','Haryana','Charkhi Dadri','Agersen Dharmshala',NULL,'Krishan Garg','Ashok Kumar','ward no. 4 ganochi market CH. Dadri','9728195800','10-12-1984','Male','234911397678','DIVYA sales agency ( karyana)','ganochi market CH. Dadri',NULL,'1609','Cash','','','','03022020190215',1,'2020-02-03 19:02:32'),(364,'','','31-01-2020','Haryana','Charkhi Dadri','Agersen Dharmshala',NULL,'Nitin','Manesh','vpo jharli h no.154 jhajjar haryana','7404751947','23-06-1991','Male','556813004399','Moti Sweet','railway road CH.Dadri',NULL,'1610','Cash','','','','03022020190502',1,'2020-02-03 19:05:19'),(365,'','','31-01-2020','Haryana','Charkhi Dadri','Agarshen Dharmshala',NULL,'Satbir','Rama Nand Swami','ghikara road ward no 3 near vishava Karma colony Charkhi Dadri City Haryana','9050389300','20-02-1976','Male','822085385393','Balaji kiryana Store','Charkhi Dadri',NULL,'1850','Cash','','','','03022020192629',1,'2020-02-03 19:26:47'),(366,'','','31-01-2020','Haryana','Charkhi Dadri','Agarshen Dharmshala',NULL,'Gori Shankar','Virender Kumar','Parshuram chowk old civil hospital road Charkhi Dadri City Haryana','9896742575','17-09-1984','Male','407691354722','Satyam kiryana Store','Charkhi Dadri',NULL,'1851','Cash','','','','03022020192848',1,'2020-02-03 19:29:07'),(367,'','','31-01-2020','Haryana','Charkhi Dadri','Agarshen Dharmshala',NULL,'Anil Kumar','dharmbir','vpo neemli teh and dist Charkhi Dadri City Haryana','9050706844','18-01-1983','Male','892587799441','MMD DERI BIROHAR','Charkhi Dadri',NULL,'1852','Cash','','','','03022020193052',1,'2020-02-03 19:31:08'),(368,'','','31-01-2020','Haryana','Charkhi Dadri','Agarshen Dharmshala',NULL,'Gulshan Kumar','Bhagwan Das','ward no 14 dadri 147 Charkhi Dadri hsg11 Bhiwani Haryana','9466858613','29-02-1976','Male','291697341268','Gulshan juice place','Charkhi Dadri',NULL,'1853','Cash','','','','03022020193244',1,'2020-02-03 19:33:00'),(369,'','','31-01-2020','Haryana','Charkhi Dadri','Agarshen Dharmshala',NULL,'Jagdish Kumar','Bhagwan Dass','Subhas chowk ward no 14 Dadri 147 Charkhi Dadri City Haryana','9812331456','01-04-1967','Male','849680253016','Lucky bakery and juice corner','Charkhi Dadri',NULL,'1854','Cash','','','','03022020193436',1,'2020-02-03 19:34:53'),(370,'','','31-01-2020','Haryana','Charkhi Dadri','Agarshen Dharmshala',NULL,'Dharm Raj','Shankar Lal','jhanswa 156 Jhajjar Haryana 124196','9991264780','10-07-1974','Male','695896118476','Dharma Halwai and kiryana Store','Charkhi Dadri',NULL,'1855','Cash','','','','03022020193629',1,'2020-02-03 19:36:47'),(371,'','','31-01-2020','Haryana','Charkhi Dadri','Agarshen Dharmshala',NULL,'Sandeep Kumar','Virbhan','near railway station Charkhi Dadri City Haryana','7206149368','22-01-1983','Male','939473682260','virbhan sudh Vaishno hotel','railway station Charkhi Dadri',NULL,'1856','Cash','','','','03022020193853',1,'2020-02-03 19:39:19'),(372,'','','31-01-2020','Haryana','Charkhi Dadri','Agarshen Dharmshala',NULL,'Shankar Lal','parbhati Lal','railway road Charkhi Dadri City Haryana','9813220933','26-09-1956','Male','912926618025','Shankar Lal Bhim Sain kiryana Store','Charkhi Dadri',NULL,'1857','Cash','','','','03022020194149',1,'2020-02-03 19:42:07'),(373,'','','31-01-2020','Haryana','Charkhi Dadri','Agarshen Dharmshala',NULL,'Anil Kumar Bansal','Shankar Lal Bansal','railway road Charkhi Dadri City Haryana','9416426178','13-09-1974','Male','506051919776','Anil Kumar Sunil Kumar Oil supply','Charkhi Dadri',NULL,'1858','Cash','','','','03022020194340',1,'2020-02-03 19:43:57'),(374,'','','31-01-2020','Haryana','Charkhi Dadri','Agarshen Dharmshala',NULL,'Saroj Bala','Ashok Kumar','new Anaz Mandi Charkhi Dadri City Haryana','9728261300','01-01-1962','Male','837119389256','Ashok traders kiryana Store','Charkhi Dadri',NULL,'1859','Cash','','','','03022020194541',1,'2020-02-03 19:45:59'),(375,'','','31-01-2020','Haryana','Charkhi Dadri','Agarshen Dharmshala',NULL,'Madan Lal','Banwari Lal','ward no 2 Gandhi Nagar Charkhi Dadri City Haryana','9813332243','05-02-1955','Male','427433933900','Bhawani kiryana Store','Charkhi Dadri',NULL,'1860','Cash','','','','03022020194728',1,'2020-02-03 19:47:49'),(376,'','','31-01-2020','Haryana','Charkhi Dadri','Agarshen Dharmshala',NULL,'Suresh Kumar','Jagan Nath','railway road PWD rest house house no 258/1 ward no 4 Charkhi Dadri City Haryana','9416333564','20-10-1957','Male','585258130228','Suresh Kumar Sunil Kumar kiryana Store','Charkhi Dadri',NULL,'1861','Cash','','','','03022020195031',1,'2020-02-03 19:50:48'),(377,'','','31-01-2020','Haryana','Charkhi Dadri','Agarshen Dharmshala',NULL,'Amardeep','Parveen Kumar','Shop no 45 New sabzi Mandi Charkhi Dadri City Haryana','8930038823','23-12-1990','Male','988286697662','Krishna traders confectionery','Charkhi Dadri',NULL,'1862','Cash','','','','03022020195225',1,'2020-02-03 19:52:43'),(378,'','','31-01-2020','Haryana','Charkhi Dadri','Agarshen Dharmshala',NULL,'Pankaj Gupta','Suresh Chand','house no 442/1 Hira chowk ward no 13 Charkhi Dadri City Haryana','7988086480','01-05-1977','Male','794163497708','Harsh kiryana Store','Charkhi Dadri',NULL,'1863','Cash','','','','03022020195424',1,'2020-02-03 19:54:41'),(379,'','','31-01-2020','Haryana','Charkhi Dadri','Agarshen Dharmshala',NULL,'Ashok Kumar','Govind Ram','Back side sindhwani ice factory near Bala Mandir Charkhi Dadri City Haryana','9416287487','01-05-1956','Male','252200681143','Govind Ram Ashok Kumar kiryana Store','Charkhi Dadri',NULL,'1864','Cash','','','','03022020195703',1,'2020-02-03 19:57:23'),(380,'','','31-01-2020','Haryana','Charkhi Dadri','Agarshen Dharmshala',NULL,'Mahi Lal Saini','Ramlal Saini','H no 663 Saini ward no 13 Charkhi Dadri City Haryana','9416342960','09-07-1973','Male','581713877987','Ram Lal and sons sweet Shop','Charkhi Dadri',NULL,'1865','Cash','','','','03022020195907',1,'2020-02-03 19:59:55'),(381,'','','31-01-2020','Haryana','Charkhi Dadri','Agarshen Dharmshala',NULL,'Manoj Kumar','Ramesh Kumar','H no 637 ward no 18 singhan mohalla Charkhi Dadri City Haryana','9812320275','25-08-1984','Male','237781334030','Shankar enterprises kiryana Store','Charkhi Dadri',NULL,'1866','Cash','','','','03022020200343',1,'2020-02-03 20:04:04'),(382,'','','31-01-2020','Haryana','Charkhi Dadri','Agarshen Dharmshala',NULL,'Ram Das','chandra Bhan','H no 80 ward no 13 gaushala Charkhi Dadri City Haryana','9812341234','20-06-1967','Male','853521971886','Deep trading company kiryana Store','purani sabzi Mandi Charkhi Dadri',NULL,'1867','Cash','','','','03022020200712',1,'2020-02-03 20:07:29'),(383,'','','31-01-2020','Haryana','Charkhi Dadri','Agarshen Dharmshala',NULL,'Pardeep','Satya Narayan','railway road Charkhi Dadri City Haryana','9812113720','12-05-1979','Male','717469445676','Pardeep traders railway road','Charkhi Dadri',NULL,'1868','Cash','','','','03022020201026',1,'2020-02-03 20:10:43'),(384,'','','31-01-2020','Haryana','Charkhi Dadri','Agarshen Dharmshala',NULL,'Dharmender','Ram Avtar','ward no 13 jharnaghat Charkhi Dadri City Haryana','9812995673','15-06-1991','Male','899399521934','Mahadev kiryana Store','old Mandi Charkhi Dadri',NULL,'1869','Cash','','','','03022020201229',1,'2020-02-03 20:12:47'),(385,'','','31-01-2020','Haryana','Charkhi Dadri','Agarshen Dharmshala',NULL,'Naresh Kumar','Ram Chand','achina153 Bhiwani Haryana','9671883184','02-01-1974','Male','639307030989','Naresh Kumar kiryana Store','Charkhi Dadri',NULL,'1870','Cash','','','','03022020201500',1,'2020-02-03 20:15:16'),(386,'','','31-01-2020','Haryana','Charkhi Dadri','Agarshen Dharmshala',NULL,'Naveen Kumar','Radhe Shyam','railway road ward no 7 Charkhi Dadri City Haryana','9315161000','15-10-1977','Male','904220295976','Puran kiryana Store','Charkhi Dadri',NULL,'1871','Cash','','','','03022020201706',1,'2020-02-03 20:17:22'),(387,'','','31-01-2020','Haryana','Charkhi Dadri','Agarshen Dharmshala',NULL,'Manoj Kumar','Radhe Shyam','old Bus stand Charkhi Dadri City Haryana','9813116278','04-02-1982','Male','873418834966','Pankaj kiryana Store','Charkhi Dadri',NULL,'1872','Cash','','','','03022020201844',1,'2020-02-03 20:19:07'),(388,'','','31-01-2020','Haryana','Charkhi Dadri','Agarshen Dharmshala',NULL,'Ajay Singh Chauhan','Hukum Singh','Vivek Nagar Chan papuri Dadri 147 Bhiwani Haryana','8607575491','17-11-1976','Male','324070411310','Ajay Singh petha supply','Charkhi Dadri',NULL,'1873','Cash','','','','03022020202102',1,'2020-02-03 20:21:20'),(389,'','','31-01-2020','Haryana','Charkhi Dadri','Agersen Dharmshala',NULL,'Pawan Kadia','Madan Lal Kadia','rohtak road CH.Dadri','9891600416','25-03-1975','Male','714078497839','Daily need supermart','rohtak road ch. Dadri',NULL,'1611','Cash','','','','03022020202150',1,'2020-02-03 20:22:08'),(390,'','','31-01-2020','Haryana','Charkhi Dadri','Agarshen Dharmshala',NULL,'mange Ram Mittal','Raghu Vir Mittal','Bank side Gita bhavan ward no 9 Charkhi Dadri City Haryana','9355551796','01-01-1953','Male','256582595981','ashwrya kiryana Store','Charkhi Dadri',NULL,'1874','Cash','','','','03022020202330',1,'2020-02-03 20:23:47'),(391,'','','31-01-2020','Haryana','Charkhi Dadri','Agarshen Dharmshala',NULL,'Dipak Mittal','Ram vilash','near old Bus Stand Charkhi Dadri City Haryana','9812337766','23-02-1972','Male','330008212559','Lokesh trading company kiryana Store','Charkhi Dadri',NULL,'1875','Cash','','','','03022020202509',1,'2020-02-03 20:25:26'),(392,'','','31-01-2020','Haryana','Charkhi Dadri','Agarshen Dharmshala',NULL,'Arvind Mittal','Ram vilash Mittal','Bank side Gita bhavan Charkhi Dadri City Haryana','9416459609','16-05-1969','Male','642901029208','Arvind kiryana Store','Charkhi Dadri',NULL,'1876','Cash','','','','03022020202656',1,'2020-02-03 20:27:13'),(393,'','','31-01-2020','Haryana','Charkhi Dadri','Agarshen Dharmshala',NULL,'Manoj Kumar','Ram Partap','old Bus Stand Charkhi Dadri City Haryana','9812311711','02-05-1982','Male','432437692634','Pawan kiryana Store','Charkhi Dadri',NULL,'1877','Cash','','','','03022020202826',1,'2020-02-03 20:28:43'),(394,'','','31-01-2020','Haryana','Charkhi Dadri','Agarshen Dharmshala',NULL,'Chandu Lal','Heera Lal','ghikara road H no 340 railway road ward no 4 Charkhi Dadri City Haryana','9991267467','01-01-1941','Male','616452220814','Haryana trading company kiryana Store','Charkhi Dadri',NULL,'1825','Cash','','','','03022020203052',1,'2020-02-03 20:31:14'),(395,'','','31-01-2020','Haryana','Charkhi Dadri','Agarshen Dharmshala',NULL,'Shankar Bhan','Narain Das','near Mata Jhajjar Ghati ward no 15 Charkhi Dadri City Haryana','9466756565','24-01-1964','Male','266364379000','Charan Das Narain Das kiryana Store','Charkhi Dadri',NULL,'1826','Cash','','','','03022020203251',1,'2020-02-03 20:33:09'),(396,'','','31-01-2020','Haryana','Charkhi Dadri','Agarshen Dharmshala',NULL,'Bhagwati parsad','Ram Avtar','m n 10 ward 10 Ramdas Nagar Charkhi Dadri City Haryana','9813271041','03-03-1966','Male','330286234286','Bhagwati parsad kiryana Store','Charkhi Dadri',NULL,'1827','Cash','','','','03022020203458',1,'2020-02-03 20:35:15'),(397,'','','31-01-2020','Haryana','Charkhi Dadri','Agersen Dharmshala',NULL,'Parteek','Shiv Charn','prajapati bhawan ward no.7 Gandhi nagar CH Dadri','9017281483','15-04-1992','Male','375576813296','parteek karyana store','Gandhi nagar CH.Dadri',NULL,'1612','Cash','','','','03022020204620',1,'2020-02-03 20:46:37'),(398,'','','31-01-2020','Haryana','Charkhi Dadri','Agersen Dharmshala',NULL,'Kamal kumar','Tika Ram','Near Ramgita Hanuman Mandir CH. Dadri','9813344798','18-10-1981','Male','504505619081','Bhavya Karyana Store','old sabji mandi dadri',NULL,'1613','Cash','','','','05022020222916',1,'2020-02-05 22:29:22'),(399,'','','31-01-2020','Haryana','Charkhi Dadri','Agersen Dharmshala',NULL,'Ashish Airan','Ramesh Airan','CH.dadri','8168748252','18-08-1994','Male','7860556871227','Ramesh karyana Store','sabji mandi CH.Dadri',NULL,'1614','Cash','','','','05022020223430',1,'2020-02-05 22:34:34'),(400,'','','31-01-2020','Haryana','Charkhi Dadri','Agersen Dharmshala',NULL,'Uttam Chand','Sant Lal','ice factory CH.Dadri','8816026087','28-06-1959','Male','225941418627','Bansal Karyana Store','CH.Dadri',NULL,'1615','Cash','','','','05022020223708',1,'2020-02-05 22:37:13'),(401,'','','31-01-2020','Haryana','Charkhi Dadri','Agersen Dharmshala',NULL,'Munni Devi','Pawan kumar','rohtak road CH. dadri','9215524039','01-01-1962','Female','2403438755206','Shyam gram dal mil','rohtak road CH.dadri',NULL,'1621','Cash','','','','05022020224151',1,'2020-02-05 22:41:56'),(402,'','','31-01-2020','Haryana','Charkhi Dadri','Agersen Dharmshala',NULL,'Vinod Kumar Gupta','Ram Gopal Gupta','near railway station CH.dadri','9315331354','16-01-1963','Male','963215930372','Gopal flore mill','near railway station CH.dadri',NULL,'1623','Cash','','','','05022020224459',1,'2020-02-05 22:45:04'),(403,'','','31-01-2020','Haryana','Charkhi Dadri','Agersen Dharmshala',NULL,'Ashok Kumar Goyal','Durga Parshad Goyal','back side anaj mandi CH. dadri','9416056153','11-11-1964','Male','674488078871','Jugall Kishore Durga Dass','anaj mandi CH.Dadri',NULL,'1623','Cash','','','','05022020224921',1,'2020-02-05 22:49:25'),(404,'','','31-01-2020','Haryana','Charkhi Dadri','Agersen Dharmshala',NULL,'Krishan Lal','Ram Kumar','House number 47 Gandhi Nagar CH.Dadri','8929839298','10-04-1967','Male','831691149591','Ram Kumar Krishan Lal','old sabji mandi CH.Dadri',NULL,'1624','Cash','','','','05022020225406',1,'2020-02-05 22:54:11'),(405,'','','31-01-2020','Haryana','Charkhi Dadri','Agersen Dharmshala',NULL,'Anand  Bansal','Nand Ram Bansal','back side anaj mandi CH.Dadri','9992572702','15-03-1987','Male','416047091191','MN trading','dadri',NULL,'1625','Cash','','','','05022020225843',1,'2020-02-05 22:58:48'),(406,'','','31-01-2020','Haryana','Charkhi Dadri','Agersen Dharmshala',NULL,'Vikash Sharma','Balram Sharma','House number 1046 ward number 2 near Krishan chowk CH.dadri','9896330673','03-02-1984','Male','433778606055','vikas agency','Krishan chowk CH.dadri',NULL,'1626','Cash','','','','06022020104201',1,'2020-02-06 10:42:08'),(407,'','','31-01-2020','Haryana','Charkhi Dadri','Agersen Dharmshala',NULL,'Manju Ram','Phool Chand','ward number 6 prem Nagar CH.dadri','9671634174','01-01-1952','Male','941552289204','manju karyana','CH.Dadri',NULL,'1627','Cash','','','','06022020104510',1,'2020-02-06 10:45:17'),(408,'','','31-01-2020','Haryana','Charkhi Dadri','Agersen Dharmshala',NULL,'Ram Dita','Khem Chand','old bus stand CH.Dadri','9467115575','03-04-1943','Male','842494768703','Ram Ditta Fruit Corner','old bus stand CH.Dadri',NULL,'1636','Cash','','','','06022020104746',1,'2020-02-06 10:47:52'),(409,'','','31-01-2020','Haryana','Charkhi Dadri','Agersen Dharmshala',NULL,'Anil Kumar','Mansa Ram','old bus stand CH.dadri','9812752010','10-10-1968','Male','351992337179','Rajpal Karyana store','old bus stand CH.Dadri',NULL,'1616','Cash','','','','06022020105054',1,'2020-02-06 10:51:00'),(410,'','','31-01-2020','Haryana','Charkhi Dadri','Agersen Dharmshala',NULL,'Sanjay Kumar','Sagar Mal','hira chowk CH.Dadri','9466844571','01-01-1968','Male','524679578702','Sagar Mal Sanjay Kumar','hira chowk CH.Dadri',NULL,'1617','Cash','','','','06022020105347',1,'2020-02-06 10:53:54'),(411,'','','31-01-2020','Haryana','Charkhi Dadri','Agersen Dharmshala',NULL,'Rakesh Kumar','Mahabir Parshad','Raswasia market CH.Dadri','9355524121','08-09-1970','Male','320387830379','Mahabir Provisnal Store','Rasiwasia Market CH.Dadri',NULL,'1618','Cash','','','','06022020105714',1,'2020-02-06 10:57:20'),(412,'','','31-01-2020','Haryana','Charkhi Dadri','Agersen Dharmshala',NULL,'Ashish','Dungar Mal','anaj mandi chowk CH.Dadri','9991199300','29-03-1980','Male','694238165579','Ram Saroop Dass Gokal Chand','CH.Dadri',NULL,'1640','Cash','','','','06022020110004',1,'2020-02-06 11:00:10'),(413,'','','31-01-2020','Haryana','Charkhi Dadri','Agersen Dharmshala',NULL,'Rinku Saini','Charm Pal Saini','house number 485 ward number 13 sainiganj mohalla CH.Dadri','9812573099','05-08-1987','Male','453592805069','Rinku Karyana store','CH.Dadri',NULL,'1639','Cash','','','','06022020110309',1,'2020-02-06 11:03:15'),(414,'','','31-01-2020','Haryana','Charkhi Dadri','Agersen Dharmshala',NULL,'Sandeep Kumar','Mange Ram','railway road dadri','9315632474','05-07-1978','Male','323577248871','Sandeep Karyana store','railway rd CH.Dadri',NULL,'1638','Cash','','','','06022020110536',1,'2020-02-06 11:05:43'),(415,'','','31-01-2020','Haryana','Charkhi Dadri','Agersen Dharmshala',NULL,'Shiv Kumar','Ram Kumar','near railway road CH.Dadri','9728130811','01-01-1969','Male','350840437893','Shiv General Store','railway road CH.Dadri',NULL,'1637','Cash','','','','06022020110811',1,'2020-02-06 11:08:17'),(416,'','','31-01-2020','Haryana','Charkhi Dadri','Agersen Dharmshala',NULL,'Bharat Singh','Chuni Lal','near vish high school dadri','9315378596','01-01-1960','Male','775779357167','Bhartu Sweets','near vish high school CH.Dadri',NULL,'1837','Cash','','','','06022020223350',1,'2020-02-06 22:33:58'),(417,'','','01-02-2020','Haryana','Charkhi Dadri','Rajender toffee wala near HDFC BANK DADRI',NULL,'Sourav mittal','Hanuman prasad mittal','purana bus stand ward no 4 charkhi dadri haryana 127306','8607259796','18-11-1989','Male','468138324663','Mittal Traders Anaz mandi','charkhi dadri Haryana',NULL,'1645','Cash','','','','06022020223733',1,'2020-02-06 22:37:42'),(418,'','','01-02-2020','Haryana','Charkhi Dadri','Rajender toffee wala near HDFC BANK DADRI',NULL,'gaurav mittal','hanuman mittal','purana bus stand ward no.4 charkhi dadri Haryana 127306','9813847050','15-03-1988','Male','428142969323','gaurav Traders','',NULL,'1644','Cash','','','','06022020224225',1,'2020-02-06 22:42:33'),(419,'','','01-02-2020','Haryana','Charkhi Dadri','Rajender toffee wala near HDFC BANK',NULL,'Dishant','Jagdish Kumar','H no 111 ward no 14 Subhash chowk Charkhi Dadri City Haryana','9306661901','22-12-1994','Male','645835580322','Gulshan juice','Bus stand Charkhi Dadri',NULL,'1657','Cash','','','','06022020224228',1,'2020-02-06 22:42:34'),(420,'','','01-02-2020','Haryana','Charkhi Dadri','Rajender toffee wala near HDFC BANK',NULL,'Mukesh Kumar','Krishan Kumar','Loharu road near PNB BANK Charkhi Dadri City Haryana','9812001201','30-07-1980','Male','526332168672','Dada gusai near PNB BANK Patanjali products','Charkhi Dadri',NULL,'1658','Cash','','','','06022020224905',1,'2020-02-06 22:49:11'),(421,'','','01-02-2020','Haryana','Charkhi Dadri','Rajender toffee wala near HDFC BANK DADRI',NULL,'anand mittal','bajrang all mittal','h.n.38 ward no 7 champa puri charkhi dadri haryana 127306','9812560224','29-06-1979','Male','668627452386','mittal confectionery','',NULL,'1643','Cash','','','','06022020225347',1,'2020-02-06 22:53:54'),(422,'','','01-02-2020','Haryana','Charkhi Dadri','Rajender toffee wala near HDFC BANK',NULL,'Satish Kumar','totu ram','ward no 14 khatikan mohalla Charkhi Dadri City Haryana','9728261357','01-01-1964','Male','549764859869','Baweja kiryana Store','Upkar hospital Charkhi Dadri',NULL,'1659','Cash','','','','06022020225403',1,'2020-02-06 22:54:09'),(423,'','','01-02-2020','Haryana','Charkhi Dadri','Rajender toffee wala near HDFC BANK',NULL,'hoshiyari Lal','totu Ram','khatikan mohalla near masjid ward no 14 Charkhi Dadri City Haryana','7404287221','30-12-1956','Male','432673827738','Deepak Kiryana Store','opp Bus Stand Charkhi Dadri',NULL,'1660','Cash','','','','06022020225628',1,'2020-02-06 22:56:34'),(424,'','','01-02-2020','Haryana','Charkhi Dadri','Rajender toffee wala near HDFC BANK DADRI',NULL,'Manmohan jain','radhay shyam jain','h.no 60/I Gandhi nagar chakri dadri haryana 127306','9355021841','10-04-1964','Male','926575234354','m/s shakti trading','charkhi dadri',NULL,'1642','Cash','','','','06022020225818',1,'2020-02-06 22:58:24'),(425,'','','01-02-2020','Haryana','Charkhi Dadri','Rajender toffee wala near HDFC BANK',NULL,'Bijender Singh','Sher Singh','H no 221 ward no 15 Charkhi Dadri City Haryana','8053198000','15-07-1976','Male','522450874763','Bijender juice corner','Rohtak chowk Charkhi Dadri',NULL,'1661','Cash','','','','06022020225828',1,'2020-02-06 22:58:34'),(426,'','','01-02-2020','Haryana','Charkhi Dadri','Rajender toffee wala near HDFC BANK',NULL,'Rajesh Kumar','Balbir Singh','Santokh pura 76 Charkhi Dadri City Haryana','9813933900','10-03-1986','Male','817525599936','Ramesh juice corner','Rohtak chowk Charkhi Dadri',NULL,'1662','Cash','','','','06022020230009',1,'2020-02-06 23:00:15'),(427,'','','01-02-2020','Haryana','Charkhi Dadri','Rajender toffee wala near HDFC BANK DADRI',NULL,'Deepak Jain','radhey shyam jain','h.no 60/I ward no 7 gandhi  nagar charkhi dadri haryana 127306','9416059813','05-02-1970','Male','759540527767','vidhi enterprises','charkhi dadri',NULL,'1641','Cash','','','','06022020230207',1,'2020-02-06 23:02:14'),(428,'','','01-02-2020','Haryana','Charkhi Dadri','Rajender toffee wala near HDFC BANK',NULL,'Amit Kumar','Vishnu Dutt','Shankar colony gali no 15 Charkhi Dadri City Haryana','8708308703','10-06-1994','Male','849148912392','Shri Shyam kiryana Store New sabzi Mandi','Charkhi Dadri',NULL,'1663','Cash','','','','06022020230210',1,'2020-02-06 23:02:16'),(429,'','','01-02-2020','Haryana','Charkhi Dadri','Rajender toffee wala near HDFC BANK',NULL,'satendra','bhikham','vill runipur runipur Morena Madhya Pradesh 476221 City Haryana','8607308244','01-01-1986','Male','617842931967','Banwari Halwai New sabzi Mandi','Charkhi Dadri',NULL,'1664','Cash','','','','06022020230509',1,'2020-02-06 23:05:15'),(430,'','','01-02-2020','Haryana','Charkhi Dadri','Rajender toffee wala near HDFC BANK DADRI',NULL,'usha devi goyal','bajranj lal royal','near Jain crockery house ward no 9 charkhi dadri haryana','9991002800','20-05-1967','Female','677092683032','B m oil mill','charkhi dadri',NULL,'1646','Cash','','','','06022020230652',1,'2020-02-06 23:07:00'),(431,'','','01-02-2020','Haryana','Charkhi Dadri','Rajender toffee wala near HDFC BANK',NULL,'Sandeep','raghbir singh','Ravidas Nagar ward no 19 Charkhi Dadri City Haryana','9812155051','01-01-1982','Male','982287349783','Sandeep fruit Shop Rohtak chowk','Charkhi Dadri',NULL,'1665','Cash','','','','06022020230805',1,'2020-02-06 23:08:11'),(432,'','','01-02-2020','Haryana','Charkhi Dadri','Rajender toffee wala near HDFC BANK',NULL,'Sanjay Kumar','Harnam dass','ward no 14 Subhash chowk Charkhi Dadri City Haryana','9255487128','16-09-1972','Male','456855466883','Sanjay juice cake ice cream','Bus stand Charkhi Dadri',NULL,'1665','Cash','','','','06022020231058',1,'2020-02-06 23:11:04'),(433,'','','01-02-2020','Haryana','Charkhi Dadri','Rajender toffee wala near HDFC BANK DADRI',NULL,'vivek kumar','bajrang lal','near jain crockery ward no 5 charkhi dadri haryana','9813222523','03-06-1986','Male','498071959187','naveen or vivek kr oil mill','charkhi dadri',NULL,'1647','Cash','','','','06022020231131',1,'2020-02-06 23:11:38'),(434,'','','01-02-2020','Haryana','Charkhi Dadri','Rajender toffee wala near HDFC BANK',NULL,'Pawan Kumar','lekh Raj','near City Post office pachan mohalla ward no 17 Charkhi Dadri City Haryana','9812258327','25-07-1977','Male','654908173347','master sweet Shop railway road','Charkhi Dadri',NULL,'1667','Cash','','','','06022020231506',1,'2020-02-06 23:15:15'),(435,'','','01-02-2020','Haryana','Charkhi Dadri','Rajender toffee wala near HDFC BANK DADRI',NULL,'bajrang lal goyal','gokal chand','near jain crockery ward no 9 charkhi dadri haryana','9991002800','20-10-1959','Male','677092683032','vijay or bajrang lal oil mill','charkhi dadri',NULL,'1648','Cash','','','','06022020231646',1,'2020-02-06 23:16:53'),(436,'','','01-02-2020','Haryana','Charkhi Dadri','Rajender toffee wala near HDFC BANK',NULL,'Rajender parsad','kirori Mal','fountain chowk 201/3 near Prakash fancy emporium Charkhi Dadri City Haryana','9050887097','18-06-1959','Male','720596191626','kirorimal Rajender parshad kiryana Store','Rohtak chowk Charkhi Dadri',NULL,'1651','Cash','','','','06022020231758',1,'2020-02-06 23:18:04'),(437,'','','01-02-2020','Haryana','Charkhi Dadri','Rajender toffee wala near HDFC BANK DADRI',NULL,'krishan kumar','begraj','ward no 15 pardhan ka mohla charkhi dadri haryana','9466235286','10-08-1971','Male','238712839520','shri rani sati kiryana store','charkhi dadri',NULL,'1649','Cash','','','','06022020231957',1,'2020-02-06 23:20:04'),(438,'','','01-02-2020','Haryana','Charkhi Dadri','Rajender toffee wala near HDFC BANK',NULL,'Surender Kumar','Manohar Lal','back side rose garden Charkhi Dadri City Haryana','9416856512','05-03-1960','Male','705407629146','Surender Kumar kiryana Store','opp Bus stand Charkhi Dadri',NULL,'1652','Cash','','','','06022020232117',1,'2020-02-06 23:21:23'),(439,'','','01-02-2020','Haryana','Charkhi Dadri','Rajender toffee wala near HDFC BANK',NULL,'Surender Mittal','Ram Avtar Mittal','H no 289 ward no 20 near dadri Gas agency Charkhi Dadri City Haryana','9896899131','08-12-1981','Male','213454999937','Aggarwal confectionery near Nagar parisad','Charkhi Dadri',NULL,'1653','Cash','','','','06022020232344',1,'2020-02-06 23:23:50'),(440,'','','01-02-2020','Haryana','Charkhi Dadri','Rajender toffee wala near HDFC BANK',NULL,'Shyam sunder','Vinod Kumar','ward no 10 near Subhash chowk Charkhi Dadri City Haryana','9812894501','01-01-1983','Male','992599568635','Shree Shyam kiryana Store','Charkhi Dadri',NULL,'1654','Cash','','','','06022020232537',1,'2020-02-06 23:25:44'),(441,'','','01-02-2020','Haryana','Charkhi Dadri','Rajender toffee wala near HDFC BANK DADRI',NULL,'satya narayan','rameshwar dayal','back side pume market charkhi dadri haryana','9812838156','05-03-1963','Male','201825499808','giri raj confectionery','',NULL,'1650','Cash','','','','06022020232604',1,'2020-02-06 23:26:11'),(442,'','','01-02-2020','Haryana','Charkhi Dadri','Rajender toffee wala near HDFC BANK',NULL,'Vikas','Mahender Singh','Singham pana Charkhi Dadri City Haryana','9728543187','03-11-1994','Male','406758888444','Vikas juice corner','Charkhi Dadri',NULL,'1655','Cash','','','','06022020232738',1,'2020-02-06 23:27:44'),(443,'','','01-02-2020','Haryana','Charkhi Dadri','Rajender toffee wala near HDFC BANK DADRI',NULL,'ved prakash','jagdish','501 bhalotia gali subhash chowk charkhi dadri','9671259068','01-01-1958','Male','650357734370','Sri bala ji sweet','charkhi dadri',NULL,'1656','Cash','','','','06022020232934',1,'2020-02-06 23:29:41'),(444,'','','07-02-2020','Haryana','Bhiwani','Punjabi Dharmshala  Ram Nagar Colony Bhiwani',NULL,'Sopal','Sikh Deva','House number 349/03 khadi mohallaBhiwani','9992606337','01-01-1968','Male','643922170006','Sopal meat shop','railway station bhiwani',NULL,'1952','Cash','','','','09022020105021',1,'2020-02-09 10:50:33'),(445,'','','07-02-2020','Haryana','Bhiwani','Punjabi Dharmshala  Ram Nagar Colony Bhiwani',NULL,'Mahender Pal','Ram Sarup','house number 798 brijwasi colony bhiwani','9034738728','01-01-1963','Male','541382794724','Mahender Pal meat shop','railway station bhiwani',NULL,'1953','Cash','','','','09022020105254',1,'2020-02-09 10:53:04'),(446,'','','07-02-2020','Haryana','Bhiwani','Punjabi Dharmshala  Ram Nagar Colony Bhiwani',NULL,'Ashok Kumar','Prabhu Dayal','349 Ram Nagar Colony Bhiwani','9468264282','11-12-1970','Male','428220756391','Ashok Departmental store ( fruit & vegetables','BTM road ram Nagar chowk bhiwani',NULL,'1954','Cash','','','','09022020105607',1,'2020-02-09 10:56:17'),(447,'','','07-02-2020','Haryana','Bhiwani','Punjabi Dharmshala  Ram Nagar Colony Bhiwani',NULL,'Hemant','Jawahar Lal','railway road bhiwani','9518850456','28-04-1995','Male','788196781745','Mange Hot & Cold corner','railway road bhiwani',NULL,'1955','Cash','','','','09022020105825',1,'2020-02-09 10:58:35'),(448,'','','07-02-2020','Haryana','Bhiwani','Punjabi Dharmshala  Ram Nagar Colony Bhiwani',NULL,'Sujan Rajbanshi','Radhika Rajbanshi','Krishna colony bhiwani','8307084908','01-01-1987','Male','717613999093','Rohit Baryani','Krishna colony bhiwani',NULL,'1956','Cash','','','','09022020110101',1,'2020-02-09 11:01:11'),(449,'','','07-02-2020','Haryana','Bhiwani','Punjabi Dharmshala  Ram Nagar Colony Bhiwani',NULL,'Vijay Pal','Days Ram','house number 20 A PC colony Bhiwani','9416525086','15-04-1964','Male','393359758960','Vijay Juice Bhandar','BTM colony bhiwani',NULL,'1957','Cash','','','','09022020110436',1,'2020-02-09 11:04:46'),(450,'','','07-02-2020','Haryana','Bhiwani','Punjabi Dharmshala  Ram Nagar Colony Bhiwani',NULL,'Monu','Ram Kumar','581 DC colony bhiwani','9416231684','12-07-1988','Male','308967968810','Shiv Sabji bhandar','BTM chowk bhiwani',NULL,'1058','Cash','','','','09022020110740',1,'2020-02-09 11:07:50'),(451,'','','07-02-2020','Haryana','Bhiwani','Punjabi Dharmshala  Ram Nagar Colony Bhiwani',NULL,'Ajay Kumar','Khajan Singh','Dhanan 2 bhiwani','9992663660','18-11-1983','Male','665499238869','Ghanghas Dairy','BTM chowk Ram Nagar colony',NULL,'1959','Cash','','','','09022020111015',1,'2020-02-09 11:10:25'),(452,'','','07-02-2020','Haryana','Bhiwani','Punjabi Dharmshala  Ram Nagar Colony Bhiwani',NULL,'Bharat Bhushan','Chandler Bhan','440 Ram Nagar Colony Bhiwani','9416974633','13-11-1964','Male','423910856496','Guru Ji Sweet','BTM Chowk Bhiwani',NULL,'1960','Cash','','','','09022020111306',1,'2020-02-09 11:13:16'),(453,'','','04-02-2020','Haryana','Bhiwani','Agarwal sabha Tosham Bhiwani Haryana',NULL,'Sanjay Kumar','Manage Ram','main chowk Tosham Bhiwani Haryana','9466079175','23-05-1985','Male','352177791777','Mittal traders food products','Main chowk Tosham',NULL,'1692','Cash','','','','09022020112757',1,'2020-02-09 11:28:07'),(454,'','','07-02-2020','Haryana','Bhiwani','Punjabi Dharmshala  Ram Nagar Colony Bhiwani',NULL,'Aman Kumar Mittal','Vijay Kumar Mittal','house number 988kaiswa colony Bhiwani','9996883000','24-08-1989','Male','880186074397','Mitral Lamon Corner','railway station bhiwani',NULL,'1961','Cash','','','','09022020112800',1,'2020-02-09 11:28:11'),(455,'','','07-02-2020','Haryana','Bhiwani','Punjabi Dharmshala  Ram Nagar Colony Bhiwani',NULL,'Raj Kumar','Bansi Dhar','house number c 108 near edu board bhiwani','8059767917','03-07-1967','Male','687655863062','Neel Kanth Bhojnalya','hanshi road bhiwani',NULL,'1962','Cash','','','','09022020113113',1,'2020-02-09 11:31:24'),(456,'','','04-02-2020','Haryana','Bhiwani','Agarwal sabha Tosham Bhiwani Haryana',NULL,'Manoj Jain','Om Parkash Jain','H no 246 ward no 08 Near Ravi Das Mandir Tosham Bhiwani Haryana','9416504621','01-01-1963','Male','265853183140','Rishab confectionery and kiryana Store','Main chowk Tosham Bhiwani',NULL,'1693','Cash','','','','09022020113120',1,'2020-02-09 11:31:29'),(457,'','','04-02-2020','Haryana','Bhiwani','Agarwal sabha Tosham Bhiwani Haryana',NULL,'Vijay Kumar','Ram Chander','Mungipa road Main chowk Tosham Bhiwani Haryana','9416532720','01-01-1968','Male','357057070111','Vijay kiryana Store','Main chowk Tosham',NULL,'1694','Cash','','','','09022020113302',1,'2020-02-09 11:33:11'),(458,'','','04-02-2020','Haryana','Bhiwani','aggarwal Saba tosham bhiwani haryana',NULL,'Anil kumar','Madan gopal','h.no. 464 tosham bhiwani haryana 127040','9992300315','02-11-1985','Male','541486515471','anil kumar confectionery','tosham',NULL,'1922','Cash','','','','09022020113424',1,'2020-02-09 11:34:34'),(459,'','','07-02-2020','Haryana','Bhiwani','Punjabi Dharmshala  Ram Nagar Colony Bhiwani',NULL,'Pappu Ram','Jhandu Ram','house number 559 sewa Nagar ward number 28 bhiwani','9812946321','01-01-1958','Male','489437952489','Hali Meat Shop','railway station',NULL,'1963','Cash','','','','09022020113429',1,'2020-02-09 11:34:39'),(460,'','','04-02-2020','Haryana','Bhiwani','Agarwal sabha Tosham Bhiwani Haryana',NULL,'Hanuman','Radhe Shyam','old anaz Mandi near Parnami Mandir Tosham Bhiwani Haryana','9812428251','01-02-1982','Male','848236824747','Jagdish parshad Suresh Kumar sugar supplier','Main chowk Tosham',NULL,'1695','Cash','','','','09022020113550',1,'2020-02-09 11:35:59'),(461,'','','07-02-2020','Haryana','Bhiwani','Punjabi Dharmshala  Ram Nagar Colony Bhiwani',NULL,'Vishal','Dhan Raj','khadi mohalla bhiwani','9996719559','28-08-1994','Male','769971961183','Bismillah Halali Meat Shop','railway station bhiwani',NULL,'1964','Cash','','','','09022020113659',1,'2020-02-09 11:37:08'),(462,'','','04-02-2020','Haryana','Bhiwani','aggarwal Saba tosham bhiwani haryana',NULL,'Naresh','ramji lal','near caption public school tosham haryana','9466088320','12-07-1981','Male','924541286495','ramji lal naresh kumar kiryana store','tosham',NULL,'1923','Cash','','','','09022020113712',1,'2020-02-09 11:37:22'),(463,'','','04-02-2020','Haryana','Bhiwani','Agarwal sabha Tosham Bhiwani Haryana',NULL,'Rahul Kumar','Surender Singh','Nazdik siwani road H no 1041 ward no 13 Tosham Bhiwani Haryana','9468036367','14-08-1993','Male','533371138551','Surender kiryana Store','Main chowk Tosham',NULL,'1696','Cash','','','','09022020113754',1,'2020-02-09 11:38:03'),(464,'','','07-02-2020','Haryana','Bhiwani','Punjabi Dharmshala  Ram Nagar Colony Bhiwani',NULL,'Ashu Mittal','Subhash Mittal','house number 504 Dakota ki gali jain chowk bhiwani','9034675848','05-05-1991','Male','464098370058','Ashu Misthan Bhandar','railway station bhiwani',NULL,'1965','Cash','','','','09022020113931',1,'2020-02-09 11:39:41'),(465,'','','04-02-2020','Haryana','Bhiwani','Agarwal sabha Tosham Bhiwani Haryana',NULL,'Pardeep Kumar Jain','Bimal parsad Jain','H no 44 ward no 4 Tosham Bhiwani Haryana','9215858242','01-01-1960','Male','563381862947','Pardeep Kumar Rajinder Kumar sugar and Oil supplier','Main chowk Tosham',NULL,'1697','Cash','','','','09022020113942',1,'2020-02-09 11:39:51'),(466,'','','04-02-2020','Haryana','Bhiwani','aggarwal Saba tosham bhiwani haryana',NULL,'ram chander','Phool singh','h.no.1610 tosham rural 33 tosham bhiwani haryana 127040','9992312259','04-04-1991','Male','307112137972','ramchander muttan shop','tosham',NULL,'1924','Cash','','','','09022020113951',1,'2020-02-09 11:40:00'),(467,'','','04-02-2020','Haryana','Bhiwani','Agarwal sabha Tosham Bhiwani Haryana',NULL,'Naresh Kumar','Mani Ram','H no 232 a near dadal park Hansi ward no 3 Hansi Hisar Haryana','9992810340','01-01-1971','Male','749181114075','Kanha Dairy farm','Tosham',NULL,'1698','Cash','','','','09022020114158',1,'2020-02-09 11:42:06'),(468,'','','07-02-2020','Haryana','Bhiwani','Punjabi Dharmshala  Ram Nagar Colony Bhiwani',NULL,'Rajesh Mittal','Ashok Mittal','shore wali gali jain chowk bhiwani','9053231614','15-08-1983','Male','803464103541','Summary juice corner','railway station bhiwani',NULL,'1966','Cash','','','','09022020114210',1,'2020-02-09 11:42:19'),(469,'','','04-02-2020','Haryana','Bhiwani','aggarwal Saba tosham bhiwani haryana',NULL,'Sunil kumar','ram kishan','siwani road near bharat ice factory tosham haryana','9992825242','03-03-1967','Male','571230502373','shree durga agency and kiryana store','tosham',NULL,'1925','Cash','','','','09022020114229',1,'2020-02-09 11:42:39'),(470,'','','04-02-2020','Haryana','Bhiwani','Agarwal sabha Tosham Bhiwani Haryana',NULL,'Raj Kumar','Harnam','Vikas Nagar Tosham Bhiwani Haryana','8059780377','19-10-1967','Male','244894089523','Raj kiryana Store','main chowk Tosham',NULL,'1699','Cash','','','','09022020114358',1,'2020-02-09 11:44:07'),(471,'','','07-02-2020','Haryana','Bhiwani','Punjabi Dharmshala  Ram Nagar Colony Bhiwani',NULL,'Sunil Kumar','Abhey Ram','house number 3328 new housing board colony sector 13 bhiwani','9812258135','06-06-1987','Male','227304484434','Prince Sweet of cafe corner','opp sadar Ghana bhiwani',NULL,'1967','Cash','','','','09022020114518',1,'2020-02-09 11:45:28'),(472,'','','04-02-2020','Haryana','Bhiwani','aggarwal Saba tosham bhiwani haryana',NULL,'chander prakash','radhey shayam','h.no. 2180 ward no 3 tosham haryana','9812280906','01-01-1978','Male','315258556618','chander sweet shop','bus stand tosham',NULL,'1926','Cash','','','','09022020114624',1,'2020-02-09 11:46:34'),(473,'','','07-02-2020','Haryana','Bhiwani','Punjabi Dharmshala  Ram Nagar Colony Bhiwani',NULL,'Ramesh Kumar','Bhafean Singh','75 under colony bhiwani','9815118210','10-03-1972','Male','313422839072','Bizzaro Bites','BTM chowk bhiwani',NULL,'1968','Cash','','','','09022020114724',1,'2020-02-09 11:47:34'),(474,'','','04-02-2020','Haryana','Bhiwani','Agarwal sabha Tosham Bhiwani Haryana',NULL,'Seeta Ram','Kanshi ram','H no 220 vill nanganwala Tosham Bhiwani Haryana','9812887600','15-02-1963','Male','342114064173','Bala ji Book Shop and food products','siwani road Tosham',NULL,'1700','Cash','','','','09022020114814',1,'2020-02-09 11:48:23'),(475,'','','04-02-2020','Haryana','Bhiwani','aggarwal Saba tosham bhiwani haryana',NULL,'Rahul jain','birender kumar','main chowk tosham haryana','8222833311','28-11-1995','Male','769593467284','aj store and kiryana','tosham',NULL,'1927','Cash','','','','09022020114914',1,'2020-02-09 11:49:24'),(476,'','','04-02-2020','Haryana','Bhiwani','Agarwal sabha Tosham Bhiwani Haryana',NULL,'Hari Singh','Sunder Singh','ward no 5 Near CHC hospital Tosham Bhiwani Haryana','9813449972','02-01-1957','Male','337359287205','Batra trading company Amul ice cream','Bus stand Tosham',NULL,'1901','Cash','','','','09022020114955',1,'2020-02-09 11:50:03'),(477,'','','07-02-2020','Haryana','Bhiwani','Punjabi Dharmshala  Ram Nagar Colony Bhiwani',NULL,'Bajrang Pal','Jiwan Lal','house number 584 ward 11hanuman Dhabi near hanuman jhori bhiwani','9050906107','14-10-1976','Male','259214863259','Bala Ji Misthan Bhandar','BTM chowk bhiwani',NULL,'1969','Cash','','','','09022020114959',1,'2020-02-09 11:50:09'),(478,'','','04-02-2020','Haryana','Bhiwani','Agarwal sabha Tosham Bhiwani Haryana',NULL,'Manoj Kumar','Raj Kumar','Babri Khera Tosham Bhiwani Haryana','8929410500','19-06-1995','Male','893212961285','Saini sweet Shop','Main chowk Tosham',NULL,'1902','Cash','','','','09022020115158',1,'2020-02-09 11:52:07'),(479,'','','07-02-2020','Haryana','Bhiwani','Punjabi Dharmshala  Ram Nagar Colony Bhiwani',NULL,'Pardeep Kumar','Raj Mal','705 durga colony bhiwani','9068805979','05-05-1983','Male','782982401983','Bohra milk dairy','Jat Dharmshala',NULL,'1970','Cash','','','','09022020115158',1,'2020-02-09 11:52:08'),(480,'','','04-02-2020','Haryana','Bhiwani','aggarwal Saba tosham bhiwani haryana',NULL,'ram kumar','hanuman parsad','801 near telephone exchange tosham','9728123038','24-12-1976','Male','633566428015','hanuman parsad ram kumar kiryana','main chowk tosham',NULL,'1928','Cash','','','','09022020115213',1,'2020-02-09 11:52:23'),(481,'','','04-02-2020','Haryana','Bhiwani','aggarwal Saba tosham bhiwani haryana',NULL,'rajesh kumar','mahabir','near high sr sec school tosham','9034321251','07-06-1982','Male','983564797242','rajesh ice creme corner','surendera chowk tosham',NULL,'1929','Cash','','','','09022020115623',1,'2020-02-09 11:56:33'),(482,'','','04-02-2020','Haryana','Bhiwani','Agarwal sabha Tosham Bhiwani Haryana',NULL,'Manoj Kumar','Ram Niwas','Near Siwani road Tosham Bhiwani Haryana','9466528376','02-03-1978','Male','419986671944','Om kiryana and General Store','Siwani road Tosham',NULL,'1903','Cash','','','','09022020115728',1,'2020-02-09 11:57:36'),(483,'','','04-02-2020','Haryana','Bhiwani','Agarwal sabha Tosham Bhiwani Haryana',NULL,'om Parkash','Ram Chander','ward no 09 Purana thana chowk Main bazar Tosham Bhiwani Haryana','9996870865','09-05-1982','Male','220885362215','Jaggi confectionery','Siwani chowk Tosham',NULL,'1904','Cash','','','','09022020120034',1,'2020-02-09 12:00:43'),(484,'','','04-02-2020','Haryana','Bhiwani','aggarwal Saba tosham bhiwani haryana',NULL,'Papu singh','lun singh','441 ward no 9 dakshin bass kisnaser bikaner rajasthan 334804','9950586892','10-05-1977','Male','420089058114','bikaner misthan bhandar','tosham',NULL,'1930','Cash','','','','09022020120103',1,'2020-02-09 12:01:13'),(485,'','','04-02-2020','Haryana','Bhiwani','aggarwal Saba tosham bhiwani haryana',NULL,'Sanjay kumar','bhana ram','near school tosham haryana','9315292004','01-11-1988','Male','398079946190','sanjay agg.corner','surender chowk tosham',NULL,'1931','Cash','','','','09022020120338',1,'2020-02-09 12:03:48'),(486,'','','04-02-2020','Haryana','Bhiwani','Agarwal sabha Tosham Bhiwani Haryana',NULL,'Manoj','Rajender','H no 494 dhlheri 42 Bhiwani Haryana','9812537465','01-01-1981','Male','751717539959','Raju dulheri wala kiryana Store','Near Post office Tosham',NULL,'1905','Cash','','','','09022020120420',1,'2020-02-09 12:04:29'),(487,'','','04-02-2020','Haryana','Bhiwani','aggarwal Saba tosham bhiwani haryana',NULL,'birender kumar','jai gopal','main chowk tosham haryan','9812151377','10-12-1969','Male','338841030010','vinay store kiryana','tosham',NULL,'1932','Cash','','','','09022020120537',1,'2020-02-09 12:05:46'),(488,'','','04-02-2020','Haryana','Bhiwani','Agarwal sabha Tosham Bhiwani Haryana',NULL,'Ashok','tek Chand','H no 216 dogran mohalla janta hospital near ward no 4 Hisar Haryana 125001','9812025842','01-01-1973','Male','458251127501','royal chicken corner','Hisar road Tosham',NULL,'1906','Cash','','','','09022020120900',1,'2020-02-09 12:09:09'),(489,'','','04-02-2020','Haryana','Bhiwani','aggarwal Saba tosham bhiwani haryana',NULL,'mahender singh','girdhani lal','vill.garanpura khurd garanpura 86 bhiwani garanpura kulan haryana 127040','9812878488','01-01-1972','Male','597458738135','G.l.kiryana store','tosham',NULL,'1933','Cash','','','','09022020120916',1,'2020-02-09 12:09:26'),(490,'','','07-02-2020','Haryana','Bhiwani','Punjabi Dharmshala  Ram Nagar Colony Bhiwani',NULL,'Pankaj','Suresh Sharma','house number 809/2 railway station ward 27 bhiwani','9729606661','01-01-1988','Male','982129978301','Pankaj tea stall','railway station bhiwani',NULL,'1971','Cash','','','','09022020121035',1,'2020-02-09 12:10:45'),(491,'','','04-02-2020','Haryana','Bhiwani','Agarwal sabha Tosham Bhiwani Haryana',NULL,'Anand Bansal','Jagdish parshad','Siwani road house no2944 ward no 6 Tosham Bhiwani Haryana','9992294173','26-07-1988','Male','915059579570','Prem kiryana Store','Siwani road Tosham',NULL,'1907','Cash','','','','09022020121152',1,'2020-02-09 12:12:01'),(492,'','','07-02-2020','Haryana','Bhiwani','Punjabi Dharmshala  Ram Nagar Colony Bhiwani',NULL,'Rajender Kumar','Shiv Dayal','k.m park colony bhiwani','9812875702','14-11-1959','Male','390711323293','Neel Kanth Sweets','jagat colony bhiwani',NULL,'1972','Cash','','','','09022020121250',1,'2020-02-09 12:13:00'),(493,'','','04-02-2020','Haryana','Bhiwani','aggarwal Saba tosham bhiwani haryana',NULL,'amit kumar','suresh kumar','h.no 3600 siwani road near lal das tredras tosham rural 33 tosham haryana 127040','9896227026','21-06-1987','Male','994452080582','lal dassey kiryana store','tosham',NULL,'1934','Cash','','','','09022020121344',1,'2020-02-09 12:13:54'),(494,'','','07-02-2020','Haryana','Bhiwani','Punjabi Dharmshala  Ram Nagar Colony Bhiwani',NULL,'Yash Mittal','Pawan Mittal','shore wali gali near jain chowk bhiwani','9996411951','24-06-2002','Male','277515407242','Anpurna Shud Vashnavi bhojnalya','railway station bhiwani',NULL,'1973','Cash','','','','09022020121542',1,'2020-02-09 12:15:52'),(495,'','','07-02-2020','Haryana','Bhiwani','Punjabi Dharmshala  Ram Nagar Colony Bhiwani',NULL,'Ved Parkash','Gopal Dass','house number 86 near pwd house jagat colony bhiwani','7027303786','13-08-1943','Male','956036195550','Gopal Dass','BTM chowk bhiwani',NULL,'1974','Cash','','','','09022020121804',1,'2020-02-09 12:18:14'),(496,'','','07-02-2020','Haryana','Bhiwani','Punjabi Dharmshala  Ram Nagar Colony Bhiwani',NULL,'Pawan Kumar','Subhash Chand','house number 124 chiranjeev colony BTM road bhiwani','8570008899','12-03-1973','Male','712916794859','Sonu juice corner','BTM road bhiwani',NULL,'1975','Cash','','','','09022020122103',1,'2020-02-09 12:21:13'),(497,'','','07-02-2020','Haryana','Bhiwani','Punjabi Dharmshala  Ram Nagar Colony Bhiwani',NULL,'Ashok Kumar','Roop Singh','chiranjiv colony ward number 26 house number 175/26 bhiwani','9728175199','01-07-1953','Male','242843131171','Raju Confectionery','BTM chowk bhiwani',NULL,'1976','Cash','','','','09022020122349',1,'2020-02-09 12:24:01'),(498,'','','04-02-2020','Haryana','Bhiwani','aggarwal Saba tosham bhiwani haryana',NULL,'ramaniwas','anat ram','kerna merchant ramaniwas main chowk tosham haryana','9416523018','22-09-1953','Male','895349272493','ran niwas Sanjay kumar goyal kiryana store','main chowk tosham',NULL,'1935','Cash','','','','09022020122607',1,'2020-02-09 12:26:17'),(499,'','','07-02-2020','Haryana','Bhiwani','Punjabi Dharmshala  Ram Nagar Colony Bhiwani',NULL,'Anil Kumar','Mohan Lal','house number 91/B BTM chowk chananjiv colony bhiwani','9306800068','11-07-1973','Male','495197694576','Jasmin confectionery','BTM road bhiwani',NULL,'1977','Cash','','','','09022020122629',1,'2020-02-09 12:26:39'),(500,'','','04-02-2020','Haryana','Bhiwani','Agarwal sabha Tosham Bhiwani Haryana',NULL,'Vijay Kumar','Prabhu Dayal','Ashoka book Depot gurudwara Tosham gramin 33 Bhiwani Haryana','9812745444','01-01-1963','Male','724374563712','Baba Mangipa sweets and Namkeen','tosham',NULL,'1908','Cash','','','','09022020122712',1,'2020-02-09 12:27:22'),(501,'','','07-02-2020','Haryana','Bhiwani','Punjabi Dharmshala  Ram Nagar Colony Bhiwani',NULL,'Bal Krishan','Kush Dev','house number 798/2 jagat colony bhiwani','7206108584','18-07-1972','Male','564342772427','Bitoo confectionery','BTM road bhiwani',NULL,'1978','Cash','','','','09022020122839',1,'2020-02-09 12:28:49'),(502,'','','04-02-2020','Haryana','Bhiwani','aggarwal Saba tosham bhiwani haryana',NULL,'naresh kumar','ramesh kumar','durga mata mandir near tosham bhiwani haryana 127040','9034394828','16-12-1981','Male','740385071673','shree giriraj misthan bhandar','tosham',NULL,'1936','Cash','','','','09022020122850',1,'2020-02-09 12:29:00'),(503,'','','04-02-2020','Haryana','Bhiwani','Agarwal sabha Tosham Bhiwani Haryana',NULL,'Amit Kumar','Kawal Kumar','tosham rural 33 Bhiwani Haryana 127040','9315328220','10-03-1984','Male','433824495317','Shree Shyam Dhaba and rusgulla Bhandar','tosham',NULL,'1909','Cash','','','','09022020123036',1,'2020-02-09 12:30:45'),(504,'','','07-02-2020','Haryana','Bhiwani','Punjabi Dharmshala  Ram Nagar Colony Bhiwani',NULL,'Rajesh Kumar Bansal','Mohan Lal','house number 281 shiv Nagar Colony bhieani','9992141179','03-07-1974','Male','674074693904','Shinghaniya pan house','railway station bhiwani',NULL,'1979','Cash','','','','09022020123127',1,'2020-02-09 12:31:37'),(505,'','','04-02-2020','Haryana','Bhiwani','aggarwal Saba tosham bhiwani haryana',NULL,'avikash saini','narayan singh','new anaj mandi shop no 1 tosham rural 33 dhiwani haryana 127040','9466473336','25-08-1988','Male','364309062954','harsh trading company','tosham',NULL,'1937','Cash','','','','09022020123208',1,'2020-02-09 12:32:17'),(506,'','','07-02-2020','Haryana','Bhiwani','Punjabi Dharmshala  Ram Nagar Colony Bhiwani',NULL,'Raj Kumar','Mohan Lal','house number 438 ram Nagar bhiwani','9255553454','10-08-1970','Male','687178611583','Raju Di Hatti','BTM road ram Nagar bhiwani',NULL,'1980','Cash','','','','09022020123327',1,'2020-02-09 12:33:36'),(507,'','','04-02-2020','Haryana','Bhiwani','Agarwal sabha Tosham Bhiwani Haryana',NULL,'Satish Kumar','Shyam Dass','Bagri mohalla H no 2568 ward no 9 Tosham Bhiwani Haryana','8059573085','08-07-1971','Male','563458184313','Satish kiryana Store','tosham',NULL,'1910','Cash','','','','09022020123504',1,'2020-02-09 12:35:13'),(508,'','','04-02-2020','Haryana','Bhiwani','aggarwal Saba tosham bhiwani haryana',NULL,'rinku','dindayal','h.n.2915 near old cinema hall tosham rural33 bhiwani haryana 127040','9468036309','10-07-1982','Male','717174179722','dina pansari shivani road','tosham',NULL,'1938','Cash','','','','09022020123535',1,'2020-02-09 12:35:45'),(509,'','','07-02-2020','Haryana','Bhiwani','Punjabi Dharmshala  Ram Nagar Colony Bhiwani',NULL,'Shyam Lal','Roshan Lal','BTM chowk bhiwani','9466528764','01-02-1967','Male','247024244555','Garg Vita sale booth','BTM chowk bhiwani',NULL,'1981','Cash','','','','09022020123549',1,'2020-02-09 12:35:59'),(510,'','','07-02-2020','Haryana','Bhiwani','Punjabi Dharmshala  Ram Nagar Colony Bhiwani',NULL,'Hans Raj Asrani','Mahan Lal','house number 161 BTM road chiranjiv colony bhiwani','9255574265','05-03-1966','Male','456719453995','Asrani Confectionery','BTM road bhiwani',NULL,'1982','Cash','','','','09022020123806',1,'2020-02-09 12:38:15'),(511,'','','04-02-2020','Haryana','Bhiwani','aggarwal Saba tosham bhiwani haryana',NULL,'ram parkash','mohan lal','h.n 994 durga mandir tosham bhiwani haryana 127040','9416152768','04-01-1959','Male','582861574501','ram parkash bhagat ji','tosham',NULL,'1939','Cash','','','','09022020123846',1,'2020-02-09 12:38:57'),(512,'','','04-02-2020','Haryana','Bhiwani','Agarwal sabha Tosham Bhiwani Haryana',NULL,'Mahender Kumar','Rameshwar Dass','H no 150 Siwani road ice factory Near tosham road road 33 Bhiwani Haryana','9812792222','09-07-1972','Male','331798961826','Maha laxmi mishthan Bhandar','tosham',NULL,'1911','Cash','','','','09022020123928',1,'2020-02-09 12:39:37'),(513,'','','04-02-2020','Haryana','Bhiwani','aggarwal Saba tosham bhiwani haryana',NULL,'sushil kumar','hanuman parsad','ward no 5 pinjo khara 35 bhiwani haryana 127040','9812668317','07-01-1983','Male','327898443427','sushil kiryana store','tosham',NULL,'1940','Cash','','','','09022020124045',1,'2020-02-09 12:40:54'),(514,'','','07-02-2020','Haryana','Bhiwani','Punjabi Dharmshala  Ram Nagar Colony Bhiwani',NULL,'Prem Kumar','Lekh Raj','house number 436 ram Nagar colony ward number 30 bhiwani','9896187988','01-05-1952','Male','562324935723','prem sabji & fruits bhandar','BTM chowk bhiwani',NULL,'1989','Cash','','','','09022020124045',1,'2020-02-09 12:40:55'),(515,'','','04-02-2020','Haryana','Bhiwani','Agarwal sabha Tosham Bhiwani Haryana',NULL,'Sunil Kumar','Gyani Ram','Near Canara Bank Tosham Bhiwani Haryana','9813560040','01-01-1979','Male','594082337152','Sunil kiryana Store','Tosham',NULL,'1912','Cash','','','','09022020124115',1,'2020-02-09 12:41:24'),(516,'','','07-02-2020','Haryana','Bhiwani','Punjabi Dharmshala  Ram Nagar Colony Bhiwani',NULL,'Din Dayal','Subhash','house number 10 BTM road bhiwani','7206427699','28-12-1976','Male','511010112465','Kalra confectionery','BTM chowk bhiwani',NULL,'1984','Cash','','','','09022020124300',1,'2020-02-09 12:43:10'),(517,'','','04-02-2020','Haryana','Bhiwani','Agarwal sabha Tosham Bhiwani Haryana',NULL,'Suresh Kumar','moti Ram','H no 1488 ward no 15 Near ass school Tosham rural 33 Bhiwani Haryana','9416524953','15-06-1970','Male','815032212250','Gupta kiryana Store','Tosham',NULL,'1913','Cash','','','','09022020124329',1,'2020-02-09 12:43:38'),(518,'','','04-02-2020','Haryana','Bhiwani','aggarwal Saba tosham bhiwani haryana',NULL,'kapil  kumar','jogendar Kumar','ward no 10 Chandra wal bai borentghar tosham rural 33 tosham bhiwani haryana','9255292152','09-01-1984','Male','788677569411','dev juice shop','tosham',NULL,'1941','Cash','','','','09022020124342',1,'2020-02-09 12:43:51'),(519,'','','04-02-2020','Haryana','Bhiwani','aggarwal Saba tosham bhiwani haryana',NULL,'krishan kumar','banwari lal','h.n.12 near parnime mandir tosham rural33 bhiwani haryana','9466567190','09-04-1955','Male','322897959982','krishan kiryana store','tosham',NULL,'1942','Cash','','','','09022020124559',1,'2020-02-09 12:46:09'),(520,'','','07-02-2020','Haryana','Bhiwani','Punjabi Dharmshala  Ram Nagar Colony Bhiwani',NULL,'Rajwinder Singh','Gurdip Singh','Fatehpur Amritsar','9888380752','01-01-1970','Male','543302265885','Khalsa choor choor Nan','Ghanta glat bhiwani',NULL,'1985','Cash','','','','09022020124612',1,'2020-02-09 12:46:22'),(521,'','','04-02-2020','Haryana','Bhiwani','aggarwal Saba tosham bhiwani haryana',NULL,'sunder lal','nanak chand','h.n 710 purani anaj mandi tosham 33 bhiwani haryana 127040','9416058710','10-10-1955','Male','973499718071','uggar sain nanak chand','tosham',NULL,'1943','Cash','','','','09022020124830',1,'2020-02-09 12:48:40'),(522,'','','07-02-2020','Haryana','Bhiwani','Punjabi Dharmshala  Ram Nagar Colony Bhiwani',NULL,'Payare Lal','Dhan Singh','78/11 brijwasi colony bhiwani','9255128158','01-01-1976','Male','889451058223','Payare chat','Anath ashram railway road bhiwani',NULL,'1986','Cash','','','','09022020124837',1,'2020-02-09 12:48:46'),(523,'','','04-02-2020','Haryana','Bhiwani','Agarwal sabha Tosham Bhiwani Haryana',NULL,'Sanjay Kumar','Jagdish parshad','Near old cinema hall H no 1461 ward no 15 Tosham Bhiwani Haryana','9138213595','01-01-1988','Male','258326281963','Sanjay kiryana Store','old thana chowk Tosham',NULL,'1914','Cash','','','','09022020125057',1,'2020-02-09 12:51:06'),(524,'','','04-02-2020','Haryana','Bhiwani','aggarwal Saba tosham bhiwani haryana',NULL,'puneet  gupta','subhash gupta','siwani road vikas nagar tosham haryana','9728243138','29-09-1989','Male','577450486724','shree shyam biscuits agency','vikas nagar tosham',NULL,'1944','Cash','','','','09022020125137',1,'2020-02-09 12:51:47'),(525,'','','07-02-2020','Haryana','Bhiwani','Punjabi Dharmshala  Ram Nagar Colony Bhiwani',NULL,'Suraj Bhan Verma','Ram Lal Verma','near water works bijan pana bopara 24 bhiwani','9416864473','05-10-1975','Male','511399449784','Suraj Dairy','Tosam Road bhiwani',NULL,'1988','Cash','','','','09022020125211',1,'2020-02-09 12:52:21'),(526,'','','04-02-2020','Haryana','Bhiwani','aggarwal Saba tosham bhiwani haryana',NULL,'subhash','madan lal','h.n. 29 ward no 09 tosham bhiwani haryana 127040','9253240935','01-01-1981','Male','611699451299','subhash juice bhandar','tosham',NULL,'1945','Cash','','','','09022020130021',1,'2020-02-09 13:00:30'),(527,'','','07-02-2020','Haryana','Bhiwani','Punjabi Dharmshala  Ram Nagar Colony Bhiwani',NULL,'Raja Ram','Kheta Ram','house number 358 ward number 11 near govt school vpo duleri 42 bhiwani','9991420740','27-01-1955','Male','407787278723','Shiv Shankar biscuits bekary','bhiwani',NULL,'1949','Cash','','','','09022020130142',1,'2020-02-09 13:01:53'),(528,'','','04-02-2020','Haryana','Bhiwani','aggarwal Saba tosham bhiwani haryana',NULL,'sunny','shree shyam sunder','I.t.i wali gali near old police station tosham bhiwani haryana','9034199069','04-09-1991','Male','688862529935','shree shyam confectionery','tosham',NULL,'1946','Cash','','','','09022020130240',1,'2020-02-09 13:02:50'),(529,'','','07-02-2020','Haryana','Bhiwani','Punjabi Dharmshala  Ram Nagar Colony Bhiwani',NULL,'Amit Kumar','Mahender Pal','ward number 20 sanjeev colony near tower bhiwani','7407952755','06-01-1980','Male','724498037711','Simran Biscuits bakery','sanjeev colony bhiwani',NULL,'1950','Cash','','','','09022020130415',1,'2020-02-09 13:04:25'),(530,'','','04-02-2020','Haryana','Bhiwani','aggarwal Saba tosham bhiwani haryana',NULL,'sat pal','gariba mal','h.n 2461 ward no 3 near Sanatan dharm mandir tosham 33 bhiwani haryana 127040','9255128781','26-11-1962','Male','989813064731','ankur kiryanaand confectionery store','tosham',NULL,'1947','Cash','','','','09022020130513',1,'2020-02-09 13:05:23'),(531,'','','04-02-2020','Haryana','Bhiwani','aggarwal Saba tosham bhiwani haryana',NULL,'ajay','karam chand','ward no 07 rajiv nagar tosham 33 bhiwani haryana 127040','7494817462','10-06-1998','Male','954089684846','karan chand muttan shop','tosham',NULL,'1948','Cash','','','','09022020132152',1,'2020-02-09 13:22:02'),(532,'','','04-02-2020','Haryana','Bhiwani','Agarwal sabha Tosham Bhiwani Haryana',NULL,'Jagdish Ray','Thandi Ram','1414 sec 13 Hisar Hisar Haryana 125001','9466582127','26-01-1950','Male','299622155180','Jagdish pansari Main chowk','Tosham',NULL,'1915','Cash','','','','09022020140252',1,'2020-02-09 14:03:02'),(533,'','','04-02-2020','Haryana','Bhiwani','Agarwal sabha Tosham Bhiwani Haryana',NULL,'Rakesh','Jagdish parshad','near old cinema hall H no 1461 ward no 15 Tosham Bhiwani Haryana','7404072592','10-05-1994','Male','547982004822','Jagdish parshad kiryana Store','Main chowk Tosham',NULL,'1916','Cash','','','','09022020140520',1,'2020-02-09 14:05:29'),(534,'','','04-02-2020','Haryana','Bhiwani','Agarwal sabha Tosham Bhiwani Haryana',NULL,'Parmod Kumar','Mohan Lal','Near post office Dhani mahu 46 Bhiwani Haryana','9416265039','12-02-1982','Male','929763222081','Singla kiryana Store','Main chowk Tosham',NULL,'1917','Cash','','','','09022020140925',1,'2020-02-09 14:09:35'),(535,'','','04-02-2020','Haryana','Bhiwani','Agarwal sabha Tosham Bhiwani Haryana',NULL,'Suresh Kumar','Ram Kumar','Near Canara Bank Tosham Main chowk Tosham Bhiwani Haryana','9812085223','06-05-1972','Male','376448049269','Bansal kiryana Store','Main chowk Tosham',NULL,'1918','Cash','','','','09022020141203',1,'2020-02-09 14:12:12'),(536,'','','04-02-2020','Haryana','Bhiwani','Agarwal sabha Tosham Bhiwani Haryana',NULL,'Rakesh Kumar','Laxmi Narayan','old anaz Mandi Near Parnami Mandir Tosham Bhiwani Haryana','9817599150','03-07-1993','Male','397906169498','Laxmi Narayan kiryana Store','Main chowk Tosham',NULL,'1919','Cash','','','','09022020141523',1,'2020-02-09 14:15:32'),(537,'','','07-02-2020','Haryana','Bhiwani','Punjabi Dharmshala  Ram Nagar Colony Bhiwani',NULL,'Naresh Kumar','Zile Singh','house number 24 New Park colony BTM road bhiwani','9466674384','10-10-1965','','286673207448','Delight Dish Food & Milk','BTM chowk bhiwani',NULL,'1993','Cash','','','','09022020141536',1,'2020-02-09 14:15:48'),(538,'','','04-02-2020','Haryana','Bhiwani','Agarwal sabha Tosham Bhiwani Haryana',NULL,'Surender Kumar','Ram Narayan','H no 641 ward no 10 Near Ashok Book depot Tosham rural 33 Bhiwani Haryana','9416265664','04-12-1981','Male','357126350459','vaishnavi soda Shop near Gurudwara Tosham','Tosham',NULL,'1920','Cash','','','','09022020141801',1,'2020-02-09 14:18:11'),(539,'','','07-02-2020','Haryana','Bhiwani','Punjabi Dharmshala  Ram Nagar Colony Bhiwani',NULL,'Ved Parkash','Mukat Singh','rohat k gate bhiwani','8708730956','05-02-1994','Male','861343101769','Indian Lazzij','rohat k gate bhiwani',NULL,'1991','Cash','','','','09022020141821',1,'2020-02-09 14:18:31'),(540,'','','04-02-2020','Haryana','Bhiwani','Agarwal sabha Tosham Bhiwani Haryana',NULL,'Vikas','Rajender Parsad','tosham rural 33 Bhiwani Haryana','9728755595','12-02-1984','Male','373760931729','Gopi Ram pansari','Tosham',NULL,'1921','Cash','','','','09022020141946',1,'2020-02-09 14:19:55'),(541,'','','07-02-2020','Haryana','Bhiwani','Punjabi Dharmshala  Ram Nagar Colony Bhiwani',NULL,'Manoj Kumar','Mukat Singh','Allu Bazar bhiwani','7027000124','07-09-1988','Male','778250158325','Indian Fast Food','allu bazar bhiwani',NULL,'1992','Cash','','','','09022020142111',1,'2020-02-09 14:21:22'),(542,'','','07-02-2020','Haryana','Bhiwani','Punjabi Dharmshala  Ram Nagar Colony Bhiwani',NULL,'Sandeep','RamaNand','railway station bhiwani','9812458787','21-10-1986','Male','508963777180','Lazij point','railway station bhiwani',NULL,'1989','Cash','','','','09022020142338',1,'2020-02-09 14:23:49'),(543,'','','07-02-2020','Haryana','Bhiwani','Punjabi Dharmshala  Ram Nagar Colony Bhiwani',NULL,'Jubar Khan','Samat Khan','Sadar thana near ITI Bhiwani','9812255571','01-01-1992','Male','672116025947','The Kathi Roll Express','near ITI Bhiwani',NULL,'1990','Cash','','','','09022020142623',1,'2020-02-09 14:26:35'),(544,'','','07-02-2020','Haryana','Bhiwani','Punjabi Dharmshala  Ram Nagar Colony Bhiwani',NULL,'Mohd Hamid','Mohd Salim','Patram Gate Bhiwani','8529870594','05-05-1984','Male','943829071438','Halali Bismillah','Hanuman Gate Bhiwani',NULL,'1994','Cash','','','','09022020142840',1,'2020-02-09 14:28:51'),(545,'','','07-02-2020','Haryana','Bhiwani','Punjabi Dharmshala  Ram Nagar Colony Bhiwani',NULL,'Niranjan Lal','Rostash Saini','house number 258 new busti halibas gate Bhiwani','9215214846','15-01-1967','Male','806675855716','Ashu Biscuits Bakery','Dinod Gate Bhiwani',NULL,'1951','Cash','','','','09022020143138',1,'2020-02-09 14:31:50'),(546,'','','08-02-2020','Haryana','Bhiwani','Agarshen bhawan Behal Bhiwani Haryana',NULL,'Manjeet Kumar','Suraj Bhan','vpo suratpura teh Rajgarh Chiru rajasthan 331023','8607736200','01-01-1996','Male','577461381943','Pooniya General Store','Behal Bhiwani',NULL,'542','Cash','','','','09022020181327',1,'2020-02-09 18:13:38'),(547,'','','08-02-2020','Haryana','Bhiwani','Agarshen bhawan behal bhiwani haryana',NULL,'harphool singh','dhan singh','ward no.10 kali mata mandir behal 106 bhiwani haryana 127028','9466811892','01-01-1958','Male','214894906933','harphool kiryana store','behal',NULL,'560','Cash','','','','09022020181336',1,'2020-02-09 18:13:47'),(548,'','','08-02-2020','Haryana','Bhiwani','Agarshen bhawan Behal Bhiwani Haryana',NULL,'Suraj Bhan','Maman Ram','167 14 Behal 106 Bhiwani Haryana 127028','9017320709','01-01-1965','Male','403671052078','Jalwal mishthan Bhandar','Behal Bhiwani',NULL,'543','Cash','','','','09022020181534',1,'2020-02-09 18:15:46'),(549,'','','08-02-2020','Haryana','Bhiwani','Agarshen bhawan behal bhiwani haryana',NULL,'jaivir singh','ramanand','near gorment school gokal pura 12 behal bhiwani haryana 127028','8053938010','09-03-1977','Male','320790534816','shree balaji mirch masalla','behal',NULL,'561','Cash','','','','09022020181623',1,'2020-02-09 18:16:33'),(550,'','','08-02-2020','Haryana','Bhiwani','Agarshen bhawan Behal Bhiwani Haryana',NULL,'Anil Kumar','Prithvi Singh','ward no 2 Behal 106 Behal Bhiwani Haryana 127028','9050283906','16-06-1993','Male','351024726891','jalwal sweets','Behal Bhiwani',NULL,'544','Cash','','','','09022020181711',1,'2020-02-09 18:17:22'),(551,'','','08-02-2020','Haryana','Bhiwani','Agarshen bhawan Behal Bhiwani Haryana',NULL,'Nagar Mal','Ram Kumar','surpura khurd 104 Behal Bhiwani Haryana','9416586428','05-07-1966','Male','424648154496','Nagar Mal kiryana Store','Behal Bhiwani',NULL,'545','Cash','','','','09022020181846',1,'2020-02-09 18:18:57'),(552,'','','08-02-2020','Haryana','Bhiwani','Agarshen bhawan behal bhiwani haryana',NULL,'ravi jawla','balbir jawla','ward no.13 near shyam mandir ramlila ground behal 106 bhiwani haryana','8930643000','10-10-1992','Male','449801976041','jawla juice bar','behal',NULL,'562','Cash','','','','09022020181853',1,'2020-02-09 18:19:03'),(553,'','','08-02-2020','Haryana','Bhiwani','Agarshen bhawan Behal Bhiwani Haryana',NULL,'Dalbir Singh','Shri Chand','ward no 2 Behal 106 Behal Bhiwani Haryana 127028','9992239551','18-01-1977','Male','271744168849','Paras restaurant and sweets','Behal Bhiwani',NULL,'546','Cash','','','','09022020182045',1,'2020-02-09 18:20:56'),(554,'','','08-02-2020','Haryana','Bhiwani','Agarshen bhawan behal bhiwani haryana',NULL,'joginder singh','amar Singh','Birmi khalsa churu  rajasthan 33170','9728222915','01-01-1989','Male','618416231490','gosoyami misthan bhandar','behal',NULL,'563','Cash','','','','09022020182105',1,'2020-02-09 18:21:14'),(555,'','','08-02-2020','Haryana','Bhiwani','Agarshen bhawan Behal Bhiwani Haryana',NULL,'Pawan Kumar','Ram Kumar','149 ward no 4 adrash Nagar Behal Bhiwani Haryana 127028','8059901936','19-02-1959','Male','467180470089','madhavgadiya departmental store','Behal Bhiwani',NULL,'547','Cash','','','','09022020182231',1,'2020-02-09 18:22:41'),(556,'','','08-02-2020','Haryana','Bhiwani','Agarshen bhawan behal bhiwani haryana',NULL,'keshri chand','deep chand','80 ward no 5 morka 110 morka bhiwani haryana','8295633635','01-01-1950','Male','983188966422','morka wala keshri','behal',NULL,'564','Cash','','','','09022020182328',1,'2020-02-09 18:23:38'),(557,'','','08-02-2020','Haryana','Bhiwani','Agarshen bhawan Behal Bhiwani Haryana',NULL,'Rajesh Kumar Mittal','Narang Rai','ward no 4 agarshen Bhawan Adarsh Nagar Behal 106 Bhiwani Haryana','9729606011','20-05-1972','Male','363703755578','Mama fast food Behal','Behal Bhiwani',NULL,'548','Cash','','','','09022020182440',1,'2020-02-09 18:24:50'),(558,'','','08-02-2020','Haryana','Bhiwani','Agarshen bhawan Behal Bhiwani Haryana',NULL,'maman Ram','naurang Ram','vpo sehar 44 caharu Bhiwani Haryana 127201','9992490899','01-01-1967','Male','492282966680','maman Ram kiryana Store','Behal Bhiwani',NULL,'549','Cash','','','','09022020182647',1,'2020-02-09 18:27:03'),(559,'','','08-02-2020','Haryana','Bhiwani','Agarshen bhawan behal bhiwani haryana',NULL,'kuldeep','mir Singh','behal 106 bhiwani haryana','8683928888','03-06-1987','Male','964994936528','Indian sweets making','behal Pilani bypass',NULL,'565','Cash','','','','09022020182720',1,'2020-02-09 18:27:30'),(560,'','','08-02-2020','Haryana','Bhiwani','Agarshen bhawan Behal Bhiwani Haryana',NULL,'Bala Ram','Hanuman','ward no 22 purane water works ke Churu sadulpur Rajsthan 331023','9694431112','20-06-1991','Male','755361582860','Shri Alakh mishthan Bhandar','Behal Bhiwani',NULL,'550','Cash','','','','09022020182946',1,'2020-02-09 18:29:56'),(561,'','','08-02-2020','Haryana','Bhiwani','Agarshen bhawan behal bhiwani haryana',NULL,'lalti kumar','ishwar Singh','h.n 1038 behal 106 bhiwani haryana','9416941468','12-08-1982','Male','385207317488','lalit kiryana store','behal',NULL,'566','Cash','','','','09022020183102',1,'2020-02-09 18:31:12'),(562,'','','08-02-2020','Haryana','Bhiwani','Agarshen bhawan Behal Bhiwani Haryana',NULL,'Deen Dayal','jhoki Ram','vpo sehar 44 caharu Bhiwani Haryana 127201','9992366720','01-01-1973','Male','999690638366','Baba Narayan Dass kiryana Store','Behal Bhiwani',NULL,'551','Cash','','','','09022020183219',1,'2020-02-09 18:32:29'),(563,'','','08-02-2020','Haryana','Bhiwani','Agarshen bhawan behal bhiwani haryana',NULL,'kuldeep','chandan mal','ward no 20 pilani road behal 106 bhiwani haryana','9812601219','12-12-1982','Male','814822858799','kuldeep kiryana store','behal',NULL,'567','Cash','','','','09022020183258',1,'2020-02-09 18:33:08'),(564,'','','08-02-2020','Haryana','Bhiwani','Agarshen bhawan Behal Bhiwani Haryana',NULL,'chhaju Ram Agarwal','onkar Mal Agarwal','PNB BANK ward no 20 Behal 106 Behal Bhiwani Haryana','9255124009','01-01-1961','Male','401811666692','Singla trading company','Behal Bhiwani',NULL,'552','Cash','','','','09022020183402',1,'2020-02-09 18:34:12'),(565,'','','08-02-2020','Haryana','Bhiwani','Agarshen bhawan behal bhiwani haryana',NULL,'moti lal','bhagwan das','720 ward no. 20 ramlila maidan  behal bhiwani haryana','9416544893','01-01-1971','Male','937907301988','motilal kiryana store','behal',NULL,'568','Cash','','','','09022020183455',1,'2020-02-09 18:35:04'),(566,'','','08-02-2020','Haryana','Bhiwani','Agarshen bhawan Behal Bhiwani Haryana',NULL,'bishambar Lal','pem Raj','H no 154 Anaz Mandi Behal Bhiwani Haryana 127028','8222065221','20-11-1947','Male','619545879951','Om Parkash confectionery','Behal Bhiwani',NULL,'553','Cash','','','','09022020183608',1,'2020-02-09 18:36:18'),(567,'','','08-02-2020','Haryana','Bhiwani','Agarshen bhawan behal bhiwani haryana',NULL,'sanjay kumar','bajrang lal','ward no 11 behal bhiwani haryana','9813390584','12-04-1974','Male','559911463609','sanjay kiryana store','behal',NULL,'569','Cash','','','','09022020183645',1,'2020-02-09 18:36:55'),(568,'','','08-02-2020','Haryana','Bhiwani','Agarshen bhawan Behal Bhiwani Haryana',NULL,'Vasudev','Rakesh','cheher khurd 28 Bhiwani Haryana 127021','9812203836','05-08-1984','Male','202602907637','Vasudev kiryana Store','Behal Bhiwani',NULL,'554','Cash','','','','09022020183733',1,'2020-02-09 18:37:43'),(569,'','','08-02-2020','Haryana','Bhiwani','Agarshen bhawan behal bhiwani haryana',NULL,'ram bhagat','Meghraj','1095 ward no 12 behal 106 bhiwani haryana','9416414913','24-05-1956','Male','780870877292','rambhagat kiryana store','behal',NULL,'570','Cash','','','','09022020183844',1,'2020-02-09 18:38:54'),(570,'','','08-02-2020','Haryana','Bhiwani','Agarshen bhawan Behal Bhiwani Haryana',NULL,'Randhir','Deshraj','khairoo Bari khairubari Churu Rajasthan 331301','7015055190','01-01-1977','Male','986082455613','Rajsthana mirch masala','Punia market Behal Bhiwani',NULL,'555','Cash','','','','09022020184013',1,'2020-02-09 18:40:22'),(571,'','','08-02-2020','Haryana','Bhiwani','Agarshen bhawan behal bhiwani haryana',NULL,'chandu lal','govind  ram','dhigawa jattan 38 dhigawan jattan bhiwani haryana','9813854745','01-01-1950','Male','467146750016','mayank tea corporation','bhigawa',NULL,'574','Cash','','','','09022020184150',1,'2020-02-09 18:42:00'),(572,'','','08-02-2020','Haryana','Bhiwani','Agarshen bhawan Behal Bhiwani Haryana',NULL,'Bhagat Singh kaswan','Singh Ram kaswan','c/o 2165 ward no 16 Near Manav Kalyan hospital Behal 106 Bhiwani Haryana 127028','9728474744','26-01-1985','Male','909562075537','Bharat juice and fast food','Behal Bhiwani',NULL,'556','Cash','','','','09022020184328',1,'2020-02-09 18:43:38'),(573,'','','08-02-2020','Haryana','Bhiwani','Agarshen bhawan behal bhiwani haryana',NULL,'rajesh kumar','hari ram','mandholi kalan 01 bhiwani mandholi haryana','9813269527','20-07-1976','Male','948615862688','shree shyam trading company','behal',NULL,'573','Cash','','','','09022020184355',1,'2020-02-09 18:44:04'),(574,'','','08-02-2020','Haryana','Bhiwani','Agarshen bhawan Behal Bhiwani Haryana',NULL,'Pawan Kumar','Murari Lal','vpo naensar teh Loharu district Bhiwani Haryana 127028','9812876082','23-08-1983','Male','478436600694','Pawan kiryana Store','Behal Bhiwani',NULL,'557','Cash','','','','09022020184527',1,'2020-02-09 18:45:36'),(575,'','','08-02-2020','Haryana','Bhiwani','Agarshen bhawan behal bhiwani haryana',NULL,'dinesh kumar','pitter chand','ward no 04 behal 106 bhiwani haryana','9255103989','04-02-1982','Male','288986362370','santosh kumar dinesh kumar kiryana store','behal',NULL,'572','Cash','','','','09022020184604',1,'2020-02-09 18:46:14'),(576,'','','08-02-2020','Haryana','Bhiwani','Agarshen bhawan Behal Bhiwani Haryana',NULL,'Kailash Chander','juglal','H no 2006 ward no 4 New Mandi Behal Bhiwani Haryana','9992910027','01-01-1961','Male','624434947663','Amit General Store','Behal Bhiwani',NULL,'558','Cash','','','','09022020184750',1,'2020-02-09 18:48:00'),(577,'','','08-02-2020','Haryana','Bhiwani','Agarshen bhawan behal bhiwani haryana',NULL,'shyam sunder','chandu lal','dhigawa jattan 38 dhigawa jattan bhiwani haryana','9813854745','01-01-1978','Male','956455098741','govind ram and sons','behal',NULL,'571','Cash','','','','09022020184807',1,'2020-02-09 18:48:18'),(578,'','','08-02-2020','Haryana','Bhiwani','Agarshen bhawan Behal Bhiwani Haryana',NULL,'Naveen Kumar','Kailash Chander','H no 2006 New Mandi ward no 04 Behal Bhiwani Haryana','9017222212','26-01-1987','Male','260628530467','Alakh trading company','Behal Bhiwani',NULL,'559','Cash','','','','09022020185107',1,'2020-02-09 18:51:17'),(579,'','','07-02-2020','Haryana','Bhiwani','Agarsen Bhawan Shiwani Distt Bhiwani',NULL,'Sant Lal','Jugti Ram','Ward number 03 Shiwani distt bhiwani','9813856900','10-02-1983','Male','713688351799','Shree Baliji Rasgulla Plant','Shiwani',NULL,'501','Cash','','','','11022020171926',1,'2020-02-11 17:19:32'),(580,'','','07-02-2020','Haryana','Bhiwani','Agarsen Bhawan Shiwani Distt Bhiwani',NULL,'Subhash Chand','Fakir Chand','ward number 8 near Radha Krishna Mandir Shiwani','9728267987','09-05-1956','Male','990345592933','Subhash Karyana Store','main bazar Shiwani',NULL,'502','Cash','','','','11022020172206',1,'2020-02-11 17:22:11'),(581,'','','07-02-2020','Haryana','Bhiwani','Agarsen Bhawan Shiwani Distt Bhiwani',NULL,'Azad Singh','Lal Man','house number 236 ward number 7 Shiwani Mandi','9812023518','06-07-1954','Male','366730891673','Azad Karyana Store','Shiwani',NULL,'503','Cash','','','','11022020172434',1,'2020-02-11 17:24:39'),(582,'','','07-02-2020','Haryana','Bhiwani','Agarsen Bhawan Shiwani Distt Bhiwani',NULL,'Shiv Kumar','Hukmi Chand','house number 25 ward number 02 Shiwani','9255561755','30-09-1974','Male','386732063606','Shiv Tea Estates','Shiwani',NULL,'504','Cash','','','','11022020172724',1,'2020-02-11 17:27:30'),(583,'','','07-02-2020','Haryana','Bhiwani','Agarsen Bhawan Shiwani Distt Bhiwani',NULL,'Nand kishor','Shri Ram','house number 26 gurera road Shiwani','9813371514','18-05-1973','Male','247884105295','Nandu Karyana Store','Shiwani',NULL,'505','Cash','','','','11022020172952',1,'2020-02-11 17:29:58'),(584,'','','07-02-2020','Haryana','Bhiwani','Agarsen Bhawan Shiwani Distt Bhiwani',NULL,'Madan Lal','Gori Shankar','house number 17 ward number 01 near anaj mandi road Shiwani','9728329350','08-10-1963','Male','997921104318','Mohan Karyana Store','Shiwani',NULL,'507','Cash','','','','11022020173324',1,'2020-02-11 17:33:29'),(585,'','','07-02-2020','Haryana','Bhiwani','Agarsen Bhawan Shiwani Distt Bhiwani',NULL,'Vikas Chander','Guljari Lal','house number 888 ward number 12 Shiwani','8222088333','10-05-1979','Male','553906894556','Aggarwal Karyana store','shiwani',NULL,'508','Cash','','','','11022020173551',1,'2020-02-11 17:35:57'),(586,'','','07-02-2020','Haryana','Bhiwani','Agarsen Bhawan Shiwani Distt Bhiwani',NULL,'Manish Mittal','Mahender Mittal','house number 84 A ward number 12 Shiwani','7876637000','06-11-1994','Male','465616810135','Manish Karyana Store','Shiwani',NULL,'509','Cash','','','','11022020173843',1,'2020-02-11 17:38:49'),(587,'','','07-02-2020','Haryana','Bhiwani','Agarsen Bhawan Shiwani Distt Bhiwani',NULL,'Vinod Kumar','Hukam Chand','house number 223 ward number 07 Shiwani','9215577640','09-09-1976','Male','933224339723','','',NULL,'510','Cash','','','','11022020174035',1,'2020-02-11 17:40:41'),(588,'','','07-02-2020','Haryana','Bhiwani','Agarsen Bhawan Shiwani Distt Bhiwani',NULL,'Lalita','Rajesh Kumar','house number 221 ward number 7 Shiwani','9215777641','22-01-1975','Male','677519355278','Ladwa Trading company','Shiwani',NULL,'511','Cash','','','','11022020174259',1,'2020-02-11 17:43:05'),(589,'','','07-02-2020','Haryana','Bhiwani','Agarsen Bhawan Shiwani Distt Bhiwani',NULL,'Sheetal','Vinod Kumar','house number 223 ward number 07','9215777640','12-05-1980','Female','664993054808','Radha Karyana Store','Shiwani',NULL,'512','Cash','','','','11022020174542',1,'2020-02-11 17:45:47'),(590,'','','07-02-2020','Haryana','Bhiwani','Agarsen Bhawan Shiwani Distt Bhiwani',NULL,'Chiman Lal','Bharath Singh','house number 61 ward number 04 Shiwani','9416941209','23-07-1976','Male','429621503952','Krishan Karyana store','Shiwani',NULL,'513','Cash','','','','11022020174803',1,'2020-02-11 17:48:08'),(591,'','','07-02-2020','Haryana','Bhiwani','Agarsen Bhawan Shiwani Distt Bhiwani',NULL,'Ram Dev','Dwarka Parshad','ward number 1Shiwani','9416863277','01-01-1976','Male','883420958753','Jai Kissan Store','Shiwani',NULL,'514','Cash','','','','11022020175033',1,'2020-02-11 17:50:38'),(592,'','','07-02-2020','Haryana','Bhiwani','Agarsen Bhawan Shiwani Distt Bhiwani',NULL,'Bishamber Lal','Gopi Ram','house number 106 Ward number 92Shiwani','9255807447','06-04-1967','Male','7101778049527','Aman Karyana Store','Shiwani',NULL,'515','Cash','','','','11022020175412',1,'2020-02-11 17:54:17'),(593,'','','07-02-2020','Haryana','Bhiwani','Agarsen Bhawan Shiwani Distt Bhiwani',NULL,'Gulab Singh','Shyonath','183dumki Nyagal Bari churu Rajsthan','9812457549','01-01-1970','Male','845509798787','Namdev Misthan Bhandar','Shiwani',NULL,'516','Cash','','','','11022020190918',1,'2020-02-11 19:09:24'),(594,'','','07-02-2020','Haryana','Bhiwani','Agarsen Bhawan Shiwani Distt Bhiwani',NULL,'Rajender Kumar','Prahlad Rai','598 ward number 12 Shiwani','9921501868','01-01-1965','Male','943143901385','Inder Karyana Store','Shiwani',NULL,'517','Cash','','','','11022020191140',1,'2020-02-11 19:11:45'),(595,'','','07-02-2020','Haryana','Bhiwani','Agarsen Bhawan Shiwani Distt Bhiwani',NULL,'Rajesh Kumar','Santlal','dumku Rajsthan','9355389052','05-03-1989','Male','642431083582','Loda Misthan Bhandar','Shiwani',NULL,'518','Cash','','','','11022020191421',1,'2020-02-11 19:14:26'),(596,'','','07-02-2020','Haryana','Bhiwani','Agarsen Bhawan Shiwani Distt Bhiwani',NULL,'Harsh Kumar','Radhe Shyam','221 ward number 07 near jain bhawan Shiwani','8813824690','14-06-2002','Male','449558190321','Harsh Karyana Store','Shiwani',NULL,'519','Cash','','','','11022020191647',1,'2020-02-11 19:16:52'),(597,'','','07-02-2020','Haryana','Bhiwani','Agarsen Bhawan Shiwani Distt Bhiwani',NULL,'Rajesh','Tara Chand','Saharwa 03 hisar Haryana','9992243200','10-01-1980','Male','426787449131','Choudhary Misthan Bhandar','Shiwani',NULL,'520','Cash','','','','11022020191921',1,'2020-02-11 19:19:27'),(598,'','','07-02-2020','Haryana','Bhiwani','Agarsen Bhawan Shiwani Distt Bhiwani',NULL,'Vijay','Ram Kumar','304 Ward number khera 124 Bhiwani','9254485242','10-11-1980','Male','892246883913','Bhiwani Misthan Bhandar','',NULL,'521','Cash','','','','12022020134724',1,'2020-02-12 13:47:31'),(599,'','','07-02-2020','Haryana','Bhiwani','Agarsen Bhawan Shiwani Distt Bhiwani',NULL,'Ashok','Ruling Ram','210 ward number 07 Shiwani','9995823654','01-09-1969','Male','849796655676','Ashok Karyana Store','Shiwani',NULL,'522','Cash','','','','12022020134958',1,'2020-02-12 13:50:04'),(600,'','','07-02-2020','Haryana','Bhiwani','Agarsen Bhawan Shiwani Distt Bhiwani',NULL,'Prashant Gupta','Shyam Sunder','ward number 12 near hospital shiwani','8856985423','29-04-1979','Male','649826837236','','',NULL,'523','Cash','','','','12022020135228',1,'2020-02-12 13:52:34'),(601,'','','07-02-2020','Haryana','Bhiwani','Agarsen Bhawan Shiwani Distt Bhiwani',NULL,'Manoj','Hukmi Chand','26 near gurera road Shiwani','9896399463','01-01-1982','Male','753621465267','Manoj Karyana store','Shiwani',NULL,'524','Cash','','','','12022020135442',1,'2020-02-12 13:54:48'),(602,'','','07-02-2020','Haryana','Bhiwani','Agarsen Bhawan Shiwani Distt Bhiwani',NULL,'Hawa Singh','Dharm Singh','271 ward number 04 kikral 129 Bhiwani','9992747203','02-07-1979','Male','585972543063','Verma Karyana store','Shiwani',NULL,'525','Cash','','','','12022020135720',1,'2020-02-12 13:57:26'),(603,'','','07-02-2020','Haryana','Bhiwani','Agarsen Bhawan Shiwani Distt Bhiwani',NULL,'Manohar Parshad','Lal Ji Ram','house number 61 ward number 7 Shiwani Mandi','9416543880','25-12-1949','Male','702611679954','Assam Tea Company','main road Shiwani',NULL,'526','Cash','','','','12022020140014',1,'2020-02-12 14:00:20'),(604,'','','07-02-2020','Haryana','Bhiwani','Agarsen Bhawan Shiwani Distt Bhiwani',NULL,'Subhash Chander','Hanuman Parshad','house number 189 ward number 12 near Kishan Bhawan Shiwani','9466060553','01-01-1977','Male','325298806097','Ganesh Karyana store','Shiwani',NULL,'527','Cash','','','','12022020140256',1,'2020-02-12 14:03:01'),(605,'','','07-02-2020','Haryana','Bhiwani','Agarsen Bhawan Shiwani Distt Bhiwani',NULL,'Sunil Kumar','Mahender Singh','Tosham mode Shiwani','9416501663','05-04-1986','Male','999360693218','Mahender Karyana store','Shiwani Mandi',NULL,'528','Cash','','','','12022020140515',1,'2020-02-12 14:05:20'),(606,'','','07-02-2020','Haryana','Bhiwani','Agarsen Bhawan Shiwani Distt Bhiwani',NULL,'Vijay Kumar','Om Prakesh','house number 20 ward number 06 near durga mandir Shiwani','9416927391','10-09-1974','Male','950087754301','Madhu Easy Store','Shiwani',NULL,'529','Cash','','','','12022020140802',1,'2020-02-12 14:08:09'),(607,'','','07-02-2020','Haryana','Bhiwani','Agarsen Bhawan Shiwani Distt Bhiwani',NULL,'Madan Lal','Dhanpat Rai','main bazar Shiwani','9996347108','01-08-1964','Male','605592734680','Dhanpat Rai Madan Lal Karyana Store','main bazar Shiwani',NULL,'530','Cash','','','','12022020141021',1,'2020-02-12 14:10:27');

/*Table structure for table `kisanfresh_category_tbl` */


CREATE TABLE `kisanfresh_category_tbl` (
  `category_id` int(11) NOT NULL AUTO_INCREMENT,
  `category_name` varchar(255) NOT NULL,
  `category_image` varchar(255) NOT NULL,
  `language_id` varchar(255) NOT NULL,
  `status` int(11) NOT NULL DEFAULT '1',
  `submit_date` timestamp NOT NULL DEFAULT CURRENT_TIMESTAMP ON UPDATE CURRENT_TIMESTAMP,
  PRIMARY KEY (`category_id`)
) ENGINE=InnoDB AUTO_INCREMENT=4 DEFAULT CHARSET=utf8;

/*Data for the table `kisanfresh_category_tbl` */

insert  into `kisanfresh_category_tbl`(`category_id`,`category_name`,`category_image`,`language_id`,`status`,`submit_date`) values (1,'Fruits','fruits.png','',1,'2020-04-09 11:14:57'),(2,'Vegetables','vegetables.png','1',1,'2017-05-05 10:35:42'),(3,'Milk Products','Milk_Products.png','',1,'2017-05-05 10:35:50');

/*Table structure for table `kisanfresh_order_tbl` */


CREATE TABLE `kisanfresh_order_tbl` (
  `order_id` int(11) NOT NULL AUTO_INCREMENT,
  `category_id` varchar(255) COLLATE utf8_bin NOT NULL,
  `product_id` varchar(255) COLLATE utf8_bin NOT NULL,
  `product_name` text COLLATE utf8_bin NOT NULL,
  `product_weight` varchar(255) COLLATE utf8_bin NOT NULL,
  `product_unit` varchar(255) COLLATE utf8_bin NOT NULL,
  `product_price` varchar(255) COLLATE utf8_bin NOT NULL,
  `product_quantity` varchar(255) COLLATE utf8_bin NOT NULL,
  `user_address` text COLLATE utf8_bin NOT NULL,
  `user_name` varchar(255) COLLATE utf8_bin NOT NULL,
  `user_mobile_number` varchar(255) COLLATE utf8_bin NOT NULL,
  `latitude` varchar(255) COLLATE utf8_bin NOT NULL,
  `longitude` varchar(255) COLLATE utf8_bin NOT NULL,
  `sub_total` varchar(255) COLLATE utf8_bin NOT NULL,
  `shipping_charges` varchar(255) COLLATE utf8_bin NOT NULL,
  `total` varchar(255) COLLATE utf8_bin NOT NULL,
  `status` int(11) NOT NULL DEFAULT '1',
  `unique_key` varchar(255) COLLATE utf8_bin NOT NULL,
  `submit_datetime` varchar(255) COLLATE utf8_bin NOT NULL,
  PRIMARY KEY (`order_id`)
) ENGINE=InnoDB AUTO_INCREMENT=15 DEFAULT CHARSET=utf8 COLLATE=utf8_bin;

/*Data for the table `kisanfresh_order_tbl` */

insert  into `kisanfresh_order_tbl`(`order_id`,`category_id`,`product_id`,`product_name`,`product_weight`,`product_unit`,`product_price`,`product_quantity`,`user_address`,`user_name`,`user_mobile_number`,`latitude`,`longitude`,`sub_total`,`shipping_charges`,`total`,`status`,`unique_key`,`submit_datetime`) values (1,'2,2,2,2,','4,7,9,11,','Potato,Tomato,Cucumber,Garlic,','1,1,1,1,','kg,Kg,Kg,Kg,','25,30,15,150,','1,1,1,1,','kosli road,kosli road,jhajjar,haryana,124103','Saurabh  Tyagi','9557111131','','','220','','220',1,'15042020103741','15-04-2020 10:37:41'),(2,'2,2,2,2,2,2,','4,7,25,29,31,19,','Potato,Tomato,Green Chilli - fat,Onion - Nashik,Cucumber - poli,Round gourd (Tinda),','1,1,1,1,1,1,','kg,Kg,kg,kg,kg,kg,','25,30,35,35,20,15,','3,1,1,1,1,2,','h.no 708 , Near shiv chouk Jhajjar,h.no 708 , Near shiv chouk Jhajjar,jhajjar,Haryana,124103','shri Krishan  gulia','9416054101','','','225','','225',1,'15042020144512','15-04-2020 14:45:12'),(3,'2,2,2,2,2,','4,6,7,20,25,','Potato,Capsicum,Tomato,bottle gourd - long,Green Chilli - fat,','1,1,1,1,1,','kg,kg,Kg,kg,kg,','25,40,30,20,35,','1,1,1,1,1,','शिव चोक,शिव चोक,झज्जर,हरियाणा,124105','विनोद  गलिया','8571820749','','','150','','150',1,'15042020144530','15-04-2020 14:45:30'),(4,'1,2,2,2,2,','26,4,7,8,18,','Grapes,Potato,Tomato,Onion,Cauliflower,','1,1,1,1,1,','kg,kg,Kg,Kg,kg,','55,25,30,25,20,','1,1,1,1,1,','chhuchhakwas,chhuchhakwas,jhajjar,haryana,124106','sukhbir  singh','8708569280','','','155','','155',1,'15042020174210','15-04-2020 17:42:10'),(5,'1,','22,','Banana - small,','1,','dozen,','50,','1,','kirsangradh village,kirsangradh village,meham,rohtak,124112','sahwan  Ali','8708073954','','','50','','50',1,'15042020183543','15-04-2020 18:35:43'),(6,'2,2,2,2,2,','4,7,9,13,18,','Potato,Tomato,Cucumber,Green Chilli,Cauliflower,','1,1,1,1,1,','kg,Kg,Kg,Kg,kg,','25,30,15,30,20,','3,1,2,1,1,','h.no 708 , Near shiv chouk Jhajjar,h.no 708 , Near shiv chouk Jhajjar,jhajjar,Haryana,124103','shri Krishan  gulia','9416054101','','','185','','185',1,'16042020115050','16-04-2020 11:50:50'),(7,'2,2,2,2,2,2,2,2,','4,6,7,8,12,20,29,31,','Potato,Capsicum,Tomato,Onion,Brinjal,bottle gourd - long,Onion - Nashik,Cucumber - poli,','1,1,1,1,1,1,1,1,','kg,kg,Kg,Kg,Kg,kg,kg,kg,','25,40,30,25,20,20,35,20,','1,1,1,1,1,1,1,1,','H.No 298, Kosli Road Jhajjar,H.No 298, Kosli Road Jhajjar,jhajjar,Haryana,124103','Dr Saurabh Tyahi  gulia','9557111131','','','215','','215',1,'16042020183936','16-04-2020 18:39:36'),(8,'1,1,1,1,1,1,2,','26,32,21,27,23,1,7,','Grapes,Papaya,Orange - big,Grapes - long,Banana - fat,Apple,Tomato,','1,1,1,1,1,1,1,','kg,kg,kg,kg,dozen,kg,Kg,','55,40,60,70,60,110,30,','1,2,2,1,1,1,1,','chhuchhakwas,chhuchhakwas,jhajjar,haryana,124106','sukhbir  singh','8708569280','','','525','','525',1,'16052020173135','16-05-2020 17:31:35'),(9,'2,2,2,2,2,2,2,2,2,2,2,2,2,','33,31,29,6,7,8,9,11,13,14,15,20,24,','Lady finger,Cucumber - poli,Onion - Nashik,Capsicum,Tomato,Onion,Cucumber,Garlic,Green Chilli,Water Melon,Muskmelon,bottle gourd - long,Ginger,','1,1,1,1,1,1,1,1,1,1,1,1,1,','kg,kg,kg,kg,Kg,Kg,Kg,Kg,Kg,Kg,Kg,kg,kg,','70,20,35,40,30,25,15,150,30,30,50,20,120,','1,1,1,1,1,1,1,1,1,1,1,1,1,','chhuchhakwas,chhuchhakwas,jhajjar,haryana,124106','sukhbir  singh','8708569280','','','635','','635',1,'21052020093316','21-05-2020 09:33:16'),(10,'2,2,','4,7,','Potato,Tomato,','1,1,','kg,Kg,','25,30,','1,2,','chhuchhakwas,chhuchhakwas,jhajjar,haryana,124106','sukhbir  singh','8708569280','','','85','','85',1,'26052020135834','26-05-2020 13:58:34'),(11,'2,2,2,2,2,','7,6,4,8,9,','Tomato,Capsicum,Potato,Onion,Cucumber,','1,1,1,1,1,','Kg,kg,kg,Kg,Kg,','30,40,25,25,15,','1,1,1,1,1,','chhuchhakwas,chhuchhakwas,jhajjar,haryana,124106','sukhbir  singh','8708569280','','','135','','135',1,'26052020140023','26-05-2020 14:00:23'),(12,'2,2,2,2,2,1,1,2,2,2,','31,7,9,11,14,1,22,4,13,18,','Cucumber - poli,Tomato,Cucumber,Garlic,Water Melon,Apple,Banana - small,Potato,Green Chilli,Cauliflower,','1,1,1,1,1,1,1,1,1,1,','kg,Kg,Kg,Kg,Kg,kg,dozen,kg,Kg,kg,','20,30,15,150,30,110,50,25,30,20,','1,2,2,1,1,1,1,1,1,1,','chhuchhakwas,chhuchhakwas,jhajjar,haryana,124106','sukhbir  singh','8708569280','','','525','','525',1,'09062020172146','09-06-2020 17:21:46'),(13,'2,2,2,2,2,2,2,2,2,2,2,','4,6,7,9,8,12,13,14,15,18,20,','Potato,Capsicum,Tomato,Cucumber,Onion,Brinjal,Green Chilli,Water Melon,Muskmelon,Cauliflower,bottle gourd - long,','1,1,1,1,1,1,1,1,1,1,1,','kg,kg,Kg,Kg,Kg,Kg,Kg,Kg,Kg,kg,kg,','25,40,30,15,25,20,30,30,50,20,20,','1,1,1,1,1,1,1,1,1,1,1,','chhuchhakwas,chhuchhakwas,jhajjar,haryana,124106','sukhbir  singh','8708569280','','','305','','305',1,'16062020101154','16-06-2020 10:11:54'),(14,'2,','4,','Potato,','1,','kg,','25,','1,','chhuchhakwas,chhuchhakwas,jhajjar,haryana,124106','sukhbir  singh','8708569280','','','25','','25',1,'16062020215929','16-06-2020 21:59:29');

/*Table structure for table `kisanfresh_product_tbl` */


CREATE TABLE `kisanfresh_product_tbl` (
  `product_id` int(11) NOT NULL AUTO_INCREMENT,
  `category_id` int(11) NOT NULL,
  `product_name` varchar(255) NOT NULL,
  `product_image` varchar(255) NOT NULL,
  `product_price` varchar(255) NOT NULL,
  `product_weight` varchar(255) NOT NULL,
  `product_unit` varchar(255) NOT NULL,
  `product_stock` varchar(255) NOT NULL,
  `product_description` varchar(255) NOT NULL,
  `status` int(11) NOT NULL DEFAULT '1',
  `submit_date` timestamp NOT NULL DEFAULT CURRENT_TIMESTAMP ON UPDATE CURRENT_TIMESTAMP,
  PRIMARY KEY (`product_id`)
) ENGINE=InnoDB AUTO_INCREMENT=34 DEFAULT CHARSET=utf8;

/*Data for the table `kisanfresh_product_tbl` */

insert  into `kisanfresh_product_tbl`(`product_id`,`category_id`,`product_name`,`product_image`,`product_price`,`product_weight`,`product_unit`,`product_stock`,`product_description`,`status`,`submit_date`) values (1,1,'Apple','apple.png','110','1','kg','100','Fresh Apple',1,'2020-04-09 10:47:17'),(2,1,'Orange - small','1_report_20200409102423_orange-indian.jpg','40','1','kg','100','Fresh Orange',1,'2020-04-09 10:24:23'),(3,2,'Tomato','Tomato.jpg','20','1','kg','999','Fresh Tomato',2,'2017-05-05 13:07:39'),(4,2,'Potato','potato.jpg','25','1','kg','198','Fresh potato',1,'2020-04-09 10:09:30'),(5,3,'Curd','1_report_20170505103841_Curd.jpg','25','100','gm','0','Fresh Curd',1,'2020-04-09 14:24:59'),(6,2,'Capsicum','1_report_20170505125024_Capsicum.jpg','40','1','kg','19','Fresh Capsicum',1,'2020-04-09 14:25:24'),(7,2,'Tomato','1_report_20170505125819_Tomato.jpg','30','1','Kg','49','Fresh Tomato',1,'2020-04-09 10:10:26'),(8,2,'Onion','1_report_20170505130131_Onion.jpg','25','1','Kg','199','Medium Sized Red Onion',1,'2020-04-09 10:46:47'),(9,2,'Cucumber','1_report_20200409103405_cucumber-indian.jpg','15','1','Kg','50','Fresh Cucumber',1,'2020-04-09 10:34:05'),(10,2,'Bottle Gourd','1_report_20170505130510_Bottle Gourd.jpg','15','1','Kg','50','Fresh Bottle Gourd',2,'2020-04-09 13:49:03'),(11,2,'Garlic','1_report_20170505130850_Garlic.jpg','150','1','Kg','10','Big Bulb Garlic',1,'2020-04-09 10:38:30'),(12,2,'Brinjal','1_report_20170505131038_Brinjal.jpg','20','1','Kg','20','Fresh Brinjals',1,'2020-04-09 10:34:35'),(13,2,'Green Chilli','1_report_20170505131355_Green Chilli.jpg','30','1','Kg','10','Fresh Green Chillies',1,'2017-05-05 13:28:32'),(14,2,'Water Melon','1_report_20170505131610_Water Melon.jpg','30','1','Kg','100','Fresh Watermelons',1,'2020-04-09 14:26:10'),(15,2,'Muskmelon','1_report_20170505131822_Muskmelon.jpg','50','1','Kg','25','Fresh Muskmelons',1,'2020-04-09 14:25:48'),(16,3,'Buffalo Milk (Unpasteurized)','1_report_20170505132215_Milk.jpg','50','1','Litre','0','100% Purity',1,'2020-04-09 13:58:19'),(17,3,'Desi Ghee (Buffalo)','1_report_20170505132541_Desi Ghee.jpg','600','1','Kg','0','100% Purity',1,'2020-04-09 14:24:22'),(18,2,'Cauliflower','1_report_20200409101425_cauliflower.jpg','20','1','kg','100','Fresh',1,'2020-04-09 10:14:25'),(19,2,'Round gourd (Tinda)','1_report_20200409101916_bottle-gourd-round.jpg','15','1','kg','100','Fresh',1,'2020-04-09 10:19:16'),(20,2,'bottle gourd - long','1_report_20200409102136_bottle-gourd-long.jpg','20','1','kg','100','Fresh',1,'2020-04-09 10:21:36'),(21,1,'Orange - big','1_report_20200409102702_orange-indian.jpg','60','1','kg','100','Fresh',1,'2020-04-09 11:17:53'),(22,1,'Banana - small','1_report_20200409103156_banana-yellow.jpg','50','1','dozen','100','Fresh',1,'2020-04-09 11:17:53'),(23,1,'Banana - fat','1_report_20200409103246_banana-yellow.jpg','60','1','dozen','100','Fresh',1,'2020-04-09 11:17:53'),(24,2,'Ginger','1_report_20200409103640_ginger-indian.jpg','120','1','kg','100','Fresh',1,'2020-04-09 10:36:40'),(25,2,'Green Chilli - fat','1_report_20200409104037_chilli-green1.jpg','35','1','kg','100','Fresh',1,'2020-04-09 10:40:37'),(26,1,'Grapes','1_report_20200409104258_grapes-green.jpg','55','1','kg','100','Fresh',1,'2020-04-09 11:17:53'),(27,1,'Grapes - long','1_report_20200409104445_grapes-green.jpg','70','1','kg','100','Fresh',1,'2020-04-09 11:17:53'),(28,1,'Pomegranate','1_report_20200409104939_pomegranate-indian.jpg','120','1','kg','100','Fresh',1,'2020-04-09 11:17:53'),(29,2,'Onion - Nashik','1_report_20200409105137_onion-pink1.jpg','35','1','kg','100','Fresh',1,'2020-04-09 10:51:37'),(30,2,'Pea','1_report_20200409105357_peas-fresh.jpg','45','1','kg','100','Fresh',1,'2020-04-09 10:53:57'),(31,2,'Cucumber - poli','1_report_20200409105646_cucumber-indian.jpg','20','1','kg','100','Fresh',1,'2020-04-09 10:56:46'),(32,1,'Papaya','1_report_20200409105841_papaya-disco.jpg','40','1','kg','100','Fresh',1,'2020-04-09 11:18:17'),(33,2,'Lady finger','1_report_20200409110113_lady-finger.jpg','70','1','kg','100','Fresh',1,'2020-04-09 11:01:13');

/*Table structure for table `live_stock_asp_inventory` */


CREATE TABLE `live_stock_asp_inventory` (
  `stock_id` int(11) NOT NULL AUTO_INCREMENT,
  `aspe_id` int(11) NOT NULL,
  `product_id` int(11) NOT NULL,
  `product_quantity` int(11) NOT NULL,
  `status` int(11) NOT NULL DEFAULT '1',
  `submit_datetime` timestamp NOT NULL DEFAULT CURRENT_TIMESTAMP,
  PRIMARY KEY (`stock_id`)
) ENGINE=InnoDB AUTO_INCREMENT=5 DEFAULT CHARSET=utf8;

/*Data for the table `live_stock_asp_inventory` */

insert  into `live_stock_asp_inventory`(`stock_id`,`aspe_id`,`product_id`,`product_quantity`,`status`,`submit_datetime`) values (1,3,22,2,1,'2020-02-28 14:47:30'),(2,3,23,2,1,'2020-02-28 14:47:30'),(3,3,24,0,1,'2020-02-28 14:47:30'),(4,3,25,0,1,'2020-02-28 14:47:30');

/*Table structure for table `live_stock_assign_asp` */


CREATE TABLE `live_stock_assign_asp` (
  `_id` int(11) NOT NULL AUTO_INCREMENT,
  `supplier_id` int(11) DEFAULT NULL,
  `aspe_id` int(11) DEFAULT NULL,
  `material_receipt_no` varchar(255) DEFAULT NULL,
  `material_receipt_photo` varchar(255) DEFAULT NULL,
  `total_price` varchar(255) DEFAULT NULL,
  `status` int(11) NOT NULL DEFAULT '1',
  `submit_datetime` timestamp NOT NULL DEFAULT CURRENT_TIMESTAMP,
  PRIMARY KEY (`_id`)
) ENGINE=InnoDB AUTO_INCREMENT=2 DEFAULT CHARSET=utf8;

/*Data for the table `live_stock_assign_asp` */

insert  into `live_stock_assign_asp`(`_id`,`supplier_id`,`aspe_id`,`material_receipt_no`,`material_receipt_photo`,`total_price`,`status`,`submit_datetime`) values (1,4,3,'1234','28022020143441.jpg','',2,'2020-02-28 14:35:47');

/*Table structure for table `live_stock_assign_supplier` */


CREATE TABLE `live_stock_assign_supplier` (
  `_id` int(11) NOT NULL AUTO_INCREMENT,
  `user_id` int(11) NOT NULL,
  `supplier_id` int(11) NOT NULL,
  `issue_note_no` varchar(255) NOT NULL,
  `issue_note_photo` varchar(255) NOT NULL,
  `status` int(11) NOT NULL DEFAULT '1',
  `submit_datetime` timestamp NOT NULL DEFAULT CURRENT_TIMESTAMP,
  PRIMARY KEY (`_id`)
) ENGINE=InnoDB AUTO_INCREMENT=3 DEFAULT CHARSET=utf8;

/*Data for the table `live_stock_assign_supplier` */

insert  into `live_stock_assign_supplier`(`_id`,`user_id`,`supplier_id`,`issue_note_no`,`issue_note_photo`,`status`,`submit_datetime`) values (1,1,4,'123','28022020110456.jpg',1,'2020-02-28 11:05:05'),(2,1,4,'231','03032020083004.jpg',1,'2020-03-03 08:30:18');

/*Table structure for table `live_stock_dealer` */


CREATE TABLE `live_stock_dealer` (
  `dealer_id` int(11) NOT NULL AUTO_INCREMENT,
  `user_id` int(11) NOT NULL,
  `dealer_name` varchar(255) DEFAULT NULL,
  `father_name` varchar(255) DEFAULT NULL,
  `aadhaar` varchar(255) DEFAULT NULL,
  `pan` varchar(255) DEFAULT NULL,
  `dealer_mobile_no` varchar(255) DEFAULT NULL,
  `dealer_address` varchar(255) DEFAULT NULL,
  `block` varchar(255) DEFAULT NULL,
  `district` varchar(255) DEFAULT NULL,
  `state` varchar(255) DEFAULT NULL,
  `pincode` varchar(255) DEFAULT NULL,
  `bank_name` varchar(255) DEFAULT NULL,
  `bank_branch` varchar(255) DEFAULT NULL,
  `bank_account_no` varchar(255) DEFAULT NULL,
  `ifsc_code` varchar(255) DEFAULT NULL,
  `aadhaar_photo` varchar(255) DEFAULT NULL,
  `pan_photo` varchar(255) DEFAULT NULL,
  `status` int(11) NOT NULL DEFAULT '1',
  `created_datetime` timestamp NOT NULL DEFAULT CURRENT_TIMESTAMP,
  PRIMARY KEY (`dealer_id`)
) ENGINE=InnoDB AUTO_INCREMENT=2 DEFAULT CHARSET=utf8;

/*Data for the table `live_stock_dealer` */

insert  into `live_stock_dealer`(`dealer_id`,`user_id`,`dealer_name`,`father_name`,`aadhaar`,`pan`,`dealer_mobile_no`,`dealer_address`,`block`,`district`,`state`,`pincode`,`bank_name`,`bank_branch`,`bank_account_no`,`ifsc_code`,`aadhaar_photo`,`pan_photo`,`status`,`created_datetime`) values (1,1,'ajay','father','987654321321','PAN','1234567890','address','block','district','state','123456','bank','branch','12345678677454','IFSC1234567','27022020113727.jpg','27022020113737.jpg',1,'2020-02-27 11:37:48');

/*Table structure for table `live_stock_inventory` */


CREATE TABLE `live_stock_inventory` (
  `stock_id` int(11) NOT NULL AUTO_INCREMENT,
  `product_id` int(11) NOT NULL,
  `product_quantity` int(11) NOT NULL,
  `status` int(11) NOT NULL DEFAULT '1',
  `submit_datetime` timestamp NOT NULL DEFAULT CURRENT_TIMESTAMP,
  PRIMARY KEY (`stock_id`)
) ENGINE=InnoDB AUTO_INCREMENT=5 DEFAULT CHARSET=utf8;

/*Data for the table `live_stock_inventory` */

insert  into `live_stock_inventory`(`stock_id`,`product_id`,`product_quantity`,`status`,`submit_datetime`) values (1,22,82,1,'2020-02-27 12:00:17'),(2,23,82,1,'2020-02-27 12:00:17'),(3,24,50,1,'2020-02-27 12:22:20'),(4,25,50,1,'2020-02-27 12:22:20');

/*Table structure for table `live_stock_product` */


CREATE TABLE `live_stock_product` (
  `_id` int(11) NOT NULL AUTO_INCREMENT,
  `product_name` varchar(255) NOT NULL,
  `product_price` varchar(255) DEFAULT NULL,
  `product_sales_price` varchar(255) NOT NULL,
  `status` int(11) NOT NULL DEFAULT '1',
  `submit_datetime` timestamp NOT NULL DEFAULT CURRENT_TIMESTAMP,
  PRIMARY KEY (`_id`)
) ENGINE=InnoDB AUTO_INCREMENT=26 DEFAULT CHARSET=utf8;

/*Data for the table `live_stock_product` */

insert  into `live_stock_product`(`_id`,`product_name`,`product_price`,`product_sales_price`,`status`,`submit_datetime`) values (1,'Ln2 in cm supplied ','110','200',0,'2019-11-29 12:22:05'),(2,'Semen-HF','100','210',0,'2019-11-29 12:22:05'),(3,'Semen-JR','120','220',0,'2019-11-29 12:22:24'),(4,'Semen-Sahiwal','130','230',0,'2019-11-29 12:22:24'),(5,'Semen- Gir','140','240',0,'2019-11-29 12:22:40'),(6,'Semen- MB','150','250',0,'2019-11-29 12:22:40'),(7,'Semen- Hf X','160','260',0,'2019-11-29 12:23:19'),(8,'Semen- JR X','170','270',0,'2019-11-29 12:23:19'),(9,'Semen-NRB','180','280',0,'2019-11-29 12:23:37'),(10,'Sheath packets.','190','290',0,'2019-11-29 12:23:37'),(11,'Gloves','200','300',0,'2019-11-29 12:24:10'),(12,'AI. PD And Calving follow up register','210','310',0,'2019-11-29 12:24:10'),(13,'Rent receipt book','220','320',0,'2019-11-29 12:24:30'),(14,'Levy receipt book','230','330',0,'2019-11-29 12:24:30'),(15,'Semen Utilization register','240','340',0,'2019-11-29 12:24:50'),(16,'log book ','250','350',0,'2019-11-29 12:24:50'),(17,'Mineral mixture','260','360',0,'2019-11-29 12:25:16'),(18,'AI gun','270','370',0,'2019-11-29 12:25:16'),(19,'Fertility kit','280','380',0,'2019-11-29 12:25:39'),(20,'Dewormer','290','390',0,'2019-11-29 12:25:39'),(21,'Containers BA-3, BA-35 Other','300','400',0,'2019-11-29 12:28:34'),(22,'MBF Frozen Semen','17','25',1,'2020-01-23 13:55:21'),(23,'HF Frozen Semen','20','30',1,'2020-01-23 13:56:42'),(24,'Jersey Frozen Semen','20','30',1,'2020-01-23 13:56:42'),(25,'Sahiwal Frozen Semen','20','30',1,'2020-01-23 13:57:00');

/*Table structure for table `live_stock_purchase_dealer` */


CREATE TABLE `live_stock_purchase_dealer` (
  `_id` int(11) NOT NULL AUTO_INCREMENT,
  `user_id` int(11) NOT NULL,
  `bill_no` varchar(255) DEFAULT NULL,
  `bill_photo` varchar(255) DEFAULT NULL,
  `total_bill_amount` varchar(255) NOT NULL,
  `status` int(11) NOT NULL DEFAULT '1' COMMENT '2-pending,3-approve,4-purchased',
  `submit_datetime` timestamp NOT NULL DEFAULT CURRENT_TIMESTAMP,
  PRIMARY KEY (`_id`)
) ENGINE=InnoDB AUTO_INCREMENT=3 DEFAULT CHARSET=utf8;

/*Data for the table `live_stock_purchase_dealer` */

insert  into `live_stock_purchase_dealer`(`_id`,`user_id`,`bill_no`,`bill_photo`,`total_bill_amount`,`status`,`submit_datetime`) values (1,1,'123456','27022020115242.jpg','3700',1,'2020-02-27 12:00:17'),(2,1,'1234','27022020122208.jpg','2000',1,'2020-02-27 12:22:20');

/*Table structure for table `live_stock_purchase_dealer_approval` */


CREATE TABLE `live_stock_purchase_dealer_approval` (
  `_id` int(11) NOT NULL AUTO_INCREMENT,
  `user_id` int(11) NOT NULL,
  `approval_id` int(11) NOT NULL COMMENT 'admin_id',
  `status` int(11) NOT NULL DEFAULT '1',
  `submit_datetime` timestamp NOT NULL DEFAULT CURRENT_TIMESTAMP,
  PRIMARY KEY (`_id`)
) ENGINE=InnoDB DEFAULT CHARSET=utf8;

/*Data for the table `live_stock_purchase_dealer_approval` */

/*Table structure for table `live_stock_purchase_product` */


CREATE TABLE `live_stock_purchase_product` (
  `purchase_id` int(11) NOT NULL AUTO_INCREMENT,
  `purchase_order_id` int(11) NOT NULL,
  `dealer_id` int(11) NOT NULL,
  `product_id` int(11) NOT NULL,
  `product_price` varchar(255) NOT NULL,
  `purchase_total_price` varchar(255) NOT NULL,
  `product_quantity` varchar(255) NOT NULL,
  `status` int(11) NOT NULL DEFAULT '1',
  `submit_datetime` timestamp NOT NULL DEFAULT CURRENT_TIMESTAMP,
  PRIMARY KEY (`purchase_id`)
) ENGINE=InnoDB AUTO_INCREMENT=5 DEFAULT CHARSET=utf8;

/*Data for the table `live_stock_purchase_product` */

insert  into `live_stock_purchase_product`(`purchase_id`,`purchase_order_id`,`dealer_id`,`product_id`,`product_price`,`purchase_total_price`,`product_quantity`,`status`,`submit_datetime`) values (1,1,1,22,'17','1700.0','100',1,'2020-02-27 12:00:17'),(2,1,1,23,'20','2000.0','100',1,'2020-02-27 12:00:17'),(3,2,1,24,'20','1000.0','50',1,'2020-02-27 12:22:20'),(4,2,1,25,'20','1000.0','50',1,'2020-02-27 12:22:20');

/*Table structure for table `live_stock_purchase_product_approval` */


CREATE TABLE `live_stock_purchase_product_approval` (
  `approval_purchase_id` int(11) NOT NULL AUTO_INCREMENT,
  `order_id` int(11) NOT NULL,
  `user_id` int(11) NOT NULL,
  `dealer_id` int(11) NOT NULL,
  `product_id` int(11) NOT NULL,
  `product_price` varchar(255) NOT NULL,
  `purchase_total_price` varchar(255) NOT NULL,
  `product_quantity` varchar(255) NOT NULL,
  `status` int(11) NOT NULL DEFAULT '1',
  `submit_datetime` timestamp NOT NULL DEFAULT CURRENT_TIMESTAMP,
  PRIMARY KEY (`approval_purchase_id`)
) ENGINE=InnoDB DEFAULT CHARSET=utf8;

/*Data for the table `live_stock_purchase_product_approval` */

/*Table structure for table `live_stock_supplier_inventory` */


CREATE TABLE `live_stock_supplier_inventory` (
  `stock_id` int(11) NOT NULL AUTO_INCREMENT,
  `supplier_id` int(11) NOT NULL,
  `product_id` int(11) NOT NULL,
  `product_quantity` int(11) NOT NULL,
  `status` int(11) NOT NULL DEFAULT '1',
  `submit_datetime` timestamp NOT NULL DEFAULT CURRENT_TIMESTAMP,
  PRIMARY KEY (`stock_id`)
) ENGINE=InnoDB AUTO_INCREMENT=5 DEFAULT CHARSET=utf8;

/*Data for the table `live_stock_supplier_inventory` */

insert  into `live_stock_supplier_inventory`(`stock_id`,`supplier_id`,`product_id`,`product_quantity`,`status`,`submit_datetime`) values (1,4,22,48,1,'2020-03-03 08:30:18'),(2,4,23,53,1,'2020-03-03 08:30:18'),(3,4,24,25,1,'2020-03-03 08:30:18'),(4,4,25,21,1,'2020-03-03 08:30:18');

/*Table structure for table `lockdown_registration` */


CREATE TABLE `lockdown_registration` (
  `_id` int(11) NOT NULL AUTO_INCREMENT,
  `location` varchar(255) NOT NULL,
  `name` varchar(255) NOT NULL,
  `organization` varchar(255) NOT NULL,
  `emailId` varchar(255) NOT NULL,
  `mobile_number` varchar(255) NOT NULL,
  `live_from` varchar(255) NOT NULL,
  `regard_transport` varchar(255) NOT NULL,
  `status` int(11) NOT NULL DEFAULT '0',
  `uploaded_datetime` date NOT NULL,
  PRIMARY KEY (`_id`)
) ENGINE=InnoDB AUTO_INCREMENT=3 DEFAULT CHARSET=utf8;

/*Data for the table `lockdown_registration` */

insert  into `lockdown_registration`(`_id`,`location`,`name`,`organization`,`emailId`,`mobile_number`,`live_from`,`regard_transport`,`status`,`uploaded_datetime`) values (2,'badarpur','omkar','INDIAN SOCIETY OF AGRIBUSINESS PROFESSIONALS','omkar.pandey@isapindia.org','08800109766','jisdve','bdvj',0,'2020-03-29');

/*Table structure for table `master_district` */


CREATE TABLE `master_district` (
  `state_id` int(100) NOT NULL,
  `district_id` int(100) NOT NULL AUTO_INCREMENT,
  `district_name` varchar(100) COLLATE utf8_bin NOT NULL,
  `status` varchar(10) COLLATE utf8_bin NOT NULL DEFAULT '1',
  PRIMARY KEY (`district_id`)
) ENGINE=InnoDB AUTO_INCREMENT=685 DEFAULT CHARSET=utf8 COLLATE=utf8_bin;

/*Data for the table `master_district` */

insert  into `master_district`(`state_id`,`district_id`,`district_name`,`status`) values (1,1,'Anantapur','1'),(1,2,'Chittoor','1'),(1,3,'East Godavari','1'),(1,4,'Guntur','1'),(1,5,'Kadapa','1'),(1,6,'Krishna','1'),(1,7,'Kurnool','1'),(1,8,'Prakasam','1'),(1,9,'Sri Potti Sriramulu Nellore','1'),(1,10,'Srikakulam','1'),(1,11,'Visakhapatnam','1'),(1,12,'Vizianagaram','1'),(1,13,'West Godavari','1'),(2,14,'Anjaw','1'),(2,15,'Changlang','1'),(2,16,'Dibang Valley','1'),(2,17,'East Kameng','1'),(2,18,'East Siang','1'),(2,19,'Kra Daadi','1'),(2,20,'Kurung Kumey','1'),(2,21,'Lohit','1'),(2,22,'Longding','1'),(2,23,'Lower Dibang Valley','1'),(2,24,'Lower Subansiri','1'),(2,25,'Namsai','1'),(2,26,'Papum Pare','1'),(2,27,'Tawang','1'),(2,28,'Tirap','1'),(2,29,'Upper Siang','1'),(2,30,'Upper Subansiri','1'),(2,31,'West Kameng','1'),(2,32,'West Siang','1'),(3,33,'Mushalpur','1'),(3,34,'Barpeta','1'),(3,35,'Bongaigaon','1'),(3,36,'Cachar','1'),(3,37,'Chirang','1'),(3,38,'Darrang','1'),(3,39,'Dhemaji','1'),(3,40,'Dhubri','1'),(3,41,'Dibrugarh','1'),(3,42,'Dima Hasao','1'),(3,43,'Goalpara','1'),(3,44,'Golaghat','1'),(3,45,'Hailakandi','1'),(3,46,'Jorhat','1'),(3,47,'Kamrup','1'),(3,48,'Kamrup Metropolitan','1'),(3,49,'Karbi Anglong','1'),(3,50,'Karimganj','1'),(3,51,'Kokrajhar','1'),(3,52,'Lakhimpur','1'),(3,53,'Morigaon','1'),(3,54,'Nagaon','1'),(3,55,'Nalbari','1'),(3,56,'Sivasagar','1'),(3,57,'Sonitpur','1'),(3,58,'Tinsukia','1'),(3,59,'Udalguri','1'),(3,60,'Bishwanath[8]','1'),(3,61,'Charaideo[8]','1'),(3,62,'Hojai[8]','1'),(3,63,'South Salmara-Mankachar[8]','1'),(3,64,'West Karbi Anglong[8]','1'),(4,65,'Araria','1'),(4,66,'Arwal','1'),(4,67,'Aurangabad','1'),(4,68,'Banka','1'),(4,69,'Begusarai','1'),(4,70,'Bhagalpur','1'),(4,71,'Bhojpur','1'),(4,72,'Buxar','1'),(4,73,'Darbhanga','1'),(4,74,'East Champaran','1'),(4,75,'Gaya','1'),(4,76,'Gopalganj','1'),(4,77,'Jamui','1'),(4,78,'Jehanabad','1'),(4,79,'Kaimur','1'),(4,80,'Katihar','1'),(4,81,'Khagaria','1'),(4,82,'Kishanganj','1'),(4,83,'Lakhisarai','1'),(4,84,'Madhepura','1'),(4,85,'Madhubani','1'),(4,86,'Munger','1'),(4,87,'Muzaffarpur','1'),(4,88,'Nalanda','1'),(4,89,'Nawada','1'),(4,90,'Patna','1'),(4,91,'Purnia','1'),(4,92,'Rohtas','1'),(4,93,'Saharsa','1'),(4,94,'Samastipur','1'),(4,95,'Saran','1'),(4,96,'Sheikhpura','1'),(4,97,'Sheohar','1'),(4,98,'Sitamarhi','1'),(4,99,'Siwan','1'),(4,100,'Supaul','1'),(4,101,'Vaishali','1'),(4,102,'West Champaran','1'),(5,103,'Balod','1'),(5,104,'Baloda Bazar','1'),(5,105,'Balrampur','1'),(5,106,'Bastar','1'),(5,107,'Bemetara','1'),(5,108,'Bijapur','1'),(5,109,'Bilaspur','1'),(5,110,'Dantewada','1'),(5,111,'Dhamtari','1'),(5,112,'Durg','1'),(5,113,'Gariaband','1'),(5,114,'Janjgir-Champa','1'),(5,115,'Jashpur','1'),(5,116,'Kabirdham formerly Kawardha','1'),(5,117,'Kanker','1'),(5,118,'Kondagaon','1'),(5,119,'Korba','1'),(5,120,'Koriya','1'),(5,121,'Mahasamund','1'),(5,122,'Mungeli','1'),(5,123,'Narayanpur','1'),(5,124,'Raigarh','1'),(5,125,'Raipur','1'),(5,126,'Rajnandgaon','1'),(5,127,'Sukma','1'),(5,128,'Surajpur','1'),(5,129,'Surguja','1'),(6,130,'North Goa','1'),(6,131,'South Goa','1'),(7,132,'Ahmedabad','1'),(7,133,'Amreli district','1'),(7,134,'Anand','1'),(7,135,'Aravalli','1'),(7,136,'Banaskantha','1'),(7,137,'Bharuch','1'),(7,138,'Bhavnagar','1'),(7,139,'Botad','1'),(7,140,'Chhota Udaipur','1'),(7,141,'Dahod','1'),(7,142,'Dang','1'),(7,143,'Devbhoomi Dwarka','1'),(7,144,'Gandhinagar','1'),(7,145,'Gir Somnath','1'),(7,146,'Jamnagar','1'),(7,147,'Junagadh','1'),(7,148,'Kheda','1'),(7,149,'Kutch','1'),(7,150,'Mahisagar','1'),(7,151,'Mehsana','1'),(7,152,'Morbi','1'),(7,153,'Narmada','1'),(7,154,'Navsari','1'),(7,155,'Panchmahal','1'),(7,156,'Patan','1'),(7,157,'Porbandar','1'),(7,158,'Rajkot','1'),(7,159,'Sabarkantha','1'),(7,160,'Surat','1'),(7,161,'Surendranagar','1'),(7,162,'Tapi','1'),(7,163,'Vadodara','1'),(7,164,'Valsad','1'),(8,165,'Ambala','1'),(8,166,'Bhiwani','1'),(8,167,'Faridabad','1'),(8,168,'Fatehabad','1'),(8,169,'Gurgaon','1'),(8,170,'Hissar','1'),(8,171,'Jhajjar','1'),(8,172,'Jind','1'),(8,173,'Kaithal','1'),(8,174,'Karnal','1'),(8,175,'Kurukshetra','1'),(8,176,'Mahendragarh','1'),(8,177,'Mewat','1'),(8,178,'Palwal','1'),(8,179,'Panchkula','1'),(8,180,'Panipat','1'),(8,181,'Rewari','1'),(8,182,'Rohtak','1'),(8,183,'Sirsa','1'),(8,184,'Sonipat','1'),(8,185,'Yamuna Nagar','1'),(9,186,'Bilaspur','1'),(9,187,'Chamba','1'),(9,188,'Hamirpur','1'),(9,189,'Kangra','1'),(9,190,'Kinnaur','1'),(9,191,'Kullu','1'),(9,192,'Lahaul and Spiti','1'),(9,193,'Mandi','1'),(9,194,'Shimla','1'),(9,195,'Sirmaur','1'),(9,196,'Solan','1'),(9,197,'Una','1'),(10,198,'Anantnag','1'),(10,199,'Bandipora','1'),(10,200,'Baramulla','1'),(10,201,'Badgam','1'),(10,202,'Doda','1'),(10,203,'Ganderbal','1'),(10,204,'Jammu','1'),(10,205,'Kargil','1'),(10,206,'Kathua','1'),(10,207,'Kishtwar','1'),(10,208,'Kulgam','1'),(10,209,'Kupwara','1'),(10,210,'Leh','1'),(10,211,'Poonch','1'),(10,212,'Pulwama','1'),(10,213,'Rajouri','1'),(10,214,'Ramban','1'),(10,215,'Reasi','1'),(10,216,'Samba','1'),(10,217,'Shopian','1'),(10,218,'Srinagar','1'),(10,219,'Udhampur','1'),(11,220,'Bokaro','1'),(11,221,'Chatra','1'),(11,222,'Deoghar','1'),(11,223,'Dhanbad','1'),(11,224,'Dumka','1'),(11,225,'East Singhbhum','1'),(11,226,'Garhwa','1'),(11,227,'Giridih','1'),(11,228,'Godda','1'),(11,229,'Gumla','1'),(11,230,'Hazaribag','1'),(11,231,'Jamtara','1'),(11,232,'Khunti','1'),(11,233,'Koderma','1'),(11,234,'Latehar','1'),(11,235,'Lohardaga','1'),(11,236,'Pakur','1'),(11,237,'Palamu','1'),(11,238,'Ramgarh','1'),(11,239,'Ranchi','1'),(11,240,'Sahibganj','1'),(11,241,'Seraikela Kharsawan','1'),(11,242,'Simdega','1'),(11,243,'West Singhbhum','1'),(12,244,'Bagalkot','1'),(12,245,'Bellary','1'),(12,246,'Belgaum','1'),(12,247,'Bangalore Rural','1'),(12,248,'Bangalore Urban','1'),(12,249,'Bidar','1'),(12,250,'Chamarajnagar','1'),(12,251,'Chikkaballapur','1'),(12,252,'Chikkamagaluru','1'),(12,253,'Chitradurga','1'),(12,254,'Dakshina Kannada','1'),(12,255,'Davanagere','1'),(12,256,'Dharwad','1'),(12,257,'Gadag','1'),(12,258,'Hassan','1'),(12,259,'Haveri district','1'),(12,260,'Gulbarga','1'),(12,261,'Kodagu','1'),(12,262,'Kolar','1'),(12,263,'Koppal','1'),(12,264,'Mandya','1'),(12,265,'Mysore','1'),(12,266,'Raichur','1'),(12,267,'Ramanagara','1'),(12,268,'Shimoga','1'),(12,269,'Tumkur','1'),(12,270,'Udupi','1'),(12,271,'Uttara Kannada','1'),(12,272,'Vijayapura','1'),(12,273,'Yadgir','1'),(13,274,'Alappuzha','1'),(13,275,'Ernakulam','1'),(13,276,'Idukki','1'),(13,277,'Kannur','1'),(13,278,'Kasaragod','1'),(13,279,'Kollam','1'),(13,280,'Kottayam','1'),(13,281,'Kozhikode','1'),(13,282,'Malappuram','1'),(13,283,'Palakkad','1'),(13,284,'Pathanamthitta','1'),(13,285,'Thrissur','1'),(13,286,'Thiruvananthapuram','1'),(13,287,'Wayanad','1'),(14,288,'Agar','1'),(14,289,'Alirajpur','1'),(14,290,'Anuppur','1'),(14,291,'Ashok Nagar','1'),(14,292,'Balaghat','1'),(14,293,'Barwani','1'),(14,294,'Betul','1'),(14,295,'Bhind','1'),(14,296,'Bhopal','1'),(14,297,'Burhanpur','1'),(14,298,'Chhatarpur','1'),(14,299,'Chhindwara','1'),(14,300,'Damoh','1'),(14,301,'Datia','1'),(14,302,'Dewas','1'),(14,303,'Dhar','1'),(14,304,'Dindori','1'),(14,305,'Guna','1'),(14,306,'Gwalior','1'),(14,307,'Harda','1'),(14,308,'Hoshangabad','1'),(14,309,'Indore','1'),(14,310,'Jabalpur','1'),(14,311,'Jhabua','1'),(14,312,'Katni','1'),(14,313,'Khandwa East Nimar','1'),(14,314,'Khargone West Nimar','1'),(14,315,'Mandla','1'),(14,316,'Mandsaur','1'),(14,317,'Morena','1'),(14,318,'Narsinghpur','1'),(14,319,'Neemuch','1'),(14,320,'Panna','1'),(14,321,'Raisen','1'),(14,322,'Rajgarh','1'),(14,323,'Ratlam','1'),(14,324,'Rewa','1'),(14,325,'Sagar','1'),(14,326,'Satna','1'),(14,327,'Sehore','1'),(14,328,'Seoni','1'),(14,329,'Shahdol','1'),(14,330,'Shajapur','1'),(14,331,'Sheopur','1'),(14,332,'Shivpuri','1'),(14,333,'Sidhi','1'),(14,334,'Singrauli','1'),(14,335,'Tikamgarh','1'),(14,336,'Ujjain','1'),(14,337,'Umaria','1'),(14,338,'Vidisha','1'),(15,339,'Ahmednagar','1'),(15,340,'Akola','1'),(15,341,'Amravati','1'),(15,342,'Aurangabad','1'),(15,343,'Beed','1'),(15,344,'Bhandara','1'),(15,345,'Buldhana','1'),(15,346,'Chandrapur','1'),(15,347,'Dhule','1'),(15,348,'Gadchiroli','1'),(15,349,'Gondia','1'),(15,350,'Hingoli','1'),(15,351,'Jalgaon','1'),(15,352,'Jalna','1'),(15,353,'Kolhapur','1'),(15,354,'Latur','1'),(15,355,'Mumbai City','1'),(15,356,'Mumbai suburban','1'),(15,357,'Nanded','1'),(15,358,'Nandurbar','1'),(15,359,'Nagpur','1'),(15,360,'Nashik','1'),(15,361,'Osmanabad','1'),(15,362,'Palghar','1'),(15,363,'Parbhani','1'),(15,364,'Pune','1'),(15,365,'Raigad','1'),(15,366,'Ratnagiri','1'),(15,367,'Sangli','1'),(15,368,'Satara','1'),(15,369,'Sindhudurg','1'),(15,370,'Solapur','1'),(15,371,'Thane','1'),(15,372,'Wardha','1'),(15,373,'Washim','1'),(15,374,'Yavatmal','1'),(16,375,'Bishnupur','1'),(16,376,'Churachandpur','1'),(16,377,'Chandel','1'),(16,378,'Imphal East','1'),(16,379,'Senapati','1'),(16,380,'Tamenglong','1'),(16,381,'Thoubal','1'),(16,382,'Ukhrul','1'),(16,383,'Imphal West','1'),(17,384,'East Garo Hills','1'),(17,385,'East Khasi Hills','1'),(17,386,'East Jaintia Hills','1'),(17,387,'North Garo Hills','1'),(17,388,'Ri Bhoi','1'),(17,389,'South Garo Hills','1'),(17,390,'South West Garo Hills','1'),(17,391,'South West Khasi Hills','1'),(17,392,'West Jaintia Hills','1'),(17,393,'West Garo Hills','1'),(17,394,'West Khasi Hills','1'),(18,395,'Aizawl','1'),(18,396,'Champhai','1'),(18,397,'Kolasib','1'),(18,398,'Lawngtlai','1'),(18,399,'Lunglei','1'),(18,400,'Mamit','1'),(18,401,'Saiha','1'),(18,402,'Serchhip','1'),(19,403,'Dimapur','1'),(19,404,'Kiphire','1'),(19,405,'Kohima','1'),(19,406,'Longleng','1'),(19,407,'Mokokchung','1'),(19,408,'Mon','1'),(19,409,'Peren','1'),(19,410,'Phek','1'),(19,411,'Tuensang','1'),(19,412,'Wokha','1'),(19,413,'Zunheboto','1'),(20,414,'Angul','1'),(20,415,'Boudh Bauda','1'),(20,416,'Bhadrak','1'),(20,417,'Balangir','1'),(20,418,'Bargarh Baragarh','1'),(20,419,'Balasore','1'),(20,420,'Cuttack','1'),(20,421,'Debagarh Deogarh','1'),(20,422,'Dhenkanal','1'),(20,423,'Ganjam','1'),(20,424,'Gajapati','1'),(20,425,'Jharsuguda','1'),(20,426,'Jajpur','1'),(20,427,'Jagatsinghpur','1'),(20,428,'Khordha','1'),(20,429,'Kendujhar Keonjhar','1'),(20,430,'Kalahandi','1'),(20,431,'Kandhamal','1'),(20,432,'Koraput','1'),(20,433,'Kendrapara','1'),(20,434,'Malkangiri','1'),(20,435,'Mayurbhanj','1'),(20,436,'Nabarangpur','1'),(20,437,'Nuapada','1'),(20,438,'Nayagarh','1'),(20,439,'Puri','1'),(20,440,'Rayagada','1'),(20,441,'Sambalpur','1'),(20,442,'Subarnapur Sonepur','1'),(20,443,'Sundargarh','1'),(21,444,'Amritsar','1'),(21,445,'Barnala','1'),(21,446,'Bathinda','1'),(21,447,'Firozpur','1'),(21,448,'Faridkot','1'),(21,449,'Fatehgarh Sahib','1'),(21,450,'Fazilka[9]','1'),(21,451,'Gurdaspur','1'),(21,452,'Hoshiarpur','1'),(21,453,'Jalandhar','1'),(21,454,'Kapurthala','1'),(21,455,'Ludhiana','1'),(21,456,'Mansa','1'),(21,457,'Moga','1'),(21,458,'Sri Muktsar Sahib','1'),(21,459,'Pathankot','1'),(21,460,'Patiala','1'),(21,461,'Rupnagar','1'),(21,462,'Sahibzada Ajit Singh Nagar','1'),(21,463,'Sangrur','1'),(21,464,'Shahid Bhagat Singh Nagar','1'),(21,465,'Tarn Taran','1'),(22,466,'Ajmer','1'),(22,467,'Alwar','1'),(22,468,'Bikaner','1'),(22,469,'Barmer','1'),(22,470,'Banswara','1'),(22,471,'Bharatpur','1'),(22,472,'Baran','1'),(22,473,'Bundi','1'),(22,474,'Bhilwara','1'),(22,475,'Churu','1'),(22,476,'Chittorgarh','1'),(22,477,'Dausa','1'),(22,478,'Dholpur','1'),(22,479,'Dungapur','1'),(22,480,'Ganganagar','1'),(22,481,'Hanumangarh','1'),(22,482,'Jhunjhunu','1'),(22,483,'Jalore','1'),(22,484,'Jodhpur','1'),(22,485,'Jaipur','1'),(22,486,'Jaisalmer','1'),(22,487,'Jhalawar','1'),(22,488,'Karauli','1'),(22,489,'Kota','1'),(22,490,'Nagaur','1'),(22,491,'Pali','1'),(22,492,'Pratapgarh','1'),(22,493,'Rajsamand','1'),(22,494,'Sikar','1'),(22,495,'Sawai Madhopur','1'),(22,496,'Sirohi','1'),(22,497,'Tonk','1'),(22,498,'Udaipur','1'),(23,499,'East Sikkim','1'),(23,500,'North Sikkim','1'),(23,501,'South Sikkim','1'),(23,502,'West Sikkim','1'),(24,503,'District','1'),(24,504,'Ariyalur','1'),(24,505,'Chennai','1'),(24,506,'Coimbatore','1'),(24,507,'Cuddalore','1'),(24,508,'Dharmapuri','1'),(24,509,'Dindigul','1'),(24,510,'Erode','1'),(24,511,'Kanchipuram','1'),(24,512,'Kanyakumari','1'),(24,513,'Karur','1'),(24,514,'Krishnagiri','1'),(24,515,'Madurai','1'),(24,516,'Nagapattinam','1'),(24,517,'Nilgiris','1'),(24,518,'Namakkal','1'),(24,519,'Perambalur','1'),(24,520,'Pudukkottai','1'),(24,521,'Ramanathapuram','1'),(24,522,'Salem','1'),(24,523,'Sivaganga','1'),(24,524,'Tirupur','1'),(24,525,'Tiruchirappalli','1'),(24,526,'Theni','1'),(24,527,'Tirunelveli','1'),(24,528,'Thanjavur','1'),(24,529,'Thoothukudi','1'),(24,530,'Tiruvallur','1'),(24,531,'Tiruvarur','1'),(24,532,'Tiruvannamalai','1'),(24,533,'Vellore','1'),(24,534,'Viluppuram','1'),(24,535,'Virudhunagar','1'),(25,536,'Adilabad','1'),(25,537,'Hyderabad','1'),(25,538,'Karimnagar','1'),(25,539,'Khammam','1'),(25,540,'Mahbubnagar','1'),(25,541,'Medak','1'),(25,542,'Nalgonda','1'),(25,543,'Nizamabad','1'),(25,544,'Ranga Reddy','1'),(25,545,'Warangal','1'),(26,546,'Dhalai','1'),(26,547,'Gomati','1'),(26,548,'Khowai[10]','1'),(26,549,'North Tripura','1'),(26,550,'Sepahijala[11]','1'),(26,551,'South Tripura','1'),(26,552,'Unokoti[12]','1'),(26,553,'West Tripura','1'),(27,554,'Agra','1'),(27,555,'Aligarh','1'),(27,556,'Allahabad','1'),(27,557,'Ambedkar Nagar','1'),(27,558,'Amethi Chhatrapati Shahuji Maharaj Nagar[13]','1'),(27,559,'Amroha Jyotiba Phule Nagar','1'),(27,560,'Auraiya','1'),(27,561,'Azamgarh','1'),(27,562,'Bagpat','1'),(27,563,'Bahraich','1'),(27,564,'Ballia','1'),(27,565,'Balrampur','1'),(27,566,'Banda','1'),(27,567,'Barabanki','1'),(27,568,'Bareilly','1'),(27,569,'Basti','1'),(27,570,'Bijnor','1'),(27,571,'Budaun','1'),(27,572,'Bulandshahr','1'),(27,573,'Chandauli','1'),(27,574,'Chitrakoot','1'),(27,575,'Deoria','1'),(27,576,'Etah','1'),(27,577,'Etawah','1'),(27,578,'Faizabad','1'),(27,579,'Farrukhabad','1'),(27,580,'Fatehpur','1'),(27,581,'Firozabad','1'),(27,582,'Gautam Buddh Nagar','1'),(27,583,'Ghaziabad','1'),(27,584,'Ghazipur','1'),(27,585,'Gonda','1'),(27,586,'Gorakhpur','1'),(27,587,'Hamirpur','1'),(27,588,'Hapur Panchsheel Nagar','1'),(27,589,'Hardoi','1'),(27,590,'Hathras Mahamaya Nagar','1'),(27,591,'Jalaun','1'),(27,592,'Jaunpur district','1'),(27,593,'Jhansi','1'),(27,594,'Kannauj','1'),(27,595,'Kanpur Dehat Ramabai Nagar','1'),(27,596,'Kanpur Nagar','1'),(27,597,'Kasganj Kanshi Ram Nagar','1'),(27,598,'Kaushambi','1'),(27,599,'Kushinagar','1'),(27,600,'Lakhimpur Kheri','1'),(27,601,'Lalitpur','1'),(27,602,'Lucknow','1'),(27,603,'Maharajganj','1'),(27,604,'Mahoba','1'),(27,605,'Mainpuri','1'),(27,606,'Mathura','1'),(27,607,'Mau','1'),(27,608,'Meerut','1'),(27,609,'Mirzapur','1'),(27,610,'Moradabad','1'),(27,611,'Muzaffarnagar','1'),(27,612,'Pilibhit','1'),(27,613,'Pratapgarh','1'),(27,614,'Raebareli','1'),(27,615,'Rampur','1'),(27,616,'Saharanpur','1'),(27,617,'Sambhal Bheem Nagar','1'),(27,618,'Sant Kabir Nagar','1'),(27,619,'Sant Ravidas Nagar','1'),(27,620,'Shahjahanpur','1'),(27,621,'Shamli[14]','1'),(27,622,'Shravasti','1'),(27,623,'Siddharthnagar','1'),(27,624,'Sitapur','1'),(27,625,'Sonbhadra','1'),(27,626,'Sultanpur','1'),(27,627,'Unnao','1'),(27,628,'Varanasi','1'),(28,629,'Almora','1'),(28,630,'Bageshwar','1'),(28,631,'Chamoli','1'),(28,632,'Champawat','1'),(28,633,'Dehradun','1'),(28,634,'Haridwar','1'),(28,635,'Nainital','1'),(28,636,'Pauri Garhwal','1'),(28,637,'Pithoragarh','1'),(28,638,'Rudraprayag','1'),(28,639,'Tehri Garhwal','1'),(28,640,'Udham Singh Nagar','1'),(28,641,'Uttarkashi','1'),(29,642,'Alipurduar','1'),(29,643,'Bankura','1'),(29,644,'Bardhaman','1'),(29,645,'Birbhum','1'),(29,646,'Cooch Behar','1'),(29,647,'Dakshin Dinajpur','1'),(29,648,'Darjeeling','1'),(29,649,'Hooghly','1'),(29,650,'Howrah','1'),(29,651,'Jalpaiguri','1'),(29,652,'Kolkata','1'),(29,653,'Maldah','1'),(29,654,'Murshidabad','1'),(29,655,'Nadia','1'),(29,656,'North 24 Parganas','1'),(29,657,'Paschim Medinipur','1'),(29,658,'Purba Medinipur','1'),(29,659,'Purulia','1'),(29,660,'South 24 Parganas','1'),(29,661,'Uttar Dinajpur','1'),(30,662,'Nicobar','1'),(30,663,'North and Middle Andaman','1'),(30,664,'South Andaman','1'),(31,665,'Chandigarh','1'),(32,666,'Dadra and Nagar Haveli','1'),(33,667,'Daman','1'),(33,668,'Diu','1'),(34,669,'Lakshadweep','1'),(35,670,'Connaught Place','1'),(35,671,'North Delhi','1'),(35,672,'North West Delhi','1'),(35,673,'West Delhi','1'),(35,674,'South West Delhi','1'),(35,675,'South Delhi','1'),(35,676,'South East Delhi','1'),(35,677,'Central Delhi','1'),(35,678,'North East Delhi','1'),(35,679,'Shahdara','1'),(35,680,'East Delhi','1'),(36,681,'Karaikal','1'),(36,682,'Mahe','1'),(36,683,'puducherry','1'),(36,684,'Yanam','1');

/*Table structure for table `master_state` */


CREATE TABLE `master_state` (
  `state_id` int(100) NOT NULL AUTO_INCREMENT,
  `state_name` varchar(255) NOT NULL,
  `status` int(20) NOT NULL DEFAULT '1',
  PRIMARY KEY (`state_id`),
  UNIQUE KEY `state_name` (`state_name`)
) ENGINE=InnoDB AUTO_INCREMENT=37 DEFAULT CHARSET=latin1;

/*Data for the table `master_state` */

insert  into `master_state`(`state_id`,`state_name`,`status`) values (1,'Andhra Pradesh',1),(2,'Arunachal Pradesh',1),(3,'Assam',1),(4,'Bihar',1),(5,'Chhattisgarh',1),(6,'Goa',1),(7,'Gujarat',1),(8,'Haryana',1),(9,'Himachal Pradesh',1),(10,'Jammu & Kashmir',1),(11,'Jharkhand',1),(12,'Karnataka',1),(13,'Kerala',1),(14,'Madhya Pradesh',1),(15,'Maharashtra',1),(16,'Manipur',1),(17,'Meghalaya',1),(18,'Mizoram',1),(19,'Nagaland',1),(20,'Orissa',1),(21,'Punjab',1),(22,'Rajasthan',1),(23,'Sikkim',1),(24,'Tamil Nadu',1),(25,'Telangana',1),(26,'Tripura',1),(27,'Uttar Pradesh',1),(28,'Uttarakhand',1),(29,'West Bengal',1),(30,'Andaman and Nicobar',1),(31,'Chandigarh',1),(32,'Dadra and Nagar Haveli',1),(33,'Daman and Diu',1),(34,'Lakshadweep',1),(35,'Delhi',1),(36,'Puducherry',1);

/*Table structure for table `order_tbl` */


CREATE TABLE `order_tbl` (
  `order_id` int(11) NOT NULL AUTO_INCREMENT,
  `category_id` varchar(255) COLLATE utf8_bin NOT NULL,
  `product_id` varchar(255) COLLATE utf8_bin NOT NULL,
  `product_name` text COLLATE utf8_bin NOT NULL,
  `product_weight` varchar(255) COLLATE utf8_bin NOT NULL,
  `product_unit` varchar(255) COLLATE utf8_bin NOT NULL,
  `product_price` varchar(255) COLLATE utf8_bin NOT NULL,
  `product_quantity` varchar(255) COLLATE utf8_bin NOT NULL,
  `user_address` text COLLATE utf8_bin NOT NULL,
  `user_name` varchar(255) COLLATE utf8_bin NOT NULL,
  `user_mobile_number` varchar(255) COLLATE utf8_bin NOT NULL,
  `latitude` varchar(255) COLLATE utf8_bin NOT NULL,
  `longitude` varchar(255) COLLATE utf8_bin NOT NULL,
  `sub_total` varchar(255) COLLATE utf8_bin NOT NULL,
  `shipping_charges` varchar(255) COLLATE utf8_bin NOT NULL,
  `total` varchar(255) COLLATE utf8_bin NOT NULL,
  `status` int(11) NOT NULL DEFAULT '1',
  `unique_key` varchar(255) COLLATE utf8_bin NOT NULL,
  `submit_datetime` varchar(255) COLLATE utf8_bin NOT NULL,
  PRIMARY KEY (`order_id`)
) ENGINE=InnoDB AUTO_INCREMENT=2 DEFAULT CHARSET=utf8 COLLATE=utf8_bin;

/*Data for the table `order_tbl` */

insert  into `order_tbl`(`order_id`,`category_id`,`product_id`,`product_name`,`product_weight`,`product_unit`,`product_price`,`product_quantity`,`user_address`,`user_name`,`user_mobile_number`,`latitude`,`longitude`,`sub_total`,`shipping_charges`,`total`,`status`,`unique_key`,`submit_datetime`) values (1,'2,','4,','Potato,','1,','kg,','10,','5,','Sirsa Kheri,Sirsa Kheri,Jind,Haryana ,126101','ajay  kumar','7053600302','','','50','40','90',1,'20112019150942','20-11-2019 15:09:42');

/*Table structure for table `pigeon_cultivation` */


CREATE TABLE `pigeon_cultivation` (
  `id` int(11) NOT NULL AUTO_INCREMENT,
  `intro` text,
  `status` varchar(255) NOT NULL DEFAULT '0',
  PRIMARY KEY (`id`)
) ENGINE=InnoDB AUTO_INCREMENT=2 DEFAULT CHARSET=utf8;

/*Data for the table `pigeon_cultivation` */

insert  into `pigeon_cultivation`(`id`,`intro`,`status`) values (1,'Land requirement :\r\nPigeon pea responds to properly well tilled and drained seed bed\r\nA deep ploughing with soil turning plough followed by  two or three cross harrowing and proper levelling should be given to ensure to uniform irrigation and proper drainage.\r\nBeing deep rooted crop, it requires a deep and well pulverised field which is free from weeds and clods.\r\nVariety grown:\r\nMedium duration variety- TS-3 R  June-July (145-150 days)\r\nShort duration variety -   GC-11-39 June-July (125-135 days)\r\n              BSMR-736 (Sterility mosaic virus resistant 180 days)\r\n\r\nSeeds required  4-5 kg/ac\r\nSees treatment :\r\nSeeds will be soaked in 2% calcium chloride solution for 6 ml/kg of seeds  before the sowing for about 7 hrs and shade dried.\r\nSeeds are coated with micronutrients like sulphate, potassium and molybdenum \r\n\r\n Later seed dressing with microbial fertilizers Rhizobium or PSB (Phosphate solubilising Bacteria) or PGPR (Plant Growth Promoting Rhizobacteria) \r\nChemical Fertilizers:\r\nApplication of recommended dosage of NPK @10:20:8\r\n50% of N can be applied at the time of sowing.\r\nSowing :\r\n	Treated seed can be sown with spacing 90 30 cm.\r\nMONITORING :\r\n         Placing of pheromone traps @5 per ha. to attract the male moths from Sept. to Dec..\r\nETL- 5 moths per trap for 3 consecutive days.\r\nTwo eggs or one larvae per plant\r\nBIRD PERCHES : \r\n             Erecting the bird perches @ 20 per Ha.\r\nHelps in bird sitting to locate the larvae. \r\nLive Bird Perches :\r\n                   Black Drongo A-Predatory bird can feed 25-30 larvae  per day.\r\nSorghum / Pundi acts as live bird perches (mixed crop).','0');

/*Table structure for table `pigeon_diseases` */


CREATE TABLE `pigeon_diseases` (
  `id` int(11) NOT NULL AUTO_INCREMENT,
  `disease_name` text NOT NULL,
  `disease_symptoms` text NOT NULL,
  `disease_control` text NOT NULL,
  `pest_image` text NOT NULL,
  `status` varchar(255) NOT NULL DEFAULT '0',
  PRIMARY KEY (`id`)
) ENGINE=InnoDB AUTO_INCREMENT=5 DEFAULT CHARSET=utf8;

/*Data for the table `pigeon_diseases` */

insert  into `pigeon_diseases`(`id`,`disease_name`,`disease_symptoms`,`disease_control`,`pest_image`,`status`) values (1,'Wilt: Fusarium udum','Leaves initially pale, loose their turgidity, droop down and finally     results in large scale withering.\r\n\r\nGradual or sudden wilting from bottom to top is observed. \r\n\r\nEntire plant wilts or dies within a few days. \r\n\r\nThe disease incidence occurs in patches in the field.  \r\n\r\nDark streaks are seen when the bark of stem below the soil level and tap root are removed. \r\n\r\nPlants may brea k at these points.\r\n','Seed treatment with   talc formulation of T. viride @ 4g or P. fluorescens @ 10 g/kg  Carbendazim or Thiram @ 2 g/kg\r\n\r\nBasal soil application of  neem cake @ 150 Kg/ ha\r\n\r\nSoil application  of  P. fluorescens or T. viride @ 2.5 Kg / ha + 50 Kg of well  decomposed FYM or sand at 30 days after sowing. \r\n\r\nSpot drenching with  Carbendazim @ 1 gm/ liter','1.jpg*2.jpg*3.jpg','0'),(2,'Alternaria Leaf Spot: Alternaria  alternata','Initially small necrotic spots appear on the leaves, and these gradually increase in and form characteristic lesions with dark and light brown concentric ring with a wavy purple margin.\r\n\r\nAs infection progresses, the lesions coalesce  and  cause blighting of leaves\r\n\r\nThe disease is mostly confined to older leaves in adult plants, but may infect new leaves of young plants, particularly in the post rainy-season.   ','Seed treatment with   2 gm Capton 80 WP  or Thiram  @ 1.00/kg\r\n\r\nSpray 1gm Carbondizium @ 50 WP  afeter symptoms are seen and repeat 2nd  spary after 10-15 days interval.','4.jpg*5.jpg','0'),(3,'Powdery mildew: Leveillula taurica','It is an Oidiopsis type of powdery mildew in which the   mycelium is endophytic.\r\n\r\nThe affected leaf shows powdery patches on the lower surface corresponding with yellowing   on the upper surface. \r\n\r\nUsually older l eaves show symptom first. \r\n\r\nThere will be premature   defoliation of affected leaves. \r\n','Spraying with Neem Seed Kernel Extract (NSKE) 5% or  Neem oil 3% twice at 10 days   intervals from initial disease appearance.\r\n\r\nSpray Carbendazim 1g/lit or Wettable sulphur 2.5g/lit.\r\n','6.jpg*7.jpg','0'),(4,'Sterility Mosaic Disease (SMD): Pigeon pea sterility mosaic virus \r\nVector: Aceria cajani','The affected plants are stunted due to shortening of  internodes. \r\n\r\nThe auxiliary buds are stimulated to grow and the     branches are crowded at the top giving bushy  appearance. \r\n\r\nMainly three types of symptoms are associated viz.   severe mosaic in leaflets with complete sterility , mild    mosaic with partial sterility and ring spots characterized by a green island surrounded by a   chlorotic halo. ','Rouging  out infected plants up to 40 days after sowing\r\nSpraying with dicofol 18.5 EC @ 2.5 ml/ litre   or oxydemeton methyl 50 EC @ 1.5 ml/l soon after appearance of the disease and if necessary repeat after 15 days.','8.jpg*9.jpg*10.jpg','0');

/*Table structure for table `pigeon_intro` */


CREATE TABLE `pigeon_intro` (
  `id` int(11) NOT NULL AUTO_INCREMENT,
  `intro` text,
  `status` varchar(255) NOT NULL DEFAULT '0',
  PRIMARY KEY (`id`)
) ENGINE=InnoDB AUTO_INCREMENT=2 DEFAULT CHARSET=utf8;

/*Data for the table `pigeon_intro` */

insert  into `pigeon_intro`(`id`,`intro`,`status`) values (1,'Pigeonpea is a major pulse crop in India, grown in an area of 7.7 lakh ha with a productivity of 486 kg/ha. \\r\\n\r\n\r\nIn combination with cereals, pigeonpea make a well-balanced meal and hence, are favoured by nutritionists as an essential ingredient for balanced diets. \\r\\n\r\n\r\nPod borer is a major production constraint in pigeonpea –flowers/pods/seeds. \\r\\n\r\n\r\nPigeonpea is cross pollinated up to 30-50 per cent by honey bees.','0');

/*Table structure for table `pigeon_other` */


CREATE TABLE `pigeon_other` (
  `id` int(11) NOT NULL AUTO_INCREMENT,
  `intro` text,
  `status` varchar(255) NOT NULL DEFAULT '0',
  PRIMARY KEY (`id`)
) ENGINE=InnoDB AUTO_INCREMENT=3 DEFAULT CHARSET=utf8;

/*Data for the table `pigeon_other` */

insert  into `pigeon_other`(`id`,`intro`,`status`) values (1,'Weed management:\r\n               Sowing after next day spray 1.3 ml/ac pendimetalin or 900 ml Alachlor for weeds\r\n3 weeks after sowing Imazothapyr 10 SL 400 ml/ac\r\n6 weeks after sowing 2.00ml/ac  Parquet.\r\nHarvesting and threshing:\r\nCrop is harvested immediately after seed is mature\r\nHarvesting is normally done with the sickle and the crop is left in the  field to try for about 1 week.\r\nThreshing:\r\nThreshing is done by beating the plants with sticks\r\nNecessary precaution should be taken to avoid mechanical mixtures during these operations.','0'),(2,'Name of the species:\r\nSunflower \\r\\n\r\nApis mellifera Fabricius\r\nApis cerana Fabricius\r\nApis dorsata Fabricius\r\nTrigona irridipennis \r\nTrigona laeviceps\r\nNiger \\r\\n\r\nApis dorsata\r\nApis florae\r\nApis cerana\r\nDanaus chrysippus L.\r\nHypolimnas sp.\r\nAmata passelis L.\r\nEristalis sp.\r\nSesamum \\r\\n\r\nApis dorsata\r\nApis florea\r\nApis cerana\r\nMegachile spp.\r\nEpisyrphus sp.\r\nSarcophaga sp.\r\nMusca spp.\r\nDanaus chrysippus L.\r\nPieris rapae L.','0');

/*Table structure for table `pigeon_pea_pests` */


CREATE TABLE `pigeon_pea_pests` (
  `id` int(11) NOT NULL AUTO_INCREMENT,
  `pest_name` text NOT NULL,
  `pest_desc` text NOT NULL,
  `pest_image` text NOT NULL,
  `status` varchar(255) NOT NULL DEFAULT '0',
  PRIMARY KEY (`id`)
) ENGINE=InnoDB AUTO_INCREMENT=10 DEFAULT CHARSET=utf8;

/*Data for the table `pigeon_pea_pests` */

insert  into `pigeon_pea_pests`(`id`,`pest_name`,`pest_desc`,`pest_image`,`status`) values (1,'Retlgram  gall weevil: Alcidodes collaris (Curculionidae: Coleoptera)','The weevils attack redgram,greengram,blackgram and cowpea.\\r\\n Eggs  are laid singly in  holes on stems  by weevils  covered with stem fibres.\\r\\n Swelling  or gall  is formed  near the point of entry. \\r\\n Grubs bore into stem.\\r\\n\r\nPlants may brea k at these points.\r\n','1.jpg*2.jpg*3.jpg','0'),(2,'Gram  caterpillar : Helicoverpa armigera Hub. (Noctuidae: Lepidoptera)','Refer under maize for description.\r\n\r\nHere  the  caterpillars  feed  on  flower  buds and  later  bore  into  the  pods  a nd   eat  the seeds.\\r\\n\r\n\r\nWhile, feeding it  insect its head inside the pod leaving the rest of  its body outside.\\r\\n\r\n\r\nDamaged pods show the entry holes.','4.jpg*5.jpg','0'),(3,'Red  gram plume moth: Exelastis atomosa W.(Pterophoridae :  Lepidoptera )','Adult	is a slender small moth measures\r\nabout 1/ 2 to 3/ 4  inch in wing expansion.\\r\\n Wings	are brownish narrow	and fringed into lobes, which resemble plumes.\\r\\n \r\nEggs  are  greenish oval  and  laid  on Hower buds or pods singly. \\r\\n\r\n\r\nIt also infests avare. \\r\\n\r\n\r\nLarvae bore into pods.','6.jpg*7.jpg','0'),(4,'Redgram  pod fly:Melanagromyza  obtusa (Malloch) (Agromyzidae: Diptera)','Black,sma ll fly inserts the eggs into tender  pods. \\r\\n\r\n\r\nThe maggot  feeds on developing seeds inside the pods. \\r\\n\r\n\r\nIt  pupates inside the pod.','8.jpg*9.jpg*10.jpg','0'),(5,'Redgram  pod borer: Etiellla  zinckenella Treit. (Pyralidae: Lepidoptera)','Moths  are  small  with  white  streaks  on the	grayish brown	forwings and pale hind wings. \\r\\n\r\nIt lays the eggs  singly on tender pod. \\r\\n\r\n\r\nThe larva is greenish and has five  black spots on the prothorax. \\r\\n\r\n\r\nThe grown up larva becomes pinkish. \\r\\n\r\n\r\nThe  larva  bores  into  pods  and feeds onthe developing seeds. \\r\\n\r\n\r\nIt  also  feeds  on  horsegram,lablab, pea and cowpea.','11.jpg*12.jpg*13.jpg*14.jpg','0'),(6,'Blister beetle: Mylabris pustulata Thunberg (Meloidae : Coleoptera)','Adult is a black elongated shining	beetle, elytra with charact eristic\r\nbands.\\r\\n They appear  in large numbers during  flowering   season   and damage the flowers by feeding on petals. \\r\\n The larval stages develop within  the  soil  and  first  instar grubs  feed  on  the  ootheca  of grasshoppers.','15.jpg','0'),(7,'Pod bugs: Clavigralla gibbosa; Riptortus pedestris  (Coreidae: Hemiptera)','Clavigra lla g ibbosa:	Adults are brownish grey with spine like projections on the prothorax.','16.jpg','0'),(8,' Pulse beetle: Callosobruchus chinensis (L.) (Chrysomelidae:  Coleoptera)','It is a pest both in the field  and in storage. \\r\\n Adult  beetle is pale brown with pubescent elytra  and rounded abruptly posteriorly. \\r\\n\r\n\r\n\r\nGrub is pale white and feeds  on the inner content  of seeds.','17.jpg*18.jpg*19.jpg*20.jpg*21.jpg*22.jpg','0'),(9,'Tu r bud mite Eriophyid  mite: Aceria ( Eriophyes) cajani (Eriophyidae: Acari)','This is a microscopic whitish mite    which    transmits   the sterility mosaic disease. \\r\\n\r\n\r\nEruptions   can   be   observed on  leaves  and  leaves  curl  in severe cases. \\r\\n\r\n\r\nThis  disease  is  wide  spread in         Karnataka (Gulbarga districts),    Andhra Pradesh and Tamil Nadu.\\r\\n\r\n\r\n\r\nThe  diseased  plants  do  not\r\nproduce flowers and pods.','23.jpg*24.jpg*25.jpg*26.jpg','0');

/*Table structure for table `pigeon_pea_plant_protection` */


CREATE TABLE `pigeon_pea_plant_protection` (
  `id` int(11) NOT NULL AUTO_INCREMENT,
  `method_heading` text NOT NULL,
  `method_detail` text NOT NULL,
  `images` text,
  `status` varchar(255) NOT NULL DEFAULT '0',
  PRIMARY KEY (`id`)
) ENGINE=InnoDB AUTO_INCREMENT=11 DEFAULT CHARSET=utf8;

/*Data for the table `pigeon_pea_plant_protection` */

insert  into `pigeon_pea_plant_protection`(`id`,`method_heading`,`method_detail`,`images`,`status`) values (1,'SUMMER PLOUGHING','Exposes the pupae for  sun.\r\n\r\nFacilitates the birds for picking & eating the pupae.\r\n\r\nExposes the pathogens to sun rays.\r\n\r\nHelps in  conservation of moisture and residue decomposition.',NULL,'0'),(2,'Live Bird Perches','Black Drongo A-Predatory  bird\r\ncan feed  25-30 larvae	per day.\r\n\r\nSorghumI Pundi acts as live  bird\r\nperches (mixed  crop).',NULL,'0'),(3,'FIRST SPRAY WITH OVICIDE CHEMICAL','Profenopo s  50EC @2ml or Thiodicarb 75 vvp or Methomyl 40 SP @\r\n0.6g per litre of water.',NULL,'0'),(4,'SECOND SPRAY-BOTANICALS','Neem seed K.ernal  E:x t  r    act  5%\r\n\r\nCommercial  formulations (1500ppm\r\nAzadirachtin) @ 2ml / lit.\r\n\r\nHOW IT ACTS?\r\nAntifeeclant\r\n\r\nDeterrent\r\n\r\nInsect growth regulator\r\n\r\nOvicide\r\n\r\nMating disruptor\r\n\r\nSterilant.\r\n\r\nToxic',NULL,'0'),(5,'THIRD SPRAY- BIO-AGENT','Ha .NPV @ 250 LE I Ha .\r\nLarvae hangs upside down on the top of the plant.',NULL,'0'),(6,'Field spread of\'NPV','As the larvae feeds on cadavers it get\r\ninfested  by NPV',NULL,'0'),(7,'SHAKING OF PLANTS','One of the mechanical method of\r\ninsect management.',NULL,'0'),(8,'FOURTH SPRAY – CONTACT INSECTICIDE','Spinosad @ 0.1ml or Flubendiamide @ 0.2 ml or Indoxacarb 14.5 SC \r\n@ 0.3ml or chlorantraniliprole @ 0.2 ml or Emamectin benzoate @ 0.2g/l of water.',NULL,'0'),(9,'FIFTH SPRAY – PYRETHROID (if necessary against podfly)','Chlorantraniliprole @ 0.2 ml/l of water',NULL,'0'),(10,'Predators of Helicoverpa armigera','NA','27.jpg*28.jpg*29.jpg*30.jpg*31.jpg*32.jpg*33.jpg','0');

/*Table structure for table `pigeon_sowing` */


CREATE TABLE `pigeon_sowing` (
  `id` int(11) NOT NULL AUTO_INCREMENT,
  `intro` text,
  `status` varchar(255) NOT NULL DEFAULT '0',
  PRIMARY KEY (`id`)
) ENGINE=InnoDB AUTO_INCREMENT=2 DEFAULT CHARSET=utf8;

/*Data for the table `pigeon_sowing` */

insert  into `pigeon_sowing`(`id`,`intro`,`status`) values (1,'Sowing of redgram is done during June-July month.\\r\\n\r\nPigeonpea with sunflower, niger and sesamum as marginal crops enhanced the pollination activity of honeybees and the major species observed in these crops are Apis florea, Apis dorsata and  Apis cerana.\\r\\n\r\nSowing of marginal crop has to be done 45 days after the sowing of redgram so as to synchronize the flowering of both main crop and the marginal crop (Pigeonpea + Sunflower 3%).\\r\\n\r\nSpraying of insecticides after the peak activity (10.00AM to 2.00PM) of pollinators and introduction of marginal crops restored the pollinators quickly (within 2 to 5 days). \\r\\n\r\nWithout the marginal crops spraying of insecticides after the peak activity and during the peak activity of pollinators recovered the pollinators at 4th to 6th  day and 5th to 8th day after spray, respectively. ','0');

/*Table structure for table `product_tbl` */


CREATE TABLE `product_tbl` (
  `product_id` int(11) NOT NULL AUTO_INCREMENT,
  `category_id` int(11) NOT NULL,
  `product_name` text NOT NULL,
  `product_image` text NOT NULL,
  `product_price` text NOT NULL,
  `product_weight` text NOT NULL,
  `product_unit` text NOT NULL,
  `product_stock` text NOT NULL,
  `product_description` text NOT NULL,
  `status` int(11) NOT NULL DEFAULT '1',
  `submit_date` timestamp NOT NULL DEFAULT CURRENT_TIMESTAMP ON UPDATE CURRENT_TIMESTAMP,
  PRIMARY KEY (`product_id`)
) ENGINE=InnoDB AUTO_INCREMENT=18 DEFAULT CHARSET=utf8;

/*Data for the table `product_tbl` */

insert  into `product_tbl`(`product_id`,`category_id`,`product_name`,`product_image`,`product_price`,`product_weight`,`product_unit`,`product_stock`,`product_description`,`status`,`submit_date`) values (1,1,'Apple','apple.png','50','1','kg','100','Fresh Apple',1,'2017-05-05 11:48:13'),(2,1,'Orange','Orange.jpg','50','1','kg','100','Fresh Orange',1,'2017-05-05 13:33:13'),(3,2,'Tomato','Tomato.jpg','20','1','kg','999','Fresh Tomato',2,'2017-05-05 13:07:39'),(4,2,'Potato','potato.jpg','10','1','kg','198','Fresh potato',1,'2018-06-09 14:37:25'),(5,3,'Curd','1_report_20170505103841_Curd.jpg','25','100','gm','200','Fresh Curd',1,'2017-05-05 13:31:52'),(6,2,'Capsicum','1_report_20170505125024_Capsicum.jpg','20','1','kg','19','Fresh Capsicum',1,'2018-06-09 14:37:25'),(7,2,'Tomato','1_report_20170505125819_Tomato.jpg','10','1','Kg','49','Fresh Tomato',1,'2018-06-09 14:37:25'),(8,2,'Onion','1_report_20170505130131_Onion.jpg','10','1','Kg','199','Medium Sized Red Onion',1,'2018-06-09 14:37:25'),(9,2,'Cucumber','1_report_20170505130308_Cucumber.jpg','10','1','Kg','50','Fresh Cucumber',1,'2017-05-05 13:30:41'),(10,2,'Bottle Gourd','1_report_20170505130510_Bottle Gourd.jpg','15','1','Kg','50','Fresh Bottle Gourd',1,'2017-05-05 13:30:14'),(11,2,'Garlic','1_report_20170505130850_Garlic.jpg','50','1','Kg','10','Big Bulb Garlic',1,'2017-05-05 13:29:47'),(12,2,'Brinjal','1_report_20170505131038_Brinjal.jpg','18','1','Kg','20','Fresh Brinjals',1,'2017-05-05 13:28:54'),(13,2,'Green Chilli','1_report_20170505131355_Green Chilli.jpg','30','1','Kg','10','Fresh Green Chillies',1,'2017-05-05 13:28:32'),(14,2,'Water Melon','1_report_20170505131610_Water Melon.jpg','20','1','Kg','100','Fresh Watermelons',1,'2017-05-05 13:28:01'),(15,2,'Muskmelon','1_report_20170505131822_Muskmelon.jpg','20','1','Kg','25','Fresh Muskmelons',1,'2017-05-05 13:27:43'),(16,3,'Buffalo Milk (Unpasteurized)','1_report_20170505132215_Milk.jpg','50','1','Litre','50','100% Purity',1,'2017-05-05 13:27:23'),(17,3,'Desi Ghee (Buffalo)','1_report_20170505132541_Desi Ghee.jpg','600','1','Kg','50','100% Purity',1,'2018-06-09 14:40:05');

/*Table structure for table `register_cow` */


CREATE TABLE `register_cow` (
  `register_id` int(11) NOT NULL AUTO_INCREMENT,
  `aspe_id` varchar(255) NOT NULL,
  `owner_name` varchar(255) NOT NULL,
  `owner_father` varchar(255) NOT NULL,
  `village` varchar(255) NOT NULL,
  `category` varchar(255) NOT NULL,
  `tatto_name` varchar(255) NOT NULL,
  `breed` varchar(255) NOT NULL,
  `lact_no` varchar(255) NOT NULL,
  `status` int(11) NOT NULL DEFAULT '1',
  `submit_dattime` timestamp NOT NULL DEFAULT CURRENT_TIMESTAMP,
  PRIMARY KEY (`register_id`)
) ENGINE=InnoDB AUTO_INCREMENT=6 DEFAULT CHARSET=utf8;

/*Data for the table `register_cow` */

insert  into `register_cow`(`register_id`,`aspe_id`,`owner_name`,`owner_father`,`village`,`category`,`tatto_name`,`breed`,`lact_no`,`status`,`submit_dattime`) values (1,'4','Omkar','father','Village 1','General','tattoo no','Breed 1','lact no',1,'2019-12-31 11:50:12'),(2,'3','omkar','ram Nath','Village 1','General','tattoo','Breed 1','lact no',1,'2020-01-23 14:55:59'),(3,'4','','','','','','','',1,'2020-02-19 16:21:16'),(4,'3','omkar','father','village','General','tag no','breed','lact no',1,'2020-02-29 11:54:34'),(5,'3','ajay','father','village','General','tag no','breed','lact no',1,'2020-02-29 11:55:43');

/*Table structure for table `return_product_to_admin` */


CREATE TABLE `return_product_to_admin` (
  `product_return_id` int(11) NOT NULL AUTO_INCREMENT,
  `return_id` int(11) NOT NULL,
  `supplier_id` int(11) NOT NULL,
  `product_id` int(11) NOT NULL,
  `product_quantity` int(11) NOT NULL,
  `status` int(11) NOT NULL DEFAULT '1' COMMENT '1-default,2-pendding,3-approved',
  `submit_datetime` timestamp NOT NULL DEFAULT CURRENT_TIMESTAMP,
  PRIMARY KEY (`product_return_id`)
) ENGINE=InnoDB DEFAULT CHARSET=utf8;

/*Data for the table `return_product_to_admin` */

/*Table structure for table `return_to_admin` */


CREATE TABLE `return_to_admin` (
  `return_id` int(11) NOT NULL AUTO_INCREMENT,
  `user_id` int(11) DEFAULT NULL,
  `supplier_id` int(11) NOT NULL,
  `status` int(11) NOT NULL DEFAULT '1' COMMENT '1-default,2-pendding,3-approved',
  `submit_datetime` timestamp NOT NULL DEFAULT CURRENT_TIMESTAMP,
  PRIMARY KEY (`return_id`)
) ENGINE=InnoDB DEFAULT CHARSET=utf8;

/*Data for the table `return_to_admin` */

/*Table structure for table `update_cow_register` */


CREATE TABLE `update_cow_register` (
  `_id` int(11) NOT NULL AUTO_INCREMENT,
  `aspe_id` int(11) NOT NULL,
  `registered_id` int(11) NOT NULL,
  `ai_date` varchar(255) NOT NULL,
  `sire` varchar(255) NOT NULL,
  `receipt_no` varchar(255) NOT NULL,
  `receipt_photo` varchar(255) NOT NULL,
  `pd_date` varchar(255) NOT NULL,
  `observation` varchar(255) NOT NULL,
  `calving_date` varchar(255) NOT NULL,
  `gender` varchar(255) NOT NULL,
  `breed` varchar(255) NOT NULL,
  `remark` varchar(255) NOT NULL,
  `status` int(11) NOT NULL DEFAULT '1',
  `submit_dattime` timestamp NOT NULL DEFAULT CURRENT_TIMESTAMP,
  PRIMARY KEY (`_id`)
) ENGINE=InnoDB AUTO_INCREMENT=5 DEFAULT CHARSET=utf8;

/*Data for the table `update_cow_register` */

insert  into `update_cow_register`(`_id`,`aspe_id`,`registered_id`,`ai_date`,`sire`,`receipt_no`,`receipt_photo`,`pd_date`,`observation`,`calving_date`,`gender`,`breed`,`remark`,`status`,`submit_dattime`) values (1,4,1,'02-01-2020','Semen-HF','receipt','02012020172646.jpg','02-01-2020','Not Examined','02-01-2020','Male','Breed 1','remarks',1,'2020-01-02 17:28:19'),(2,3,1,'29-02-2020','Semen-HF','rvcr','29022020122613.jpg','Date','','Date','','','',1,'2020-02-29 12:26:29'),(3,3,1,'Date','','','','29-02-2020','Not Examined','Date','','','',1,'2020-02-29 12:27:18'),(4,3,1,'Date','','','','Date','','29-02-2020','Male','breed','remark',1,'2020-02-29 12:27:56');

