
CREATE TABLE `doc_master_districts` (
  `location_id` int(11) NOT NULL AUTO_INCREMENT,
  `state_id` int(8) DEFAULT NULL,
  `district_name` varchar(100) DEFAULT NULL,
  `active` int(11) DEFAULT NULL,
  PRIMARY KEY (`location_id`)
) ENGINE=InnoDB AUTO_INCREMENT=705 DEFAULT CHARSET=utf8;

/*Data for the table `doc_master_districts` */

insert  into `doc_master_districts`(`location_id`,`state_id`,`district_name`,`active`) values (2,1,'North Andaman',1),(3,1,'South Andaman',1),(4,1,'Nicobar',1),(5,2,'Adilabad',1),(6,2,'Anantapur',1),(7,2,'Chittoor',1),(8,2,'East Godavari',1),(9,2,'Guntur',1),(10,2,'Hyderabad',1),(11,2,'Karimnagar',1),(12,2,'Khammam',1),(13,2,'Krishna',1),(14,2,'Kurnool',1),(15,2,'Mahbubnagar',1),(16,2,'Medak',1),(17,2,'Nalgonda',1),(18,2,'Nizamabad',1),(19,2,'Prakasam',1),(20,2,'Ranga Reddy',1),(21,2,'Srikakulam',1),(22,2,'Sri Potti Sri Ramulu Nellore',1),(23,2,'Vishakhapatnam',1),(24,2,'Vizianagaram',1),(25,2,'Warangal',1),(26,2,'West Godavari',1),(27,2,'Cudappah',1),(28,3,'Anjaw',1),(29,3,'Changlang',1),(30,3,'East Siang',1),(31,3,'East Kameng',1),(32,3,'Kurung Kumey',1),(33,3,'Lohit',1),(34,3,'Lower Dibang Valley',1),(35,3,'Lower Subansiri',1),(36,3,'Papum Pare',1),(37,3,'Tawang',1),(38,3,'Tirap',1),(39,3,'Dibang Valley',1),(40,3,'Upper Siang',1),(41,3,'Upper Subansiri',1),(42,3,'West Kameng',1),(43,3,'West Siang',1),(44,4,'Baksa',1),(45,4,'Barpeta',1),(46,4,'Bongaigaon',1),(47,4,'Cachar',1),(48,4,'Chirang',1),(49,4,'Darrang',1),(50,4,'Dhemaji',1),(51,4,'Dima Hasao',1),(52,4,'Dhubri',1),(53,4,'Dibrugarh',1),(54,4,'Goalpara',1),(55,4,'Golaghat',1),(56,4,'Hailakandi',1),(57,4,'Jorhat',1),(58,4,'Kamrup',1),(59,4,'Kamrup Metropolitan',1),(60,4,'Karbi Anglong',1),(61,4,'Karimganj',1),(62,4,'Kokrajhar',1),(63,4,'Lakhimpur',1),(64,4,'Morigaon',1),(65,4,'Nagaon',1),(66,4,'Nalbari',1),(67,4,'Sivasagar',1),(68,4,'Sonitpur',1),(69,4,'Tinsukia',1),(70,4,'Udalguri',1),(71,5,'Araria',1),(72,5,'Arwal',1),(73,5,'Aurangabad',1),(74,5,'Banka',1),(75,5,'Begusarai',1),(76,5,'Bhagalpur',1),(77,5,'Bhojpur',1),(78,5,'Buxar',1),(79,5,'Darbhanga',1),(80,5,'East Champaran',1),(81,5,'Gaya',1),(82,5,'Gopalganj',1),(83,5,'Jamui',1),(84,5,'Jehanabad',1),(85,5,'Kaimur',1),(86,5,'Katihar',1),(87,5,'Khagaria',1),(88,5,'Kishanganj',1),(89,5,'Lakhisarai',1),(90,5,'Madhepura',1),(91,5,'Madhubani',1),(92,5,'Munger',1),(93,5,'Muzaffarpur',1),(94,5,'Nalanda',1),(95,5,'Nawada',1),(96,5,'Patna',1),(97,5,'Purnia',1),(98,5,'Rohtas',1),(99,5,'Saharsa',1),(100,5,'Samastipur',1),(101,5,'Saran',1),(102,5,'Sheikhpura',1),(103,5,'Sheohar',1),(104,5,'Sitamarhi',1),(105,5,'Siwan',1),(106,5,'Supaul',1),(107,6,'Chandigarh',1),(108,7,'Bastar',1),(109,7,'Bijapur',1),(110,7,'Bilaspur',1),(111,7,'Dantewada',1),(112,7,'Dhamtari',1),(113,7,'Durg',1),(114,7,'Jashpur',1),(115,7,'Janjgir-Champa',1),(116,7,'Korba',1),(117,7,'Koriya',1),(118,7,'Kanker',1),(119,7,'Kabirdham (formerly Kawardha)',1),(120,7,'Mahasamund',1),(121,7,'Narayanpur',1),(122,7,'Raigarh',1),(123,7,'Rajnandgaon',1),(124,7,'Raipur',1),(125,7,'Surguja',1),(126,8,'Dadra and Nagar Haveli',1),(127,9,'Daman',1),(128,9,'Diu',1),(129,10,'Central Delhi',1),(130,10,'East Delhi',1),(131,10,'New Delhi',1),(132,10,'North Delhi',1),(133,10,'North East Delhi',1),(134,10,'North West Delhi',1),(135,10,'South Delhi',1),(136,10,'South West Delhi',1),(137,10,'West Delhi',1),(138,11,'North Goa',1),(139,11,'South Goa',1),(140,12,'Ahmedabad',1),(141,12,'Amreli district',1),(142,12,'Anand',1),(143,12,'Banaskantha',1),(144,12,'Bharuch',1),(145,12,'Bhavnagar',1),(146,12,'Dahod',1),(147,12,'The Dangs',1),(148,12,'Gandhinagar',1),(149,12,'Jamnagar',1),(150,12,'Junagadh',1),(151,12,'Kutch',1),(152,12,'Kheda',1),(153,12,'Mehsana',1),(154,12,'Narmada',1),(155,12,'Navsari',1),(156,12,'Patan',1),(157,12,'Panchmahal',1),(158,12,'Porbandar',1),(159,12,'Rajkot',1),(160,12,'Sabarkantha',1),(161,12,'Surendranagar',1),(162,12,'Surat',1),(163,12,'Tapi',1),(164,12,'Vadodara',1),(165,12,'Valsad',1),(166,13,'Ambala',1),(167,13,'Bhiwani',1),(168,13,'Faridabad',1),(169,13,'Fatehabad',1),(170,13,'Gurgaon',1),(171,13,'Hissar',1),(172,13,'Jhajjar',1),(173,13,'Jind',1),(174,13,'Karnal',1),(175,13,'Kaithal',1),(176,13,'Kurukshetra',1),(177,13,'Mahendragarh',1),(178,13,'Mewat',1),(179,13,'Palwal',1),(180,13,'Panchkula',1),(181,13,'Panipat',1),(182,13,'Rewari',1),(183,13,'Rohtak',1),(184,13,'Sirsa',1),(185,13,'Sonipat',1),(186,13,'Yamuna Nagar',1),(187,14,'Bilaspur',1),(188,14,'Chamba',1),(189,14,'Hamirpur',1),(190,14,'Kangra',1),(191,14,'Kinnaur',1),(192,14,'Kullu',1),(193,14,'Lahaul and Spiti',1),(194,14,'Mandi',1),(195,14,'Shimla',1),(196,14,'Sirmaur',1),(197,14,'Solan',1),(198,14,'Una',1),(199,15,'Anantnag',1),(200,15,'Badgam',1),(201,15,'Bandipora',1),(202,15,'Baramulla',1),(203,15,'Doda',1),(204,15,'Ganderbal',1),(205,15,'Jammu',1),(206,15,'Kargil',1),(207,15,'Kathua',1),(208,15,'Kishtwar',1),(209,15,'Kupwara',1),(210,15,'Kulgam',1),(211,15,'Leh',1),(212,15,'Poonch',1),(213,15,'Pulwama',1),(214,15,'Rajouri',1),(215,15,'Ramban',1),(216,15,'Reasi',1),(217,15,'Samba',1),(218,15,'Shopian',1),(219,15,'Srinagar',1),(220,15,'Udhampur',1),(221,16,'Bokaro',1),(222,16,'Chatra',1),(223,16,'Deoghar',1),(224,16,'Dhanbad',1),(225,16,'Dumka',1),(226,16,'East Singhbhum',1),(227,16,'Garhwa',1),(228,16,'Giridih',1),(229,16,'Godda',1),(230,16,'Gumla',1),(231,16,'Hazaribag',1),(232,16,'Jamtara',1),(233,16,'Khunti',1),(234,16,'Koderma',1),(235,16,'Latehar',1),(236,16,'Lohardaga',1),(237,16,'Pakur',1),(238,16,'Palamu',1),(239,16,'Ramgarh',1),(240,16,'Ranchi',1),(241,16,'Sahibganj',1),(242,16,'Seraikela Kharsawan',1),(243,16,'Simdega',1),(244,16,'West Singhbhum',1),(245,17,'Bagalkot',1),(246,17,'Bangalore Rural',1),(247,17,'Bangalore Urban',1),(248,17,'Belgaum',1),(249,17,'Bellary',1),(250,17,'Bidar',1),(251,17,'Bijapur',1),(252,17,'Chamarajnagar',1),(253,17,'Chikkamagaluru',1),(254,17,'Chikkaballapur',1),(255,17,'Chitradurga',1),(256,17,'Davanagere',1),(257,17,'Dharwad',1),(258,17,'Dakshina Kannada',1),(259,17,'Gadag',1),(260,17,'Gulbarga',1),(261,17,'Hassan',1),(262,17,'Haveri district',1),(263,17,'Kodagu',1),(264,17,'Kolar',1),(265,17,'Koppal',1),(266,17,'Mandya',1),(267,17,'Mysore',1),(268,17,'Raichur',1),(269,17,'Shimoga',1),(270,17,'Tumkur',1),(271,17,'Udupi',1),(272,17,'Uttara Kannada',1),(273,17,'Ramanagara',1),(274,17,'Yadgir',1),(275,18,'Alappuzha',1),(276,18,'Ernakulam',1),(277,18,'Idukki',1),(278,18,'Kannur',1),(279,18,'Kasaragod',1),(280,18,'Kollam',1),(281,18,'Kottayam',1),(282,18,'Kozhikode',1),(283,18,'Malappuram',1),(284,18,'Palakkad',1),(285,18,'Pathanamthitta',1),(286,18,'Thrissur',1),(287,18,'Thiruvananthapuram',1),(288,18,'Wayanad',1),(289,19,'Lakshadweep',1),(290,20,'Agar',1),(291,20,'Alirajpur',1),(292,20,'Anuppur',1),(293,20,'Ashok Nagar',1),(294,20,'Balaghat',1),(295,20,'Barwani',1),(296,20,'Betul',1),(297,20,'Bhind',1),(298,20,'Bhopal',1),(299,20,'Burhanpur',1),(300,20,'Chhatarpur',1),(301,20,'Chhindwara',1),(302,20,'Damoh',1),(303,20,'Datia',1),(304,20,'Dewas',1),(305,20,'Dhar',1),(306,20,'Dindori',1),(307,20,'Guna',1),(308,20,'Gwalior',1),(309,20,'Harda',1),(310,20,'Hoshangabad',1),(311,20,'Indore',1),(312,20,'Jabalpur',1),(313,20,'Jhabua',1),(314,20,'Katni',1),(315,20,'Khandwa (East Nimar)',1),(316,20,'Khargone (West Nimar)',1),(317,20,'Mandla',1),(318,20,'Mandsaur',1),(319,20,'Morena',1),(320,20,'Narsinghpur',1),(321,20,'Neemuch',1),(322,20,'Panna',1),(323,20,'Raisen',1),(324,20,'Rajgarh',1),(325,20,'Ratlam',1),(326,20,'Rewa',1),(327,20,'Sagar',1),(328,20,'Satna',1),(329,20,'Sehore',1),(330,20,'Seoni',1),(331,20,'Shahdol',1),(332,20,'Shajapur',1),(333,20,'Sheopur',1),(334,20,'Shivpuri',1),(335,20,'Sidhi',1),(336,20,'Singrauli',1),(337,20,'Tikamgarh',1),(338,20,'Ujjain',1),(339,20,'Umaria',1),(340,20,'Vidisha',1),(341,21,'Ahmednagar',1),(342,21,'Akola',1),(343,21,'Amravati',1),(344,21,'Aurangabad',1),(345,21,'Beed',1),(346,21,'Bhandara',1),(347,21,'Buldhana',1),(348,21,'Chandrapur',1),(349,21,'Dhule',1),(350,21,'Gadchiroli',1),(351,21,'Gondia',1),(352,21,'Hingoli',1),(353,21,'Jalgaon',1),(354,21,'Jalna',1),(355,21,'Kolhapur',1),(356,21,'Latur',1),(357,21,'Mumbai City',1),(358,21,'Mumbai suburban',1),(359,21,'Nanded',1),(360,21,'Nandurbar',1),(361,21,'Nagpur',1),(362,21,'Nashik',1),(363,21,'Osmanabad',1),(364,21,'Parbhani',1),(365,21,'Pune',1),(366,21,'Raigad',1),(367,21,'Ratnagiri',1),(368,21,'Sangli',1),(369,21,'Satara',1),(370,21,'Sindhudurg',1),(371,21,'Solapur',1),(372,21,'Thane',1),(373,21,'Wardha',1),(374,21,'Washim',1),(375,21,'Yavatmal',1),(376,22,'Bishnupur',1),(377,22,'Churachandpur',1),(378,22,'Chandel',1),(379,22,'Imphal East',1),(380,22,'Senapati',1),(381,22,'Tamenglong',1),(382,22,'Thoubal',1),(383,22,'Ukhrul',1),(384,22,'Imphal West',1),(385,23,'East Garo Hills',1),(386,23,'East Khasi Hills',1),(387,23,'Jaintia Hills',1),(388,23,'Ri Bhoi',1),(389,23,'South Garo Hills',1),(390,23,'West Garo Hills',1),(391,23,'West Khasi Hills',1),(392,24,'Aizawl',1),(393,24,'Champhai',1),(394,24,'Kolasib',1),(395,24,'Lawngtlai',1),(396,24,'Lunglei',1),(397,24,'Mamit',1),(398,24,'Saiha',1),(399,24,'Serchhip',1),(400,25,'Dimapur',1),(401,25,'Kiphire',1),(402,25,'Kohima',1),(403,25,'Longleng',1),(404,25,'Mokokchung',1),(405,25,'Mon',1),(406,25,'Peren',1),(407,25,'Phek',1),(408,25,'Tuensang',1),(409,25,'Wokha',1),(410,25,'Zunheboto',1),(411,26,'Angul',1),(412,26,'Boudh (Bauda)',1),(413,26,'Bhadrak',1),(414,26,'Balangir',1),(415,26,'Bargarh (Baragarh)',1),(416,26,'Balasore',1),(417,26,'Cuttack',1),(418,26,'Debagarh (Deogarh)',1),(419,26,'Dhenkanal',1),(420,26,'Ganjam',1),(421,26,'Gajapati',1),(422,26,'Jharsuguda',1),(423,26,'Jajpur',1),(424,26,'Jagatsinghpur',1),(425,26,'Khordha',1),(426,26,'Kendujhar (Keonjhar)',1),(427,26,'Kalahandi',1),(428,26,'Kandhamal',1),(429,26,'Koraput',1),(430,26,'Kendrapara',1),(431,26,'Malkangiri',1),(432,26,'Mayurbhanj',1),(433,26,'Nabarangpur',1),(434,26,'Nuapada',1),(435,26,'Nayagarh',1),(436,26,'Puri',1),(437,26,'Rayagada',1),(438,26,'Sambalpur',1),(439,26,'Subarnapur (Sonepur)',1),(440,26,'Sundergarh',1),(441,27,'Karaikal',1),(442,27,'Mahe',1),(443,27,'Pondicherry',1),(444,27,'Yanam',1),(445,28,'Amritsar',1),(446,28,'Barnala',1),(447,28,'Bathinda',1),(448,28,'Firozpur',1),(449,28,'Faridkot',1),(450,28,'Fatehgarh Sahib',1),(451,28,'Fazilka[6]',1),(452,28,'Gurdaspur',1),(453,28,'Hoshiarpur',1),(454,28,'Jalandhar',1),(455,28,'Kapurthala',1),(456,28,'Ludhiana',1),(457,28,'Mansa',1),(458,28,'Moga',1),(459,28,'Sri Muktsar Sahib',1),(460,28,'Pathankot',1),(461,28,'Patiala',1),(462,28,'Rupnagar',1),(463,28,'Ajitgarh (Mohali)',1),(464,28,'Sangrur',1),(465,28,'Shahid Bhagat Singh Nagar',1),(466,28,'Tarn Taran',1),(467,29,'Ajmer',1),(468,29,'Alwar',1),(469,29,'Bikaner',1),(470,29,'Barmer',1),(471,29,'Banswara',1),(472,29,'Bharatpur',1),(473,29,'Baran',1),(474,29,'Bundi',1),(475,29,'Bhilwara',1),(476,29,'Churu',1),(477,29,'Chittorgarh',1),(478,29,'Dausa',1),(479,29,'Dholpur',1),(480,29,'Dungapur',1),(481,29,'Ganganagar',1),(482,29,'Hanumangarh',1),(483,29,'Jhunjhunu',1),(484,29,'Jalore',1),(485,29,'Jodhpur',1),(486,29,'Jaipur',1),(487,29,'Jaisalmer',1),(488,29,'Jhalawar',1),(489,29,'Karauli',1),(490,29,'Kota',1),(491,29,'Nagaur',1),(492,29,'Pali',1),(493,29,'Pratapgarh',1),(494,29,'Rajsamand',1),(495,29,'Sikar',1),(496,29,'Sawai Madhopur',1),(497,29,'Sirohi',1),(498,29,'Tonk',1),(499,29,'Udaipur',1),(500,30,'East Sikkim',1),(501,30,'North Sikkim',1),(502,30,'South Sikkim',1),(503,30,'West Sikkim',1),(504,31,'Ariyalur',1),(505,31,'Chennai',1),(506,31,'Coimbatore',1),(507,31,'Cuddalore',1),(508,31,'Dharmapuri',1),(509,31,'Dindigul',1),(510,31,'Erode',1),(511,31,'Kanchipuram',1),(512,31,'Kanyakumari',1),(513,31,'Karur',1),(514,31,'Krishnagiri',1),(515,31,'Madurai',1),(516,31,'Nagapattinam',1),(517,31,'Nilgiris',1),(518,31,'Namakkal',1),(519,31,'Perambalur',1),(520,31,'Pudukkottai',1),(521,31,'Ramanathapuram',1),(522,31,'Salem',1),(523,31,'Sivaganga',1),(524,31,'Tirupur',1),(525,31,'Tiruchirappalli',1),(526,31,'Theni',1),(527,31,'Tirunelveli',1),(528,31,'Thanjavur',1),(529,31,'Thoothukudi',1),(530,31,'Tiruvallur',1),(531,31,'Tiruvarur',1),(532,31,'Tiruvannamalai',1),(533,31,'Vellore',1),(534,31,'Viluppuram',1),(535,31,'Virudhunagar',1),(536,32,'Dhalai',1),(537,32,'North Tripura',1),(538,32,'South Tripura',1),(539,32,'Khowai[7]',1),(540,32,'West Tripura',1),(541,33,'Agra',1),(542,33,'Aligarh',1),(543,33,'Allahabad',1),(544,33,'Ambedkar Nagar',1),(545,33,'Auraiya',1),(546,33,'Azamgarh',1),(547,33,'Bagpat',1),(548,33,'Bahraich',1),(549,33,'Ballia',1),(550,33,'Balrampur',1),(551,33,'Banda',1),(552,33,'Barabanki',1),(553,33,'Bareilly',1),(554,33,'Basti',1),(555,33,'Bijnor',1),(556,33,'Budaun',1),(557,33,'Bulandshahr',1),(558,33,'Chandauli',1),(559,33,'Chhatrapati Shahuji Maharaj Nagar[8]',1),(560,33,'Chitrakoot',1),(561,33,'Deoria',1),(562,33,'Etah',1),(563,33,'Etawah',1),(564,33,'Faizabad',1),(565,33,'Farrukhabad',1),(566,33,'Fatehpur',1),(567,33,'Firozabad',1),(568,33,'Gautam Buddh Nagar',1),(569,33,'Ghaziabad',1),(570,33,'Ghazipur',1),(571,33,'Gonda',1),(572,33,'Gorakhpur',1),(573,33,'Hamirpur',1),(574,33,'Hardoi',1),(575,33,'Hathras',1),(576,33,'Jalaun',1),(577,33,'Jaunpur district',1),(578,33,'Jhansi',1),(579,33,'Jyotiba Phule Nagar',1),(580,33,'Kannauj',1),(581,33,'Kanpur',1),(582,33,'Kanshi Ram Nagar',1),(583,33,'Kaushambi',1),(584,33,'Kushinagar',1),(585,33,'Lakhimpur Kheri',1),(586,33,'Lalitpur',1),(587,33,'Lucknow',1),(588,33,'Maharajganj',1),(589,33,'Mahoba',1),(590,33,'Mainpuri',1),(591,33,'Mathura',1),(592,33,'Mau',1),(593,33,'Meerut',1),(594,33,'Mirzapur',1),(595,33,'Moradabad',1),(596,33,'Muzaffarnagar',1),(597,33,'Panchsheel Nagar district (Hapur)',1),(598,33,'Pilibhit',1),(599,33,'Pratapgarh',1),(600,33,'Raebareli',1),(601,33,'Ramabai Nagar (Kanpur Dehat)',1),(602,33,'Rampur',1),(603,33,'Saharanpur',1),(604,33,'Sant Kabir Nagar',1),(605,33,'Sant Ravidas Nagar',1),(606,33,'Shahjahanpur',1),(607,33,'Shamli[9]',1),(608,33,'Shravasti',1),(609,33,'Siddharthnagar',1),(610,33,'Sitapur',1),(611,33,'Sonbhadra',1),(612,33,'Sultanpur',1),(613,33,'Unnao',1),(614,33,'Varanasi',1),(615,34,'Almora',1),(616,34,'Bageshwar',1),(617,34,'Chamoli',1),(618,34,'Champawat',1),(619,34,'Dehradun',1),(620,34,'Haridwar',1),(621,34,'Nainital',1),(622,34,'Pauri Garhwal',1),(623,34,'Pithoragarh',1),(624,34,'Rudraprayag',1),(625,34,'Tehri Garhwal',1),(626,34,'Udham Singh Nagar',1),(627,34,'Uttarkashi',1),(628,35,'Bankura',1),(629,35,'Bardhaman',1),(630,35,'Birbhum',1),(631,35,'Cooch Behar',1),(632,35,'Dakshin Dinajpur',1),(633,35,'Darjeeling',1),(634,35,'Hooghly',1),(635,35,'Howrah',1),(636,35,'Jalpaiguri',1),(637,35,'Kolkata',1),(638,35,'Maldah',1),(639,35,'Murshidabad',1),(640,35,'Nadia',1),(641,35,'North 24 Parganas',1),(642,35,'Paschim Medinipur',1),(643,35,'Purba Medinipur',1),(644,35,'Purulia',1),(645,35,'South 24 Parganas',1),(646,35,'Uttar Dinajpur',1),(704,1,'a',1);

/*Table structure for table `doc_master_documents` */


CREATE TABLE `doc_master_documents` (
  `document_id` int(11) NOT NULL AUTO_INCREMENT,
  `document` varchar(50) DEFAULT NULL,
  `is_active` varchar(2) NOT NULL,
  PRIMARY KEY (`document_id`)
) ENGINE=InnoDB AUTO_INCREMENT=9 DEFAULT CHARSET=latin1;

/*Data for the table `doc_master_documents` */

insert  into `doc_master_documents`(`document_id`,`document`,`is_active`) values (1,'Registration Certificates','Y'),(2,'MOA','Y'),(3,'AOA','Y'),(4,'Pan card','Y'),(5,'Bank details','Y'),(6,'Input Licenses','Y'),(7,'TIN Document','Y'),(8,' TAN Document','Y');

/*Table structure for table `doc_master_education` */


CREATE TABLE `doc_master_education` (
  `education_id` int(11) NOT NULL AUTO_INCREMENT,
  `education` varchar(50) DEFAULT NULL,
  `is_active` char(1) DEFAULT NULL,
  PRIMARY KEY (`education_id`)
) ENGINE=InnoDB AUTO_INCREMENT=13 DEFAULT CHARSET=latin1;

/*Data for the table `doc_master_education` */

insert  into `doc_master_education`(`education_id`,`education`,`is_active`) values (1,'Illiterate ','Y'),(2,'Non formal ( 05th class)','Y'),(3,'08th pass','Y'),(4,'School : 5 - 9 Years','Y'),(5,'10th fail','Y'),(6,'10th pass','Y'),(7,'12th pass','Y'),(8,'12th fail','Y'),(9,'Other','Y'),(10,'Graduate','Y'),(11,'P. G.','Y'),(12,'BA','N');

/*Table structure for table `doc_master_sector` */


CREATE TABLE `doc_master_sector` (
  `sector_id` int(11) NOT NULL AUTO_INCREMENT,
  `sector_name` varchar(255) DEFAULT NULL,
  `is_active` char(1) DEFAULT NULL,
  PRIMARY KEY (`sector_id`)
) ENGINE=InnoDB AUTO_INCREMENT=18 DEFAULT CHARSET=latin1;

/*Data for the table `doc_master_sector` */

insert  into `doc_master_sector`(`sector_id`,`sector_name`,`is_active`) values (2,'Agriculture and Agri  business ','Y'),(3,'Auto and Auto component industries','Y'),(4,'Construction Material and Building Hardware ','Y'),(5,'Banking and Financial Services Insurance  industry','Y'),(6,'Building Construction industry and Real Estate Services ','Y'),(7,'Electronics and hardware industry ','Y'),(8,'Facility Management ','Y'),(9,'Furniture and Furnishing Industry','Y'),(10,'IT and ITES sector ','Y'),(11,'Organised Retail sector ','Y'),(12,'Other ','Y'),(13,'Telecom ','Y'),(14,'Textile and Clothing industry ','Y'),(15,'Tourism Travel Hospitality and Trade sector ','Y'),(16,'Transportation  Logistics Warehousing and Packing ','Y'),(17,'Healthcare Services Industry','Y');

/*Table structure for table `doc_master_state` */


CREATE TABLE `doc_master_state` (
  `state_id` tinyint(2) NOT NULL AUTO_INCREMENT,
  `state_name` varchar(40) NOT NULL,
  `priority` tinyint(2) DEFAULT NULL,
  PRIMARY KEY (`state_id`),
  UNIQUE KEY `state_name` (`state_name`)
) ENGINE=InnoDB AUTO_INCREMENT=31 DEFAULT CHARSET=latin1;

/*Data for the table `doc_master_state` */

insert  into `doc_master_state`(`state_id`,`state_name`,`priority`) values (1,'Uttar Pradesh',1),(2,'Madhya Pradesh',NULL),(3,'Haryana',NULL),(4,'Rajasthan',NULL),(5,'Uttarakhand',1),(6,'Himachal Pradesh',NULL),(7,'Gujarat',NULL),(8,'J&K',NULL),(9,'Bihar',1),(10,'Jharkhand',1),(11,'West Bengal',NULL),(12,'Maharashtra',NULL),(13,'Delhi',1),(14,'Orissa',NULL),(15,'Mizoram',NULL),(16,'Nagaland',NULL),(17,'Tamilnadu',NULL),(18,'Andhra Pradesh',NULL),(19,'Karnatka',NULL),(20,'Kerela',NULL),(21,'Arunachal Pradesh',NULL),(22,'GOA',NULL),(23,'Chattisgarh',NULL),(24,'Manipur',NULL),(25,'Meghalaya',NULL),(26,'Punjab',NULL),(27,'Tripura',NULL),(28,'Assam',NULL),(29,'Not Revealed',1),(30,'Missed',0);

/*Table structure for table `doc_master_states` */


CREATE TABLE `doc_master_states` (
  `state_id` int(8) NOT NULL AUTO_INCREMENT,
  `state_name` varchar(100) NOT NULL,
  PRIMARY KEY (`state_id`)
) ENGINE=InnoDB AUTO_INCREMENT=36 DEFAULT CHARSET=latin1;

/*Data for the table `doc_master_states` */

insert  into `doc_master_states`(`state_id`,`state_name`) values (1,'Andaman and Nicobar '),(2,'Andhra Pradesh '),(3,'Arunachal Pradesh '),(4,'Assam '),(5,'Bihar '),(6,'Chandigarh '),(7,'Chhattisgarh '),(8,'Dadra and Nagar Haveli '),(9,'Daman and Diu '),(10,'Delhi '),(11,'Goa '),(12,'Gujarat '),(13,'Haryana '),(14,'Himachal Pradesh '),(15,'Jammu and Kashmir '),(16,'Jharkhand '),(17,'Karnataka '),(18,'Kerala '),(19,'Lakshdweep '),(20,'Madhya Pradesh'),(21,'Maharashtra '),(22,'Manipur '),(23,'Meghalaya '),(24,'Mizoram '),(25,'Nagaland '),(26,'Odisha '),(27,'Puducherry '),(28,'Punjab '),(29,'Rajasthan '),(30,'Sikkim '),(31,'Tamil Nadu '),(32,'Tripura '),(33,'Uttar Pradesh '),(34,'Uttarakhand (UK)'),(35,'West Bengal ');

/*Table structure for table `doc_permission` */


CREATE TABLE `doc_permission` (
  `pid` int(11) NOT NULL AUTO_INCREMENT,
  `user_id` int(11) NOT NULL,
  `group_id` int(11) NOT NULL,
  PRIMARY KEY (`pid`),
  UNIQUE KEY `user_id` (`user_id`)
) ENGINE=InnoDB AUTO_INCREMENT=8 DEFAULT CHARSET=latin1;

/*Data for the table `doc_permission` */

insert  into `doc_permission`(`pid`,`user_id`,`group_id`) values (1,1,1),(2,2,1),(3,8,1),(4,12,1),(5,14,1),(6,15,2),(7,17,2);

/*Table structure for table `doc_project` */


CREATE TABLE `doc_project` (
  `project_id` int(11) NOT NULL AUTO_INCREMENT,
  `project` varchar(60) NOT NULL,
  `is_active` varchar(2) NOT NULL,
  PRIMARY KEY (`project_id`),
  UNIQUE KEY `project` (`project`)
) ENGINE=InnoDB AUTO_INCREMENT=5 DEFAULT CHARSET=latin1;

/*Data for the table `doc_project` */

insert  into `doc_project`(`project_id`,`project`,`is_active`) values (1,'NVI- Maharashtra','Y'),(2,'NVI- Rajasthan','Y'),(3,'FPO Pulses Project','Y'),(4,'SHARE Project','Y');

/*Table structure for table `matser_doctor_list` */


CREATE TABLE `matser_doctor_list` (
  `id` int(11) NOT NULL AUTO_INCREMENT,
  `first_name` varchar(60) NOT NULL,
  `last_name` varchar(60) DEFAULT NULL,
  `state` varchar(40) NOT NULL,
  `district` varchar(60) NOT NULL,
  `block` varchar(60) NOT NULL,
  `town` varchar(60) NOT NULL,
  `address` varchar(255) NOT NULL,
  `contact` varchar(20) NOT NULL,
  `clinic_name` varchar(255) DEFAULT NULL,
  PRIMARY KEY (`id`)
) ENGINE=InnoDB AUTO_INCREMENT=2093 DEFAULT CHARSET=latin1;

/*Data for the table `matser_doctor_list` */

insert  into `matser_doctor_list`(`id`,`first_name`,`last_name`,`state`,`district`,`block`,`town`,`address`,`contact`,`clinic_name`) values (1,'Null','Null','Bihar','Araria','Narpatganj','Narpatganj','Sursar,Anchara,Narpatganj','9631587717','Khusi Nursing Home'),(2,'Null','Null','Bihar','Arwal','Arwal','Arwal','Near PulPar, Baidrabad, Arwal','9934714045','Pipra Hospital'),(3,'Null','Null','Bihar','Aurangabad','Aurangabad','Aurangabad','Maharana Pratap Chowk, Nh-2, Katharua More, Aurangabad','9955974954/912282034','Health World'),(4,'Null','Null','Bihar','Aurangabad','Kutumba','Amba','Adarsh Nagar, Navi Nagar Road, Amba, Aurgabad','9934882440','Ashutosh memorial hospital'),(5,'Null','Null','Bihar','Aurangabad','Madanpur','Madanpur','Madanpur, Aurganbad','9572816882','Sanjiwani Hospital'),(6,'Null','Null','Bihar','Aurangabad','Navi nagar','Navi nagar','Tandwa Road, Navi Nagar,Aurganbad','9934967763','Magadh clinic'),(7,'Null','Null','Bihar','Banka','Amarpur','Amarpur','Block Road, Amarpur, Banka','9386425292','Sant Aanand Shishu & Maternity Care'),(8,'Null','Null','Bihar','Banka','Banka','Banka','Harendra market ,Katoria Road , Banka','8757003950','Dr.Amresh kumar'),(9,'Null','Null','Bihar','Banka','Rajaun','Rajaun','Opp D.N.Singh Collage, Rajaun','9934813895','New Lifeline  Nursing Home'),(10,'Null','Null','Bihar','Banka','Shambhuganj','Shambhuganj','Near Shambhuganj, Police Station','9709703663, 93046925','Dr. Santosh Kr. Singh'),(11,'Null','Null','Bihar','Begusarai','Bakhri','Bakhri','Sewa sadan Gali, Bakhari Bazar, Bakhri','7549255543/970811602','Nai Ummid - A Mother & Child welfare Trust'),(12,'Null','Null','Bihar','Begusarai','Mahamadpur','Mahamadpur','Mahmadpur,','9431245708','Naw Astha, Barti Clinic'),(13,'Null','Null','Bihar','Begusarai','Swargiya Nunuwati Devi Chikitsalay','Swargiya Nunuwati Devi Chikitsalay','Kairibari Kali sthan chowk, Barrauni','9708075206/06279-232','Swargiya Nunuwati Devi Chikitsalay'),(14,'Null','Null','Bihar','Bhagalpur','Kahalgoan','Kahalgoan','Infort of Old Gov. Hospital, Kayasth Tola, Kahalgoan','9431295917','Sanjivini Nurshing Home'),(15,'Null','Null','Bihar','Bhagalpur','Nathnagar','Nathnagar','K.B.Lal Road,Nathnagar','9801772410','Jyoti Nursing Home'),(16,'Null','Null','Bihar','Bhagalpur','Naugachhia','Naugachhia','Near Old Khadi Bhandar, NH 31, Naugachhia','9771125265','Sulekha Clinic '),(17,'Null','Null','Bihar','Bhagalpur','Sabour','Sabour','Sabour, Bhagalpur','9006874466','Upkar Clinic'),(18,'Null','Null','Bihar','Bhagalpur','Sultanganj','Sultanganj','Dilguri More, Sultanganj','9006047715','Raj Medical Hall'),(19,'Null','Null','Bihar','Bhagalpur','','Bhagalpur','Raja Ram Mohan Ray Path, Choti Khanjerpur, Near SBI Main Branch','9234613872','R. K  Maternity & Health Centre'),(20,'Null','Null','Bihar','Bhojpur','Arrah','Arrah','Shivganj, Sapna Cinema Road, Arra','9431434722','Dr. Sakuntala Sinha Nursing Home'),(21,'Null','Null','Bihar','Bhojpur','Shahpur','Shahpur','Hospital Road, Sahpur, Aara','9771963469','Dr. Laliteshwari Prasad Jha'),(22,'Null','Null','Bihar','Buxar','Barahampur','Barhampur','Chaurasta, Barhampur','9934489724','Dr. R.K. Singh'),(23,'Null','Null','Bihar','Buxar','Buxar','Buxar','Near Ambedkar Chowk, Koipurwa','9431084059','Neha Nursing Home'),(24,'Null','Null','Bihar','Buxar','Dumraon','Dumraon','Chankyapuri Colony, Station Road, Dumraon','9473081763','Hari Prem Chaktisyala'),(25,'Null','Null','Bihar','Buxer','Sadar','Buxer','Main road syndicate,Buxer','9334238506','Anarkali Charitabu Hospital'),(26,'Null','Null','Bihar','Darbhanga',' Hanuman Nagar','Bishanpur Chowk','Bishanpur Chowk, Hanuman Nagar, Darbhanga','9801575863','Sewa Poli Clinic'),(27,'Null','Null','Bihar','Darbhanga','Biraul','Supaul Bazar','Supaul Bazar, Biraul, Darbhanga','06242-232323/ 943140','Singh Surgical'),(28,'Null','Null','Bihar','Darbhanga','Darbhanga','Darbhanga','Baheri Bazaar , Darbhanga','9386176882','Asha Chikitsha Kendra'),(29,'Null','Null','Bihar','Darbhanga','Darbhanga','Darbhanga','Ambedkar Nagar, Benipur Road, Donar, Darbhanga','9934835665','Paswan Nursing Home'),(30,'Null','Null','Bihar','Gaya','Bake Bazar','Bake Bazar','Bake Bazar, Gaya','9931544329','Rajendra Nursing Home'),(31,'Null','Null','Bihar','Gaya','Dobhi','Dobhi','Bakil ganj, Dobhi','7250066141','Shivam Clinic'),(32,'Null','Null','Bihar','Gaya','Guraru','Guraru','Bagdiha more,Rafiganj road','9931435065','Sharda Nursing Home'),(33,'Null','Null','Bihar','Gaya','Sadar Gaya','Sadar Gaya','Sadar Gaya','9431297361','Mateshwari Nursing Home'),(34,'Null','Null','Bihar','Gaya','Tekari','Tekari','Rikabganj, Khachya Road, Tekari, Gaya','9931279495','Tekari Nursing Home'),(35,'Null','Null','Bihar','Gopalganj','Gopalganj','Gopalganj','Station Road, Opp of D.A.V School, GopalGanj','9334319607','Saurav Nurshing Home'),(36,'Null','Null','Bihar','Gopalganj','Manjha','Manjha','Hospital Road, Near PHC, Manjha','9507723719','Zahid Clinic'),(37,'Null','Null','Bihar','Gopalganj','Unhkagaon','Mirgang','Uchkagaon, Thana More , Mirganj','9430695219','Kenam Hospital'),(38,'Null','Null','Bihar','Jamui','Jamui','Jamui','Pathan Chowk, Khaira Road, Jamui','9934409266','Anand Nursing Home'),(39,'Null','Null','Bihar','Jamui','Jhajha','Jhajha','Main Road, Durga Mandir, Station Road, Jhajha','9931925922','Narayan Sewa Sadan'),(40,'Null','Null','Bihar','Jehanabad','','Jehanabad','Raja Bazar, Jehanabad','9661244025','Kumar Clinic'),(41,'Null','Null','Bihar','Kaimur','Bhabha','Bhabha','Gandhi Gram, Bhabhua, Kaimur','943189536, 943002680','Gandhi Kusta Niwaran Pratisthan'),(42,'Null','Null','Bihar','Kaimur','Chand','Chand','Chand block, Kaimur','9415978199/800207281','Viswas clinic'),(43,'Null','Null','Bihar','Kaimur','Kudra ','Kudra ','Sarkari More, Chennari Road, Kudra Kaimur','7250853234,  8986101','Mata Bhagyamani Devi Hospital'),(44,'Null','Null','Bihar','Kaimur','Mohania','Mohania','G T Road, Mohania, Kaimur','7654632692','Sanjivani Hospital & Research Center'),(45,'Null','Null','Bihar','Kaimur','Ramgarh','Ramgarh ','Devjalia Road Ramgarh, Kaimur','9576094761','Shanti clinic'),(46,'Null','Null','Bihar','Katihar','Azamnagar','Salmari','Salmari, Azamnagar, Katihar','9631776488','Dr.Meena Kumari Chaudhary'),(47,'Null','Null','Bihar','Katihar','Falka','Falka','Falka, Katihar','9934278125','Sabki Nigahe Sewa Kendra'),(48,'Null','Null','Bihar','Katihar','Korha','Genrabari','Jurabganj, Genrabari, Korha, Katihar','9431640656','Dr. N.K Singh'),(49,'Null','Null','Bihar','Khagaria','Khagaria','Khagaria','Gaushala Road,Near Patel Chowk, Khagaria','9771440612, 98354855','Dr. Pinkesh Kumar'),(50,'Null','Null','Bihar','Khagaria','Khagaria','Khagaria','Opp Union Bank of India, Khagaria','9430069595','Raj Kumari Narsing Home'),(51,'Null','Null','Bihar','Lakhisarai','Lakhisarai','Lakhisarai','Vidyapeeth Chowk, Lakhisarai ','9431235132','Chirayu Shalya Nilyan'),(52,'Null','Null','Bihar','Lakhisarai','Surajgarha','Lakhisarai,(Surajgarha)','Main road,Surigarha,N.H.-80','9934663553','Jagdambha Sewa Sadan'),(53,'Null','Null','Bihar','Madhepura','Sadar','Madhepura','State Bank Road, Near Machhi Market, Madhepura','9431177742','Pradhi Yadav Hospital'),(54,'Null','Null','Bihar','Madhepura','Udakishanganj','Uda kishanganj','Near Court Chowk Jhanjharpur','9771719009','Aditya memorial nursing home'),(55,'Null','Null','Bihar','Madhubani','Basopatti','Basopatti','Basopatti, Block Road, Babhandae Chowk Road','9430294514/ 06246-27','Sradoun Memorial Arogya Clinic'),(56,'Null','Null','Bihar','Madhubani','Jainagar','jainagar','Kamalaghat road','9801020724','Shivam surgical clinic'),(57,'Null','Null','Bihar','Madhubani','Jhanjharpur','Jhanjharpur','Near court chowk','9931543921','Bhagwati swasthya Seva Sadan'),(58,'Null','Null','Bihar','Madhubani','Khutauna','Khutauna','East gandhi chowk,Near Bhagwati astahn','9973491872','Shivam surgical Clinic'),(59,'Null','Null','Bihar','Madhubani','Madhepur','Madhepur','Sangat Chowk','9931205041','Syama Clinic'),(60,'Null','Null','Bihar','Madhubani','Pandaul','Pandaul','Near Post Office','9122403350','Sharma Nursing Home'),(61,'Null','Null','Bihar','Madhubani','Rahika','Madhubani','Kishorilal chowk','9122403350','Nayan clinic'),(62,'Null','Null','Bihar','Munger','Munger Sadar','Munger','Bari Bazar, Near ICICI Bank, Munger','8757320890','Jeevan Joyti Medical & Research Center'),(63,'Null','Null','Bihar','Muzaffarpur','Bhagwanpur Chatti','Bhagwanpur Chatti','High School Road, Bhagwanpur Chatti, Muzaffarpur','9934479260','Pragya Seva Sansthan'),(64,'Null','Null','Bihar','Muzaffarpur','Kanti','Baikunthpuri','New Police Line, Baikunthpuri, Bairiya, Muzaffarpur','9835474249','Guru Kripa Sewa Sadan'),(65,'Null','Null','Bihar','Muzaffarpur','Marwan','Marwan','Barka Gaon, Marwan, Muzaffarpur','8406864192','Jeevan Deep Hospital'),(66,'Null','Null','Bihar','Muzaffarpur','Maushari','Muzaffarpur','Kalambag Road, Muzaffarpur','9905384855','Kailash Nursing Home & Maternity Centre'),(67,'Null','Null','Bihar','Muzaffarpur','Minapur','Muzaffarpur','Khemai Patti Chowk, Meenapur, Muzaffarpur','8757108158','Nirala Clinic'),(68,'Null','Null','Bihar','Muzaffarpur','Mushari','Muzaffarpur','Akhara Ghat Road, Near G. D. Mother School, Muzaffarpur','9473248233','Prema Nursing Home'),(69,'Null','Null','Bihar','Nalanda','Asthawan','Asthawan','arbigha Road, Main Bazar, P.S. & P.O. - Asthawan','9031685044','Abhinandan Nursing Home'),(70,'Null','Null','Bihar','Nalanda','Bihar Sarif','Bihar Sarif','Mougal Kuan, Bihar Sarif, Nalanda','9334296366','Janani Clinic'),(71,'Null','Null','Bihar','Nalanda','Biharsarif','Biharsarif','Khandak More, Asthwa Road, Near Tempu Stand, Biharsarif','9631840102','Bechan Memorial  Hospital'),(72,'Null','Null','Bihar','Nalanda','Biharsharif','Biharsharif','Doctor Colony, Khanoakpur','9386540673','Sharda Laxmi Surgery centre'),(73,'Null','Null','Bihar','Nalanda','Chandi','Chandi','Main Road, Near PHC, Chandi','9934850140','Sri Ram Govind Payare Hospital'),(74,'Null','Null','Bihar','Nalanda','Ekangarsari','Ekangarsari','Bihar Sarif Road, EkangarSarai, Nalanda','9835046987','Prakriti Dirghayu Hospital'),(75,'Null','Null','Bihar','Nalanda','Hilsa','Hilsa','Yatri Nagar, Chiksora Road, Hilsa','7870654650','Sai Nursing Home'),(76,'Null','Null','Bihar','Nalanda','Islampur','Islampur','North Patel Nagar, Gaya Road, Budhai Tola, Islampur, Nalanda','9905932232','Dev Clinic'),(77,'Null','Null','Bihar','Nalanda','Rajgir','Rajgir','CHABILAPUR Road, Rajgir, Nalanda','9431084516','Krishhna Nursing Home'),(78,'Null','Null','Bihar','Nalanda','Silaw','Silaw','Rajgir Main Road, Silaw','9304904492','Kishan Nursing Home'),(79,'Null','Null','Bihar','Nawada','Sadar','Nawada','Postmortem Road , Nawada Sadar, Nawada','9431270244','Sanjivani Nursing Home'),(80,'Null','Null','Bihar','Paschim Champaran','Bagcha-1','Cenima Chowk','Cenema Chowk, Bagaha-1','7765007072','Rama Hospital'),(81,'Null','Null','Bihar','Paschim Champaran','Bagh-2','Harnatand','Near PHC, harnatand,','9931411776','Payal Hospital'),(82,'Null','Null','Bihar','Paschim Champaran','Gaunaha','Gaunaha','Station Road, Gaunaha','9693099630','R.K Memorial'),(83,'Null','Null','Bihar','Paschim Champaran','Lauriya','Lauriya','Lauriya, Paschim Champaran','9931196593','Shanti Clinic'),(84,'Null','Null','Bihar','Paschim Champaran','Majhawaliya','Majhawaliya','Majhawaliya','9939828051','Kesri Chikitsalya (clinic)'),(85,'Null','Null','Bihar','Paschim Champaran','Narkatiaganj','Shivganj','Shivgaj, Main Road, Narkataganj','9934842042','Gupta Hospital'),(86,'Null','Null','Bihar','Paschim Champaran','Paschim Champaran','Bettiah','Ela Ram Kotwali Chowk. Ganj No-2, Paschim Champaran','9801483484','Shivam Hospital'),(87,'Null','Null','Bihar','Paschim Champaran','Piprasi','Parsoni jarar','Parsoni Jarar, Piprasi, Paschim Champaran','8896578076','Sri Sai Hospital'),(88,'Null','Null','Bihar','Paschim Champaran','Ramgadhwa','Ramnagar','Bamnagar, Ramnagar,Paschim Champaran','9471200112','Lita and Nans Medicare'),(89,'Null','Null','Bihar','Patna','Bihata','Bihata','Mahavir Nagar, Leather Factory, Bihata','9334228403','Radha Clinic & Maternity Home'),(90,'Null','Null','Bihar','Patna','Daniyawan','Daniyawan','Main Road,Mukhiya Market,Daniyawan, Patna','9431436221','Puja Nursing Home'),(91,'Null','Null','Bihar','Patna','Dhanarua','Pabheri Bazar','Pabheri More, Pabheri Bazar, Dhanarua','9852881301','Kalyani Hospital'),(92,'Null','Null','Bihar','Patna','Patna','Patna','House No-21, Lal Bahdur Shashtri Marg, North S K Puri, Patna','9835085691','Rahul Uro Gynaec & Resurch Pvt. Ltd'),(93,'Null','Null','Bihar','Patna','Patna Sadar','Patna','Malahi Pakari Chowk, Patna','9471006287','Ojush Clinic '),(94,'Null','Null','Bihar','Purba Champaran','Banjariya','Banjariya','Banjariya, East Champaran','9934489946','Shamima Helth Centre'),(95,'Null','Null','Bihar','Purba Champaran','Chakiya','Bara chakiya','Bara Chakia, hakia, East Champaran','9939694322','Prabhawati Sewa Sadan'),(96,'Null','Null','Bihar','Purba Champaran','Ghorasahan','Ghorasahan',' Thana Road, Ghorasahan','993427539','Chandralekha Health Care'),(97,'Null','Null','Bihar','Purba Champaran','Harsiddhi','Harsiddhi','Pakariya Road, Harsiddhi','9430691903','Sahyog Nurshing Home'),(98,'Null','Null','Bihar','Purba Champaran','Kesariya','Kesariya','Main Road ,Kesharia','9572807909','Sumitra Health Center'),(99,'Null','Null','Bihar','Purba Champaran','Madhuban','Madhuban',' Near Petrol Pump,Tetariya Road , Madhuban, Purba Champaran','9973257975','Sundram Hospital'),(100,'Null','Null','Bihar','Purba Champaran','Motihari','Motihari','Hospital Road, Agarwa, Motihari','9431032225','Bhawani Nursing Home'),(101,'Null','Null','Bihar','Purba Champaran','PakriDayal','PakriDayal','Pakridayal, W. No. 5 P.S. Pakridayal','9006472659','Ramjania Health Centre'),(102,'Null','Null','Bihar','Purba Champaran','Ramgadhwa','Ramgadhwa','Near SBI Bank, Ramgadhwa','9905034785','Janta Clinic'),(103,'Null','Null','Bihar','Purba Champaran','Raxaul','Raxaul','Kodiyar Chowk, College Road, Raxaul','9431485587','Sumitra Health Care Center'),(104,'Null','Null','Bihar','Purba Champaran','Sugauli','Sugauli','Sugauli','9661827706','Kaushalya Keshari Clinic'),(105,'Null','Null','Bihar','Purnea','Amour','Purnea','Amour, Purnea','7631980918','Dr. Barkat Ullah Nursing Home'),(106,'Null','Null','Bihar','Purnea','K.Nagar','Purnea','K.Nagar post,Khemchand','9431411845','Padma Nursing Home'),(107,'Null','Null','Bihar','Purnia','Baisi','Purnia','Baisi, Purnia','9431865480','Dr. Krishan Deo Pandit'),(108,'Null','Null','Bihar','Purnia','Banmankhi','Purnia','Banmankhi Darjee Patti, Purnia','8752234494','Jaiswal Sewa Sadan'),(109,'Null','Null','Bihar','Purnia','Dagarua','Dagarua','Hazi Zafar Market','9471806260','Dr. Ramkrishna Singh'),(110,'Null','Null','Bihar','Purnia','East Purnia','Purnia','Bihar Talkiz Road, Line Bazar, Purnia','9431284463','Vidhata Nursing Home'),(111,'Null','Null','Bihar','Rohtas','Bikarmganj','Bikarmganj','Duega Sthan, Natwar Road, Bikaramgang','9431434175/ 94318389','Manorma Clinic'),(112,'Null','Null','Bihar','Rohtas','Derhi','Derhi','Station Road, Dalmiyanagar, Dehri,Rohtas','9135064047, 78706697','Rohtas Nursing Home'),(113,'Null','Null','Bihar','Rohtas','Dinara','Dinara','Hospital Road, Dinara','9199996715','Shri Sarvaswari Chikatsa Sadan'),(114,'Null','Null','Bihar','Rohtas','Rajpur','Rajpur','Rajpur, Rohtas','7654019096','Marachhia Amirchand Hospital'),(115,'Null','Null','Bihar','Rohtas','Sasaram','Sasaram','Rouza Road, Sasaram','9334498853','Vikash Nursing Home'),(116,'Null','Null','Bihar','Saharsha','Kahra','Saharsha','Near Kali Asthan,  New Colony, Naya Bazar, Saharsha','9472530070','Sai Sewa Sadan'),(117,'Null','Null','Bihar','Samastipur','Dalsing Sari','Dalsing Sari','Chaknawada, NH 28, Dalsing Sari, Samastipur','9308434967','Faridy Nursing Home'),(118,'Null','Null','Bihar','Samastipur','Mohiudinnagar','Samastipur','Pashwan Chowk, Mohiuddin Nagar','9955743807','Muskan Sewa Sadan'),(119,'Null','Null','Bihar','Samastipur','Muktapur','Muktapur','Muktapur, Near Bazar Samiti, Samastipur','9430048104','Shanti Bimal Hospital'),(120,'Null','Null','Bihar','Samastipur','Patori','Patori','Cinema Chowk, Patori, Samastipur','9955743807','Jeevan Jyoti Hospital'),(121,'Null','Null','Bihar','Samastipur','Ujjairpur','Satanpur','Satanpur,Ujjairpur,Samastipur','9709891395','Adarsh Sewa Sadan'),(122,'Null','Null','Bihar','Saran','Bariyapur','','Bariyapur Bajar','9973921673','Rajmahal Narsingh Home '),(123,'Null','Null','Bihar','Saran','Dariyapur','Dariyapur','Main Bazar, Daryapur, Saran','8083454355','Maa Saraswati sewa sadan'),(124,'Null','Null','Bihar','Saran','Ishuapur','Ishuapur','Ishuapur ','9097420101','Payal Nursingh Home'),(125,'Null','Null','Bihar','Saran','Lahladpur','Janta Bazar ','Janta Bazar , Lahladpur, Saran','9572366623','Maa Nursing Home'),(126,'Null','Null','Bihar','Saran','Marhaura','Marhaura','Station Road, Marhourah , Saran','9631024415','Ranjan Poly Clinic (P) Ltd.'),(127,'Null','Null','Bihar','Saran','Masrakh','Masrakh','Main Bazar, Masrakh, Saran','9386799751','Dr. Kavita Singh'),(128,'Null','Null','Bihar','Saran','Sadar','Chapra','Near Bus Stand,Saran','9431075520','Bharti Hospital'),(129,'Null','Null','Bihar','Sheikhpura','Barbigha','Barbigha','Dharamshala Road, Barbigha, Sheikhpura','9709629998/970962909','Dr. Bhadani Maternity Home'),(130,'Null','Null','Bihar','Sheikhpura','Sheikpura','Sheikhpura ','Station Road, In front of Sheikhpura Railway Station','8538951107','Ishan Institute of Medical Sciences'),(131,'Null','Null','Bihar','Sheohar','Sheohar','Sheohar','Project girls high school road','9801839801','Unique Health Care Center'),(132,'Null','Null','Bihar','Sitamarahi','Pupri','Pupri','Malang Asthan, Cinema Rd, Pupri Sitamarhi','9939699666','Shivam Sewa Sunsthan'),(133,'Null','Null','Bihar','Sitamarhi','Dumra','Dumra','Hospital Road, Near Pani Tanki, Sitamarhi','9470477478/963113115','Ashirwad Clinic'),(134,'Null','Null','Bihar','Sitamarhi','Saidpur','Saidpur','Post Office Road, Runni Saidpur, Sitamarhi','9473092845','Hari Om Nursing Home'),(135,'Null','Null','Bihar','Siwan','Barharia','Barharia','Tarwara Road, Near PHC , Barharia, Siwan','9162204148','Rohiyan Hospital'),(136,'Null','Null','Bihar','Siwan','Basantpur','Basantpur','Kudrat Market , Near PHC','9771214511','Janta Hospital'),(137,'Null','Null','Bihar','Siwan','Basantpur','Basantpur','Bhagwanpur Road, Basantpur, Siwan','9430405417','New Rajmahal Nursing Home'),(138,'Null','Null','Bihar','Siwan','Duraundha','Duraundha','Chhapra Road, Duraundha, Siwan','9430511895','B. K. Hospital'),(139,'Null','Null','Bihar','Siwan','Maharajganj','Maharajganj','Moain Bazar, Maharajganj','9693838023','Maa Nursing Home'),(140,'Null','Null','Bihar','Siwan','Mairwa','Mairwa','Shivpur Mathiya Near Nahar Pul, Main road, Mairwa','9934645145','Saibaba Dharamnath Chikitshalya'),(141,'Null','Null','Bihar','Siwan','Siwan','Ayodyapuri','Mahotipur Road, Srinagar','9939066057','R. K  Clinic'),(142,'Null','Null','Bihar','Siwan','Siwan','Siwan','Doctors Colony, Gaushala Road, Bijay Hata','9913040249','Adarsh Sewa Clinic'),(143,'Null','Null','Bihar','Supal','Piprasi','','Pipra, Supal','9431287961','Sanjeevni Hospital'),(144,'Null','Null','Bihar','Supaul','Saraigarh','Saraigarh','Koshi hospital,Near shiv mandir,','9709588773','Koshi hospital'),(145,'Null','Null','Bihar','Supaul','Suapul','Suapul sadar','Ward no : 4 Near power grid','6473 - 224452','Anant Prerna Hospital'),(146,'Null','Null','Bihar','Supual','Basantpur','Birpur','Main Road, Balua Basatpur, Birpur','9431669281','Vardan Hospital'),(147,'Null','Null','Bihar','Supual','Trivanigang','Trivanigang','Tribeniganj, Supal','8676077750','Shiv Nursing Home'),(148,'Null','Null','Bihar','Vaishali','Desri','Desri','Near Desri High School, Desri, Vaishali','9386086589','Subh Nursing Home'),(149,'Null','Null','Bihar','Vaishali','Graul','Graul','Groulm Bazar','9431855560','Sarni Seva Sadan'),(150,'Null','Null','Bihar','Vaishali','Hajipur','Hajipur','Pokhara Mohalla, Near Subhash Chowk, Hajipur','7488022852','Shivangi Nurshing Home'),(151,'Null','Null','Bihar','Vaishali','Hajipur','Sonpur','Sonepur Bazar, Saran','9334856373','Jeevandeep Hospital'),(152,'Null','Null','Bihar','Vaishali','Mahua','Mahua','Mangruwa Chowk, Near Cold Storage, Mahua,  Vaishali','9835485185','Alok Hospital'),(153,'Null','Null','Bihar','Vaishali','Vaishali','Mansurpur','Mansurpur, Vaishali','94312130861','Jivan Rekha Arogya Sansthan'),(154,'Null','Null','odisha','Balangir','Balangir','Balangir','Hospital Road,Sudpara,Balangir','9861381300','Harihara Hospital'),(155,'Null','Null','odisha','Balangir','Balangir','Balangir','Hospital Chowk,Balangir( Odisha)','9437033806','New Appolo Hospital & Dignostic'),(156,'Null','Null','odisha','Balangir','Deogaon ','Deogaon','At/Po-Deogaon, Dist- Balangir, 767029','9439578991','Samaleswari Hospital'),(157,'Null','Null','odisha','Balasore','Balasore','Balasore','Near Bajaj Show Room, Station Road,Balasore','9437692592','Chandi Nursing Home'),(158,'Null','Null','odisha','Balasore','Jaleswar ','Jaleswar','Jaleswar Station Bazar, At/Po-Jaleswar,Dist-Balasore','9777028739','Ram Krushna Maternity Nursing Home'),(159,'Null','Null','odisha','Bargarh','Attabira','Attabira','At/Po-Attabira,Dist-Bargarh','9437193076','Arogyam Hospital'),(160,'Null','Null','odisha','Bargarh','Bargarh','Baragarh','NH-6,Bhatli Chowk,Bargarh','06646-246-799,Mob-78','Sai Multi Speciality Hospital'),(161,'Null','Null','odisha','Bargarh','Bargarh','Bargarh','Bargarh Town','9937899317','Behera Nursing Home'),(162,'Null','Null','odisha','Bargarh','Gaisilet','Gaisilet','At/Guderpali,Block-Gaisilet,Dist-Bargarh','9937926954','Shuvam Nursing Home'),(163,'Null','Null','odisha','Bhadrak','Bhadrak ','Bhadrak','Naya Bazar,Bhadrak','9437060461','Subham Hospital'),(164,'Null','Null','odisha','Bhadrak','Chandbali ','Chandbali','Main Road,ChandBali','9437531150','Binayak Nursing Home '),(165,'Null','Null','odisha','Bhadrak','Tihidi ','Tihidi','Puruna Haat,Tihidi- 756130','9437298483','Uma Shankar Health Care '),(166,'Null','Null','odisha','Boudh','Banusuni','Boudh','AT/Baidanathpur,PO-Banusuni,Dist-Boudh','9439991049','Maa Maheswari Clinic'),(167,'Null','Null','odisha','Cuttack','Chowdwar ','Chowdwar','Nh-52,Kapaleswar,Choudwar','9338586074','Sri Ram Hospital'),(168,'Null','Null','odisha','Deograh','Deogarh','Deogarh','Hospital Road,Deogarh','9437126659','Arogya Clinic'),(169,'Null','Null','odisha','Dhenkanal','Dhenknal','Dhenkanal','Gopabandhu Bajar,Dhenkanal','9938805723','Shree Jagannath Hospital'),(170,'Null','Null','odisha','Dhenkanal','Kamkhya Nagar ','Kamkhya Nagar','Hanuman Bazar,Kamakhya Nagar,Dhenkanal','9437764183','Bhagirathi Hospital'),(171,'Null','Null','odisha','Gajpati','Parlakhemundi','Parlakhemundi','Jangam Street,Parlakhemundi,Dist-Ganjam','9437424167','Amruta Nursing Home'),(172,'Null','Null','odisha','Gajpati','Parlakhemundi','Parlakhemundi','Gajpati Marg,Parlakhemundi,Dist-Gajpati','9861331609','DR.RAVI NURSING HOME'),(173,'Null','Null','odisha','Ganjam','Berhampur','Berhampur','Bhabanagar Square,Berhampur','9437071389','Divine Nursing Home'),(174,'Null','Null','odisha','Ganjam','Berhampur','Berhampur','New Bus Stand Road,Baikuntha Nagar,1st Lane,Berhampur','9861584655','Namrata Hospital'),(175,'Null','Null','odisha','Ganjam','Patrapur ','Patrapur','Main Road, Patrapur.Ganjam','9438487588','Sri Satya Sai Nursing Home'),(176,'Null','Null','odisha','Jagatsinghpur','J.Singhpur','J.Singhpur','Kheresa, J.Singhpur Town','9437103403','Cure Well Hospital'),(177,'Null','Null','odisha','Jagatsinghpur','Rahma ','Rahma','At/Po-Rahama,Kujanga,Dist-J.Singhpur','9437504471','L & P Hospital'),(178,'Null','Null','odisha','Jajpur?','Jajpur Town','Jajpur Town','AT. Gariapur, Jajpur Town,','9438362434','Shree Maa Nursing Home'),(179,'Null','Null','odisha','Jajpur?','Korei ','Korei','AT : Kanheipur, Korei , Jajapur Road','94372484206','Sarmistha Memorial Hospital'),(180,'Null','Null','odisha','Jharsuguda','Jharsuguda','Jharsuguda','COX Colony,Jharsuguda','9437199141','Maa Samalai Nursing Home'),(181,'Null','Null','odisha','Jharsuguda','Jharsuguda','Jharsuguda','Mangal Bajar Road','9437254200','R.K.Multi Care'),(182,'Null','Null','odisha','Kalahandi','Bhawanipatna','Bawanipatna','Near Satyam Cinema Hall, Bhawanipatna Town','06670-235493','Life Worth Hospital'),(183,'Null','Null','odisha','Kalahandi','Dharmagarh','Dharmagarh','Paradeswar Temple Road, Dharmagarh','9437197830','Ultra Sound Clinic'),(184,'Null','Null','odisha','Kalahandi','Kesinga ','Kesinga','At-Kesing Town, Block-Kesinga','06670-222031 Mob-943','Uma Clinics'),(185,'Null','Null','odisha','Kandhamal','Baliguda ','Baliguda','Komana Sahi, Baliguda','9437298779','Satya Sai Pathology Clinic'),(186,'Null','Null','odisha','Kendrapara','Kendrapara ','Kendrapara','Santa Sahi Farzen Chhak,Kendrapara','06727-232466 Mob-943','Bhagabati Hospital '),(187,'Null','Null','odisha','Keonjhar','Barbil ','Barbil','At: Kalinga Road, Barbil, Joda,?','9437370477','Arati Hospital?Pvt.Ltd'),(188,'Null','Null','odisha','Keonjhar','Ghasipura ','Ghasipura','At: Sailonga, Ghasipura,?','9938073342','Kashinath Health Care'),(189,'Null','Null','odisha','Keonjhar','Keonjhar ','Keonjhar','At-Pabitradiha,Plot No-154,Keonjhar-758001','9437077225','Dipali Nursing Home'),(190,'Null','Null','odisha','Keonjhar','Keonjhar ','Keonjhar','Jagannathpur, Keonjhar','9437000007','Swasthi Health Care'),(191,'Null','Null','odisha','Khurda','BBSR','Bhubaneswar','Plot No-A/142,Saheed Nagar,BBSR','0674-2545644 Mob-993','Maternity Care Hospital'),(192,'Null','Null','odisha','Khurda','Bhubaneswar','Bhubaneswar','Plot No-1,Ekamra Marg, Near Capital Hospital, Unit-6,BBSR','9439493040','Sanjita Maternity Care & Hospital'),(193,'Null','Null','odisha','Khurda','Jatni ','Jatni','Kudiari Bazar.Jatni','9439931666','Sayeed Memorial Hospital'),(194,'Null','Null','odisha','Khurda','Khurda ','Khurda','Hospital Road,Khurda','9437286660, 06755-22','CJM Hospital'),(195,'Null','Null','odisha','Khurda','Khurda ','Khurda','At/PO-Shree Vihar, Candichua,Khurda','9853539472','Maa Tareni Nursing Home'),(196,'Null','Null','odisha','Koraput','Baipariguda ','Baipariguda','Gupteswar Road,Boipariguda At/po- Boipariguda District-Koraput Pin-764043 Odisha','9439405158','Kiran Health Clinic'),(197,'Null','Null','odisha','Malkangiri','Malkangiri','Malkangiri','DNK Chowk Dist- Malkangiri Odisha','9439872257','Sri Radha Krishna Clinic'),(198,'Null','Null','odisha','Mayurbhanj','Baisinga ','Baisinga','At/Po-Baisingia, Block-Betonati','9937458824','OM Ayurvedic Clinic'),(199,'Null','Null','odisha','Mayurbhanj','Baripada','Baripada',' Bariapda,Hospital Square Baripada','943707444','City Clinic'),(200,'Null','Null','odisha','Mayurbhanj','Baripada','Baripada','Ward NO-17.Baghara Road,Baripada','9439451819','Prativa Nurshing Home'),(201,'Null','Null','odisha','Mayurbhanj','Baripada','Baripada','Ward No-4.Lalabazar,Baripada','9438709811','Sai Xray Patho & Nursing Home'),(202,'Null','Null','odisha','Nawrangpur','Chandahandi','Chandhandi',' At/Po-Chandahandi,  Via- umerkote dist -Nabarangpur,Odisha','9777855211','Om Sai Ram Clinic'),(203,'Null','Null','odisha','Nawrangpur','Jharigaon ','Jharigaon',' At/Po-Jharigaon Via-Umerkote District- Nabarangpur','8018450220','Maa Pendranai Clinic'),(204,'Null','Null','odisha','Nawrangpur','Nawrangpur','Nawrangpur','Dhobasahi Po-Nabarangpur Dist-Nabarangpur Pin-764059, Odisha','9777126718','Dr.K.Sridhar Rao Clinics'),(205,'Null','Null','odisha','Nawrangpur','Raigarh ','Raigarh','At/Po-Raigarh, Block-Raigarh','9437792852','Sri Nirmal Kripa Clinic'),(206,'Null','Null','odisha','Nawrangpur','Umerkote','Umerkote','DNK Zonal Hospital Road, Near Old LIC office,Umerkote,District-Nabarangpur Pin-764073,Odisha','9437525088','Geeta Clinic'),(207,'Null','Null','odisha','Nayagarh','Khandapara ','Khandpara','Medical Road,Khandapada','9853110155','OMM Nursing Home'),(208,'Null','Null','odisha','Nayagarh','Nayagarh','Nayagarh','College Road,Odogaon Chalk,Nayagarh','9937453965','Krishna Clinic'),(209,'Null','Null','odisha','Nayagrh','Daspalla ','Daspalla','At/Po-Madhykhand,Daspalla,Dist-Nayagarh','9938807989','Mahashakti Nursing Home'),(210,'Null','Null','odisha','Naygarh','Nayagarh','Nayagarh','At/Po-Raja Bagicha, Nayagarh','9040677325','Kumar Hospital'),(211,'Null','Null','odisha','Nuapada','Nuapara','Nuapara','Khariar Road,Ward No-18,Dist-Nuapara','9437027786','Utkal Nursing Home'),(212,'Null','Null','odisha','Nuapada','Sinnapali ','Sinnapalli','Jogenpali,At/Po-Sinapali,Dist-Nuapara','8018548498','Panda Clinic'),(213,'Null','Null','odisha','Puri','Gop ','Gop','At/Po-Gop,Dist-Puri','9437110999','Seva Nursing Home'),(214,'Null','Null','odisha','Puri','Nimapara ','Nimapara','Garhandia,Kenal Road,Nimapara','7504608006','Anand Poly Clinic'),(215,'Null','Null','odisha','Puri','Puri ','Puri','Chaitanya Vihar,Bus Stand Puri','9438360734','Sanjeevani Hospital'),(216,'Null','Null','odisha','Raygada','Gunupur ','Gunupur','Beboarta Dhepo, Sivananda Temple Street,Gunupur','9437372525','Shyama & Shyam Hospital'),(217,'Null','Null','odisha','Raygada','Kotlaguda ','Kotlaguda','Main Road Kotlaguda, At- Kotlaguda, Po- Sastrinagar Dist- Rayagada Pin-765002','9438576796',' CRDS(Centre for Rural Development Society) Clinic?'),(218,'Null','Null','odisha','Sambalpur','Burla ','Burla','Basant Vihar,Burla','9938433644','Gouri Shankar Nursing Home'),(219,'Null','Null','odisha','Sambalpur','Sambalpur','Sambalpur','Panit Laxmi Naryan Lane, Near G.M College Sambalpur','9437054036','Arunashakti Hospital'),(220,'Null','Null','odisha','Sambalpur','Sambalpur','Sambalpur','Modipara,Sambalpur','9437352993','Janani Maternity Nursing Home'),(221,'Null','Null','odisha','Sonpur','Biramaharajpur','Biramaharajpur','At/Po-Biramharajpur,Dist-Sonpur','9583120564','Panda Clinic'),(222,'Null','Null','odisha','Sundergarh','Rajgangpur ','Rajgangpur','Main Road,Rajgangpur,Dist-Sunderagarh','9437083386','Asha Deep Hospital'),(223,'Null','Null','odisha','Sundergarh','Sundergarh ','Sundergarh','Civil Township,Rourkela','9437250246','Super Speciality Hospital'),(224,'Manju','Dixit','Uttar Pardesh','Lucknow','','','Jeevan Surgical Maternity Centre,Sec L B-32 LDA Colony,Aashiana','9335298942',''),(225,'Chanawati','NULL','Uttar Pardesh','Lucknow','','','Krishna Medical Centre,KMC,1, Rana Pratap Marg','9839011146',''),(226,'Sabuhi','Qureshi','Uttar Pardesh','Lucknow','','','Queen Mary Hospital,Chowk','9450712485',''),(227,'Manju','Shukla','Uttar Pardesh','Lucknow','','','Napeir Raod,Chowk,career institute & Hospital','9415010241',''),(228,'Satwant','Kaur','Uttar Pardesh','Lucknow','','','Cantt Road','9335329688',''),(229,'Urmila','Singh','Uttar Pardesh','Lucknow','','','Queen Mary Hospital','9415107054',''),(230,'Hem Praba','Gupta','Uttar Pardesh','Lucknow','','','7/14 Prag Narain Rd','9415106776',''),(231,'Seema','Dev','Uttar Pardesh','Lucknow','','','Miranda Clinic,Behind DAV College,72 Nehru Nagar','9415419640',''),(232,'Indu','Tandon','Uttar Pardesh','Lucknow','','','Vardan Nursing Home,17/5 Lajpat Nagar Dhall','9415001326',''),(233,'Amala','Naik','Uttar Pardesh','Lucknow','','','Sec C-1LDA Colony','9956332123',''),(234,'Yashodhara','Pradeep','Uttar Pardesh','Lucknow','','','Yashdeep Utrasound,C-212 Nirala nagar','9415002736',''),(235,'Vijay Sri','Gogna','Uttar Pardesh','Lucknow','','','Vardan Clinic,IIM Road, Bidhauli ChungiSita ','9415440151',''),(236,'Shilpi','Gupta','Uttar Pardesh','Lucknow','','','Sahara Hospital','9415514253',''),(237,'Anuradha','Agarwal','Uttar Pardesh','Lucknow','','','Sushrut Hospital,STP RD Yojana','9415312027',''),(238,'Madalsa','Pandey','Uttar Pardesh','Lucknow','','','Opp.daliganj church','9415158840',''),(239,'Mithilesh','Singh','Uttar Pardesh','Lucknow','','','Chandra Prabha Hospital22-C Krishna Nagar','9935491767',''),(240,'Pammi','Arora','Uttar Pardesh','Lucknow','','','Tanisha Medical Centre,B-1/68, Sec-K','9415003792',''),(241,'Usha','Saxena','Uttar Pardesh','Lucknow','','','2/1, Vivek Khand','9335202701',''),(242,'Namita','Agarwal','Uttar Pardesh','Lucknow','','','Life Care Hospital,98 Cantt. Road','9415402852',''),(243,'Beena',' Tandon','Uttar Pardesh','Lucknow','','','Krihna Lok Clinic,27/1/C, Gokhale Marg','9415157877',''),(244,'Uma','Gupta','Uttar Pardesh','Lucknow','','','Era Hospital,Hardoi Road','9450931870',''),(245,'Rama','Bhatnagar','Uttar Pardesh','Lucknow','','','Kanpur Road','0522-2436784',''),(246,'Sunita',' Mishra','Uttar Pardesh','Lucknow','','','UGF-31, Ashirwad Plaza','0522-2326108',''),(247,'Tripti','Bansal','Uttar Pardesh','Lucknow','','','  Sumitra clinic,Tahseenganj chauraha','9415017426',''),(248,'Anjana','Das','Uttar Pardesh','Lucknow','','','Indira Nagar Medical Centre,Sector 22,Hanuman Market','0522-2341066',''),(249,'Rita','Das','Uttar Pardesh','Lucknow','','','A-20 ','9415210086',''),(250,'Neel Kamal','Srivastava','Uttar Pardesh','Lucknow','','','Ayushi maternity Centre,517/3','9415467159',''),(251,'Renu','Jain','Uttar Pardesh','Lucknow','','','Tarun Clinic,B-91 ','9335097350',''),(252,'Neerja','Singh','Uttar Pardesh','Lucknow','','','5, Eldico Green Woods, Malhaur Road','9415081455',''),(253,'Rama','Srivastava','Uttar Pardesh','Lucknow','','','Jwala Hospital,D-2226','9415027813',''),(254,'Alka','Katiyar','Uttar Pardesh','Lucknow','','','Shri Shiv Mother & Child Care,1089/1 - Shakti Nagar','9336203511',''),(255,'Renu','Jalote','Uttar Pardesh','Lucknow','','','B-702 ','9415180178',''),(256,'Pratibha','Sachan','Uttar Pardesh','Lucknow','','','CNS Hospital,20/154','9839182544',''),(257,'Shabnam','Khan','Uttar Pardesh','Lucknow','','','Glory Clinic,Takrohi ','9450020615',''),(258,'Anu','Suri','Uttar Pardesh','Lucknow','','','Suri Medical Foundation Hospital,A-26, ','9335926600',''),(259,'Ritu','Saxena','Uttar Pardesh','Lucknow','','','A-481, Indira Nagar','9415002841',''),(260,'Mohini','Saxena','Uttar Pardesh','Lucknow','','','Rani Bareli,AIWC,Beside Nishtaganj Flyover','9415002842',''),(261,'Asna','Ashraf','Uttar Pardesh','Lucknow','','','Ujala Medical Center,B-2247','9452162123',''),(262,'Fatima','Sheeba','Uttar Pardesh','Lucknow','','','Aiman Nursing Home,12/623','9415007376',''),(263,'Jyotika','Mehrotra','Uttar Pardesh','Lucknow','','','Mehrotra Family Clinic,3, Arif Chamber 3 ,Sector H, Aliganj','0522-2745048',''),(264,'Yogita','Gulati','Uttar Pardesh','Lucknow','','','Gauri Nursing Home,42/1, Chandar Nagar ','9335220782',''),(265,'Bina','Singh','Uttar Pardesh','Lucknow','','','Biraj Maternity &Child Care Hospital,LDA Colony ','9839153982',''),(266,'Mithilesh','Deo','Uttar Pardesh','Lucknow','','','Deo Hospital,Hardoi Road','9839229834',''),(267,'Vandita','Khanna','Uttar Pardesh','Lucknow','','','Avadh Hospital,Main Road','9336373335',''),(268,'Saroj','Singh','Uttar Pardesh','Lucknow','','','Saroj Hospital,Krishna nagar','9415418825',''),(269,'Warija','Seth','Uttar Pardesh','Lucknow','','','Red Crass hospital,Kaiserbagh','9335260565',''),(270,'Renu','Sanyal','Uttar Pardesh','Lucknow','','','Dr.Renu Sanyayl Clinic,Red Cross  Hospital','9415561073',''),(271,'Geeta','Agarwal','Uttar Pardesh','Lucknow','','','Aashiana clinic,K-36, Power house Chauraha,BMC, Chandra Nagar, Alambagh','9235880233',''),(272,'Anamika','Shukla','Uttar Pardesh','Lucknow','','','Anupriya Clinic,Ihanar Nagar','9415020928',''),(273,'Reeta','Agarwal','Uttar Pardesh','Lucknow','','','Lucknow Hospital,B-1Singar Nagar','9453214214',''),(274,'Anima','Prasad','Uttar Pardesh','Lucknow','','','Rajajipuram','9415466409',''),(275,'Sushmita','Verma','Uttar Pardesh','Lucknow','','','BMC,Chander Nagar','9415109215',''),(276,'Abha','Shrotiya','Uttar Pardesh','Lucknow','','','BMC,Chander Nagar','9839178502',''),(277,'Ranjana','Pandey','Uttar Pardesh','Lucknow','','','Sanjeevani Maternity &Child Clinic,M-3/885, Sector-H, LDA','9415094368',''),(278,'Sushma','Singh','Uttar Pardesh','Lucknow','','','RML Hospital ','9235650347',''),(279,'Shalu','Mahesh','Uttar Pardesh','Lucknow','','','RML Hospital ','923560345',''),(280,'Mrs A R',' Gupta','Uttar Pardesh','Lucknow','','','Forrd Hospital,3/453 Vishwas khand ','9415087054',''),(281,'Rashmi','Kulshreshtha','Uttar Pardesh','Lucknow','','','St. Josheph Gomti Nagar,C-1004 , Indira Nagar','9839025914',''),(282,'Sarita','Chana','Uttar Pardesh','Lucknow','','','Zainiss Hospital,Vivek khand ','9335916168',''),(283,'Babita','Sinha','Uttar Pardesh','Lucknow','','','Matritva Maternity Home,2/25, Vineet Khand','9450446200',''),(284,'Nisha','Sachan','Uttar Pardesh','Lucknow','','','BMC Hospital  ','94157887474',''),(285,'CK','Jaiswal','Uttar Pardesh','Lucknow','','','BMC Hospital  ','9450865880',''),(286,'Rita','Verma','Uttar Pardesh','Lucknow','','','BMC Hospital  ','9450906315',''),(287,'Anupama','Katiyar','Uttar Pardesh','Lucknow','','','BMC Hospital  ','9450795187',''),(288,'Chitra','Saxena','Uttar Pardesh','Lucknow','','','BMC Hospital  ','9415159016',''),(289,'Sarita','Saxena','Uttar Pardesh','Lucknow','','','RML Hospital','9235650342',''),(290,'Kalpana','Chandel','Uttar Pardesh','Lucknow','','','RML Hospital','8765676912',''),(291,'Kanchan','Ahuja','Uttar Pardesh','Lucknow','','','Ahuja Hospital,4/488   Vivek khand','9415018253',''),(292,'Farhat','Saif','Uttar Pardesh','Lucknow','','','Rida Hospital,Sector-9 ','98398907757',''),(293,'Preeti','Gupta','Uttar Pardesh','Lucknow','','','Divya Deep Hospital,D-Block ','9450651571',''),(294,'Rashmi','Sharma','Uttar Pardesh','Lucknow','','','B-Block','9415407801',''),(295,'Anju','Nag','Uttar Pardesh','Lucknow','','','Banarsi Tola','5222335242',''),(296,'Seema','Tandon','Uttar Pardesh','Lucknow','','','Anjuman Clinic, Kaiserbagh','9335926149',''),(297,'Neeta','Mishra','Uttar Pardesh','Lucknow','','','FPAI,B-67 Niralanagar                     ','9451951422',''),(298,'Bhawna M','Singh','Uttar Pardesh','Lucknow','','','OP Chaudhary Hospital & Research Centre,Chaudhary  Vihar ','9450918503',''),(299,'Amita','Gupta','Uttar Pardesh','Lucknow','','','Matr-Dristi Clinic,Ramanand market Sitapur Road','9415012563',''),(300,'Ranjana','Bharti','Uttar Pardesh','Lucknow','','','BMC Hospital,N.K.Road','9415089098',''),(301,'Neeti','Rastogi','Uttar Pardesh','Lucknow','','','Ram Clinic, 278,Dugawan','9235610958',''),(302,'Anita','Jain','Uttar Pardesh','Lucknow','','','Scooter India Chauraha,Saroj Hospital, kanpur Road','9415152077',''),(303,'Darshnna','Kapoor','Uttar Pardesh','Lucknow','','','Kapoor maternity Centre,4 A, Park Road','9415103097',''),(304,'Raka','Prasad','Uttar Pardesh','Lucknow','','','Healing Touch Nursing Home,1/2, Gokhle Marg','NULL',''),(305,'Geeta','Wakhlu','Uttar Pardesh','Lucknow','','','FPAI','9450101000',''),(306,'Chitra','Suresh','Uttar Pardesh','Lucknow','','','BMC,Nawal Kishore Road','9415582314',''),(307,'Mala','Tripathi','Uttar Pardesh','Lucknow','','','Sona Medical Centre,5/3,Vikas Nagar ','9450400567',''),(308,'Sumita','Arora','Uttar Pardesh','Lucknow','','','Viveka Nand Polyclinic,B-1/161,Sector G','9336677880',''),(309,'Azmi','Siddiqui','Uttar Pardesh','Lucknow','','','Rabia Polyclinic,434/10/7 GA, Pasand Bagh, Amber Ganj','9453689985',''),(310,'Anjali','chana','Uttar Pardesh','Lucknow','','','Anshu Clinic,LDA Colony ','9452184497',''),(311,'Geeta','Narayan','Uttar Pardesh','Lucknow','','','Geeta Nursing Home,Tehri Pulia','9415518428',''),(312,'Padmaja','Gupta','Uttar Pardesh','Lucknow','','','Urban Health Post,Vijaykhand, Post Ujariraon','9415011344',''),(313,'Anuradha','Jha','Uttar Pardesh','Lucknow','','','Bhasker Medial Centre,B-164,Nirala Nagar','9839077179',''),(314,'Shalini','Suri','Uttar Pardesh','Lucknow','','','739,Peer Pur Square','9793011888',''),(315,'Vandana','Dixit','Uttar Pardesh','Lucknow','','','Shivay Clinic & Hospital,37-C,Highway Plaza,Raibarely Rad','9450021165',''),(316,'Poonam','Mishra','Uttar Pardesh','Lucknow','','','Manas Hospital,Ekta Nagar Chauraha','9415543538',''),(317,'Madhu','Agarwal','Uttar Pardesh','Lucknow','','','Mayank Medical Centre,192,Wazir Hasan Road','NULL',''),(318,'Namita','Chana','Uttar Pardesh','Lucknow','','','Kamla Devi memorial Hospital,80-B,Gautam Budha Marg','9415108740',''),(319,'Jyoti','Sinha','Uttar Pardesh','Lucknow','','','Clinic For Womens & Children,38, Vidhan Sabha Marg','9415107019',''),(320,'Sandhya','Bansal','Uttar Pardesh','Lucknow','','','Bansal Clinic,GhasMandi Chauraha','9838372073',''),(321,'Veena','Gulati','Uttar Pardesh','Lucknow','','','Medical Care Centre&Hospital,Main Road, Alambagh','9839020368',''),(322,'Somika','Gaharwar','Uttar Pardesh','Lucknow','','','Manju Tandon Hospital,Thakurganj','9450022012',''),(323,'Anamika','Gaharwar','Uttar Pardesh','Lucknow','','','Kushwaha pathology,Near Charak Chowk','9235919411',''),(324,'Neelam','Jain','Uttar Pardesh','Lucknow','','','Jain Poly Clinic,38, Beldari Lane ','9450457705',''),(325,'Anjum','Qureshi','Uttar Pardesh','Lucknow','','','Sahar Hospital,6,Near Play Way School, NabiUllah Road ','9839536285',''),(326,'Sonia','Luthra','Uttar Pardesh','Lucknow','','','Well Ness Planet,Guru Gobind Singh Marg','9415575529',''),(327,'Seema','Asthana','Uttar Pardesh','Lucknow','','','Prabhaker Hospital & Maternity Home,B-1/21, Sector Q ','9415001742',''),(328,'Sheela','Dhasmana','Uttar Pardesh','Lucknow','','','Dhasmana Clinic,521/49,Bara Chand Ganj','9450455380',''),(329,'Smita','Gupta','Uttar Pardesh','Lucknow','','','Jeevan Deep Nursing Home,95, Rajendra Sanyal Road ','9935561100',''),(330,'Rukhsana','Khan','Uttar Pardesh','Lucknow','','','Green Cross Hospital,B-167,Nirala Nagar','9839025328',''),(331,'Jaya','Bhargava','Uttar Pardesh','Lucknow','','','Bhargava Nursing Home,5, Sadar Bazar','9839393967',''),(332,'Archana','Mishra','Uttar Pardesh','Lucknow','','','Get Well Hospital,C-16 ,Sector- M ','9936109666',''),(333,'Archana','Kanodia','Uttar Pardesh','Lucknow','','','Akriti Clinic,3/1, Indira Nagar,Sekhar Hospital','9415410548',''),(334,'Rama','Sawhney','Uttar Pardesh','Lucknow','','','Tarachand Clinic ,Near Burlington Chauraha, Hussainganj','9235885252',''),(335,'Kalpana','Gupta','Uttar Pardesh','Lucknow','','','B-2/8, Vinay Khand','9839074560',''),(336,'Divya','Singh','Uttar Pardesh','Lucknow','','','C-120,Sahara Plaza,Patrakarpuram,Gomtinagar','9839019253',''),(337,'Namrata','Bansal','Uttar Pardesh','Lucknow','','','Skin & Mother Care clinic,14,DAV Market Near DAV College,Aishbagh Road','NULL',''),(338,'Renu','Khatwani','Uttar Pardesh','Lucknow','','','102,Abhilasha,Sect-1,Eldico Udyan-2,RaeBareli Road','9415131545',''),(339,'Parul','Gupta','Uttar Pardesh','Lucknow','','','R.K.Medical Centre,B-1453,Indira Nagar','9838655095',''),(340,'Poonam','Bhamdi','Uttar Pardesh','Lucknow','','','Kundan Hospital,B-Block, Indira Nagar','9415159724',''),(341,'Lavee','Mehrotra','Uttar Pardesh','Lucknow','','','Lavee Subha Hospital,Vivek khand ','9415012062',''),(342,'Anshu Mala','Rastogi','Uttar Pardesh','Lucknow','','','Rastogi Hospital,Nadan Mahal Road','9839171123',''),(343,'Ritu','Saxena','Uttar Pardesh','Lucknow','','','Satyam Nursing Home,Ram Nagar,AishBagh','9415014207',''),(344,'Manju','Mehrotra','Uttar Pardesh','Lucknow','','','Maternity Clinic,RML,Vishal Khand,Gomti nagar','9839285234',''),(345,'Madhu','Gupta','Uttar Pardesh','Lucknow','','','Madhu Gupta Maternity Centre, I T College Road,169, Faizabad road','9415023201',''),(346,'Suneeta','Chana','Uttar Pardesh','Lucknow','','','Rajendra Nagar Hospital & Fertility Centre,74 Second Street, Rajendra Nagar','NULL',''),(347,'Chitrangada','Verma','Uttar Pardesh','Lucknow','','','Verma Clinic & Nursing Home,A-10, Indira Nagar','NULL',''),(348,'Jyotsna','Mehta','Uttar Pardesh','Lucknow','','','Sawhney Nursing Home,Terhi Pulia,Alambagh','9889032100',''),(349,'Rekha','Chaudhary','Uttar Pardesh','Lucknow','','','Red Crass hospital,Qaisarbagh','9838962892',''),(350,'Geeta','Dwivedi','Uttar Pardesh','Lucknow','','','Devika Surgical & Maternity Centre,B-25 Sect.-C,Aliganj','9415004445',''),(351,'Naini','Tandon','Uttar Pardesh','Lucknow','','','C-403,Nirala Nagar','9415014704',''),(352,'Neeta','Khare','Uttar Pardesh','Lucknow','','','Kharey Surgical&maternity Centre,B-1/6,Sector-G','9838806487',''),(353,'Priti','Kumar','Uttar Pardesh','Lucknow','','','Sun Flower Medical Centre,2 B/6,ChandGanj Garden','9415085827',''),(354,'Pushpa','Jaiswal','Uttar Pardesh','Lucknow','','','Shree ram Medical centre,A-1036, Indira Nagar','NULL',''),(355,'Pushpa Lata','chana','Uttar Pardesh','Lucknow','','','A 1/6,Sector-A, Aliganj','NULL',''),(356,'Saroj','Srivastava','Uttar Pardesh','Lucknow','','','Saroj Nursing Home,B-55,Mandir Marg','NULL',''),(357,'Seema','Mahajan','Uttar Pardesh','Lucknow','','','Jeevan Jyoti Surgical Centre & Nursing Home,B-2432,Indira nagar','9451176679',''),(358,'Shruti','Singh','Uttar Pardesh','Lucknow','','','577-D, Chandrika Bhawan,Banarasi Tola ','9450640256',''),(359,'Sushma','Singh','Uttar Pardesh','Lucknow','','','Metro Hospital,B-1, Rajeev Nagar','9235631297',''),(360,'Anita','Singh','Uttar Pardesh','Lucknow','','','K.K.Hospital,87/88,Nabiullah Road','9415353588',''),(361,'Anju','Ranjan','Uttar Pardesh','Lucknow','','','Harsh Hospital,B-2/25,Sector-F,JankiPuram','9839053680',''),(362,'Archana','Bhatnagar','Uttar Pardesh','Lucknow','','','Ankur Nursing Home,F-2314,Raja Ji Puram','NULL',''),(363,'Deepti','Chaudhary','Uttar Pardesh','Lucknow','','','Krishna Mother & Eye Care CentreE-1718,Raja Ji Puram','NULL',''),(364,'Sarika','Agarwal','Uttar Pardesh','Lucknow','','','Agarwal Eye & Mother Care Centre,C-21, Sector-P , Aliganj','NULL',''),(365,'Veena','Srivastava','Uttar Pardesh','Lucknow','','','Saurabh Clinic,B-1224,Indira Nagar','NULL',''),(366,'WuYuchin','NULL','Uttar Pardesh','Lucknow','','','Wu Yuchin Nursing Home,68-A ,Gautam Budhha Marg','NULL',''),(367,'Indu','Saxena','Uttar Pardesh','Lucknow','','','Saleh Nagar,Jail Road','9335915141',''),(368,'Vatsala','Yadav','Uttar Pardesh','Lucknow','','','Arif Chamber, Puraniya Croosing','9415002095',''),(369,'Alka','Jain','Uttar Pardesh','Lucknow','','','FPAI, 3/64,Vipul Khand,Nirala Nagar','9335617738',''),(370,'Sangha','mishra','Uttar Pardesh','Lucknow','','','BMC Hospital Chandra nagar,type V ,2nd new Campus,SGPGIMS','9450301406',''),(371,'Malvika','Mishra ','Uttar Pardesh','Lucknow','','','NULL','NULL',''),(372,'Neelima','Hasan','Uttar Pardesh','Lucknow','','','Urban Health Post,Martin Purwa,A-3/44, Vishwas Khand,Gomti Nagar','9236078565',''),(373,'Brinda','Frey','Uttar Pardesh','Lucknow','','','BMC, Chandra Nagar,6, Valmiki Marg, Lalbagh','9415020817',''),(374,'Harita','Rao','Uttar Pardesh','Lucknow','','','Saroj Nursingh Home,B/10, F, Kapoorthala','9005004199',''),(375,'Maulshree','Mehta','Uttar Pardesh','Lucknow','','','BMC Hospital  ','9335905033',''),(376,'Alka','Verma','Uttar Pardesh','Agra','','','Verma Nursing Home, 4/6 Bagh Farzana, Civil Lines','NULL',''),(377,'Asha','Agarwal','Uttar Pardesh','Agra','','','K.G Nursing Home, Noori Darwaja','9719239702',''),(378,'Darsha','Kumar','Uttar Pardesh','Agra','','','Jeevan Jyoti Nursing Home, 112 Pachchim Puri, Shastripuram','9319507908',''),(379,'Gargi',' Gupta','Uttar Pardesh','Agra','','','Gargi Nursing Home, 71A Shivraj Nagar','9319072310',''),(380,'Geeta',' Bansal','Uttar Pardesh','Agra','','','City Medicare Centre, 27/76 Pathwari Ghatia, Belanganj','NULL',''),(381,'Jaideep','Malhotra','Uttar Pardesh','Agra','','','Malhotra N.H.P. Ltd., 84 M.G. Road','9897033335',''),(382,'Madhu','Bindra','Uttar Pardesh','Agra','','','Bindra Clinic & Nursing Centre, 7 Chandralok,Jaipur House, Agra','9259377058',''),(383,'Madhu','Rajpal','Uttar Pardesh','Agra','','','Mother And Child Care Hospital and Research Centre, 59 Jaipur House','9319203782',''),(384,'Manisha','Agarwal','Uttar Pardesh','Agra','','','Narayani Hospital, Madia Katra, Near Petrol Pump','9358380847',''),(385,'Manpreet','Sharma','Uttar Pardesh','Agra','','','Sharma Maternity And Nursing Home, 132 Jaipur House','9319102069',''),(386,'Meenal','Jain','Uttar Pardesh','Agra','','','Chandra Orthopedic & Mat. Centre, 1/98 Professor Colony,Civil Lines','9319053303',''),(387,'Mithlesh','Shakya','Uttar Pardesh','Agra','','','Shakya Nursing Home, 14/9 Saket Colony Road, New Shahganj','NULL',''),(388,'Narena','Malhotra','Uttar Pardesh','Agra','','','Malhotra Nursing & Maternity Home, 84 M.G. Road, Near Subhash Park','9837033335',''),(389,'Neelam','Suri','Uttar Pardesh','Agra','','','Suri Maternity Centre, 275-76 Jaipur House, Near SBI','NULL',''),(390,'Nidhi','Gupta','Uttar Pardesh','Agra','','','Vimal Medicare Centre, 65 Alka Puri, Pratap Nagar','NULL',''),(391,'Raj Bala','Singhal','Uttar Pardesh','Agra','','','Sukh Devi Hospital, 42/242 Madia Katra, Opp. Pertol Pump','9997145503',''),(392,'Rekha','Gupta','Uttar Pardesh','Agra','','','Mahajan Hospital, 146 Jaipur House','9927009944',''),(393,'Renu',' Chawla','Uttar Pardesh','Agra','','','Chawla Nursing Home, 13/203a Mandi Sayeed Khan, Ghatia','NULL',''),(394,'Shanu','Agarwal','Uttar Pardesh','Agra','','','B.M Mother And Child Care Centre, 73 Alka Puri, Pratap Nagar Crossing','9412164248',''),(395,'Sharmila',' Panjwani','Uttar Pardesh','Agra','','','Panjwani Clinic, 241 Church Road Near St. Paul School, Bagh Farzana','9837056434',''),(396,'Shashi','Gupta','Uttar Pardesh','Agra','','','Jai Devi Hospital & Research Centre, Delhi Gate, Madia  Katra Road','NULL',''),(397,'Shubha','Agarwal','Uttar Pardesh','Agra','','','Dr. Atul Kumar Verma Clinic,J.P Hospital, Dhakran Crossing, M.G. Road','9319031975',''),(398,'Sonal','Goyal','Uttar Pardesh','Agra','','','Mahila Clinic & Maternity Home, 10/60 Katra Madari Khan','NULL',''),(399,'Sudha','Bansal','Uttar Pardesh','Agra','','','Bansal Nursing & Maternity Home, 70/a M.G. Road','9358505778',''),(400,'Sudha',' Mittal','Uttar Pardesh','Agra','','','Pramod Mittal Clinic, 17/253 Bagchi Bhawan, Chili Int Road, Ghatia','NULL',''),(401,'Sunita',' Bhagiya','Uttar Pardesh','Agra','','','Clinic, 4/4 Bagh Farzana, M.G. Road','9837041787',''),(402,'Versha','Gautam','Uttar Pardesh','Agra','','','Versha Hospital, 5/79 Madia Katra Near Petrol Pump, Billochpura','9837791612',''),(403,'Hema','Sadana','Uttar Pardesh','Agra','','','Ashwani Hospital, H-94 HIG Flats, Near Water Works Crossing','9837369975',''),(404,'Rinju','Sharma','Uttar Pardesh','Agra','','','Carewell Hospital, A-8 Type Rambagh','9897683333',''),(405,'Vandana','Singhal','Uttar Pardesh','Agra','','','Vandana Nursing Home & Research Centre Pvt. Ltd.','9837045200',''),(406,'Abhilasha','Prakash','Uttar Pardesh','Agra','','','Pulia','NULL',''),(407,'Amita','Mangal','Uttar Pardesh','Agra','','','Sitaram Heart Care & Maternity Research Centre, D-242 Kamla Nagar','NULL',''),(408,'Dayal Pyari','Goyal','Uttar Pardesh','Agra','','','Saran Ashram Hospital(Charitable) New Agra Road, Dayal Bagh','9837350777',''),(409,'Geetika','Goyal','Uttar Pardesh','Agra','','','Goyal Clinic, Kamla Nagar, Near By Pass','9358189388',''),(410,'Janak','Tandon','Uttar Pardesh','Agra','','','Janak Tandon Nursing & Maternity Home, E-35 Kamla Nagar','9837214514',''),(411,'Kavita','Bhatnagar','Uttar Pardesh','Agra','','','Balaji Hospital & Maternity Centre, Kamla Nagar Bye Pass','9837150280',''),(412,'Kusum','Kunte','Uttar Pardesh','Agra','','','Kunte Nursing & Maternity Home, E-54 New Agra Colony','NULL',''),(413,'Neelam','Benara','Uttar Pardesh','Agra','','','Benara Hospital And Maternity Home, G-25 Kamla Nagar','9412425677',''),(414,'Padma','Vishwani','Uttar Pardesh','Agra','','','Vishwani Hospital, E-33 ,Kamla Nagar','9927973311',''),(415,'Pratima',' Gupta','Uttar Pardesh','Agra','','','Vivekanand Hospital, Near Water Works, Mandir Road Balkeshwar','9412168000',''),(416,'Puneeta','Asopa','Uttar Pardesh','Agra','','','Asopa Hospital and Research Centre, Gailana Road, T.P. Nagar','NULL',''),(417,'Ragini','Singh','Uttar Pardesh','Agra','','','Shanti Hospital, 102 Rajeev Nagar, Hindi Kendra Sansthan','NULL',''),(418,'Rajani',' Gupta','Uttar Pardesh','Agra','','','Sarthak Nursing Home, G-23 Kamla Nagar','9837067939',''),(419,'Rajni','Pachouri','Uttar Pardesh','Agra','','','Ravi Hospital (Fortis) Hospital, Delhi Mathura Road','9927700747',''),(420,'Rashmi','Singhal','Uttar Pardesh','Agra','','','Rashmi Medircare centre mughal road, vasant vihar kamla nagar','9319969017',''),(421,'Sarita','Mittal','Uttar Pardesh','Agra','','','Sarita Medicare Centre & Mat. Home, A-534 Kamla Nagar','NULL',''),(422,'Shalini Ranjan','Gupta','Uttar Pardesh','Agra','','','Devanshi Clinic, H-16 HIG Flats, Bye Pass Road','9997300267',''),(423,'Sheilly','Singh','Uttar Pardesh','Agra','','','Lady Lyall Hospital, E351 Kamla Nagar','9412721659',''),(424,'Shikha',' Gupta','Uttar Pardesh','Agra','','','New Agra Hospital, E-48 Dayal Bagh Road','NULL',''),(425,'Sonal','Gupta','Uttar Pardesh','Agra','','','Ojas  Hospital, E-8 Kamla Nagar, Tanki Road','9837002596',''),(426,'Sudha','Gupta','Uttar Pardesh','Agra','','','Shyam lal nursing home, E-19 Kamla Nagar','9358248401',''),(427,'Sushma','Gupta','Uttar Pardesh','Agra','','','Kusum Gupta Nursing Home Pvt. Ltd. 2/16 Swadeshi Beema Nagar','9319104457',''),(428,'Usha','Khanna','Uttar Pardesh','Agra','','','Saran Ashram Hospital (Charitable), New Agra Road, Dayal Bagh','9897137481',''),(429,'Vinita','Taneja','Uttar Pardesh','Agra','','','Amrit Nursing Home, A-10 Indira Puri','NULL',''),(430,'Alka','Sen','Uttar Pardesh','Agra','','','Sen Maternity And Eye Hospital Pvt. Ltd., 44 Gajanan Nagar','NULL',''),(431,'Anjal','i Singh','Uttar Pardesh','Agra','','','Ganesh Nursing Home, 79 Defence Estate, Phase-2, Deori Road','NULL',''),(432,'Anjali','Vohra','Uttar Pardesh','Agra','','','Vohra Nursing Home, 4 Laxman Nagar, Kheria Road','NULL',''),(433,'Anjana','Arora','Uttar Pardesh','Agra','','','Anjana Arora Nursing Home, Bundukatra, Gwalior Rd.','NULL',''),(434,'Anjana',' Sharma','Uttar Pardesh','Agra','','','Navjeevan Hospital & Research Centre, Jangjeet Nagar','9897358625',''),(435,'Anju',' Sharma','Uttar Pardesh','Agra','','','Lotus Hospital Diwani Road , M.G. Road , Agra','9837014735',''),(436,'Arti',' Sharma','Uttar Pardesh','Agra','','','Arti Manoj Hospital, Gole Market Rajpur Chungi, Shamshabad Road','NULL',''),(437,'Asha',' Aanand','Uttar Pardesh','Agra','','','Hari Vishan Medical Care, Ukhrra Road, Sheed Nagar','9411205633',''),(438,'Chhaya','Gupta','Uttar Pardesh','Agra','','','Merry Gold Hospital, Sewla','9927091285',''),(439,'Deepa','Gupta','Uttar Pardesh','Agra','','','clinic,bhagwan talkies. , behind balvant lodge,M.G.road','NULL',''),(440,'Garima','Trivedi','Uttar Pardesh','Agra','','','Garima Nursing & Maternity Clinic, Shaheed Nagar, Shamsabad Road','NULL',''),(441,'Gayatri','Gupta','Uttar Pardesh','Agra','','','Vijay Nagar Hospital, 45-Old Vijay Nagar Colony, M.G. Road','9897280456',''),(442,'Mamta','Shukla','Uttar Pardesh','Agra','','','Shukla Nursing Home, 3/1E Pratap Pura','9837049482',''),(443,'Neeraj','Pathak','Uttar Pardesh','Agra','','','Mishra Hospital, Madhu Nagar, Gwalior Road, Cantt','9259094496',''),(444,'Neeta','Chivate','Uttar Pardesh','Agra','','','Chivate Hospital, Ajeet Nagar','9259634531',''),(445,'Nirmal','Chopra','Uttar Pardesh','Agra','','','Chopra Nursing And Maternity, Gurudwara Road, Sadar','9359488842',''),(446,'Preeti','Mishra','Uttar Pardesh','Agra','','','Mishra Hospital, Madhu Nagar,Gwalior Road, Cantt.','NULL',''),(447,'Preeti',' Saraswat','Uttar Pardesh','Agra','','','Saraswat Maternity Clinic, Arjun Nagar, Tiraha VIP Road','NULL',''),(448,'Rajani',' Dixit','Uttar Pardesh','Agra','','','Vaijanti Hospital, 175 Shabzi Mandi, Shaheed Nagar','9756206085',''),(449,'Raj','NULL','Uttar Pardesh','Agra','','','Cantt. Hospital, Sadar Bazar','9756271793',''),(450,'Ram',' Goel','Uttar Pardesh','Agra','','','Agra Hospital Maternity & Nursing Home & Ultrasound, Old Vijay Nagar Colony','NULL',''),(451,'Rekha','Sabnani','Uttar Pardesh','Agra','','','City Hospital, 71 C.O.D. Colony, Saket Colony','9410008421',''),(452,'Renuka','Mittal','Uttar Pardesh','Agra','','','Mittal Hospital, 3 Adarsh Nagar, Arjun Nagar','NULL',''),(453,'Savita','Tyagi','Uttar Pardesh','Agra','','','Ishwar Nursing Home Surgical & Maternity Centre, 261 Defence Estate, Phase-2','NULL',''),(454,'Shalini','Gupta','Uttar Pardesh','Agra','','','Om Laxmi Hospital, Shaheed Nagar','9359845953',''),(455,'Shraddha',' Mishra','Uttar Pardesh','Agra','','','Mishra Hospital, 1-R.K Puram Tajnagri','NULL',''),(456,'Sudha','Agarwal','Uttar Pardesh','Agra','','','G.K. Hospital, 230 Defence State, Deori Road','9456240605',''),(457,'Sunita','Shiromani','Uttar Pardesh','Agra','','','Shiromani Hospital, 19 Ajmer Road, Latakunj, Balooganj','NULL',''),(458,'Anupma',' Sharma','Uttar Pardesh','Agra','','','Navdeep Hospital & Research Centre, 65 Saket Colony, Shahganj','9219660008',''),(459,'Ila','Kishore','Uttar Pardesh','Agra','','','Shail Bala Memorial Clinic, 32 Jaipur House Market, Shahganj','9412560023',''),(460,'Jyotsna','Jain','Uttar Pardesh','Agra','','','Jyoti Vikas Nursing Home, 18 New Govind Nagar, Saket Colony','9837125125',''),(461,'Kahkashan',' Khalid Khan','Uttar Pardesh','Agra','','','Public Welfare Hospital, HIG-9A, Indira Puram, Shamshabad Road','NULL',''),(462,'Nidhi','Dixit','Uttar Pardesh','Agra','','','Bodla Hospital, Opp. Beedha Mandir Bodla','NULL',''),(463,'Ranjana','Gupta','Uttar Pardesh','Agra','','','Sikandra Hospital, 40 Laxmi Nagar, Sikandra Bodla Road','NULL',''),(464,'Rekha','Tandon','Uttar Pardesh','Agra','','','Singh Clinic & Maternity Home, Naubasta Lohamandi, Bodla Road','NULL',''),(465,'Renu','Sharma','Uttar Pardesh','Agra','','','Bindra Devi Nursing Home, Bodla Sikandara Road','8445183677',''),(466,'Sangeeta',' Chaturvedi','Uttar Pardesh','Agra','','','Sangeeta Mother & Child Health Care Centre, Pachim Puri, Sikandra','NULL',''),(467,'Sangeeta','Malhotra','Uttar Pardesh','Agra','','','Vardan Nursing Home, 24, Maruti Estate, Bodla Road','9412652542',''),(468,'Suman','Bansal','Uttar Pardesh','Agra','','','Shri Ram Nursing & Maternity Home, 212 Manas Nagar, Bodla Road','NULL',''),(469,'Suman',' Gupta','Uttar Pardesh','Agra','','','Suman Hospital, Sector 9, Sikandra','9917188835',''),(470,'Suman','Jain','Uttar Pardesh','Agra','','','Shri Mahaveer Nursing Home, 100\" Road, Shahganj','NULL',''),(471,'Vibha','Gupta','Uttar Pardesh','Agra','','','Pushpam Mother & Child Care Centre, 18 Janak Puri, New Shah Ganj','9219889869',''),(472,'Sangeeta','bansal','Uttar Pardesh','Agra','','','Bansal Nursing & Maternity Home, Chanakya puram pratapura,M.G. road','NULL',''),(473,'Sonal','Bhardwaj','Uttar Pardesh','Agra','','','Malhotra Nursing & Maternity Home, 84 M.G. Road, Near Subhash Park','NULL',''),(474,'kshitij','murdia','Uttar Pardesh','Agra','','','Malhotra Nursing & Maternity Home, 84 M.G. Road, Near Subhash Park','NULL',''),(475,'NIMISHA',' KHANNA','Uttar Pardesh','Agra','','','saran hospital new Agra dayalbagh.','9760178081',''),(476,'SHALINI','GUPTA','Uttar Pardesh','Agra','','','SIKANDRA HOSPITAL, 40,laxmi nagar, SIKANDARA','9258783190',''),(477,'ANJU',' SHARMA','Uttar Pardesh','Agra','','','DHAKRAN CROSSING, M G ROAD, Agra','9897697921',''),(478,'ANUPAM','GUPTA','Uttar Pardesh','Agra','','','DR KUSUM GUPTA NURS HOME PVT LTD, 216SWADESHI BEEMA NAGAR, M G ROAD, Agra','9837030831',''),(479,'Hema','Arora','Uttar Pardesh','Agra','','','Astha Nursing And Meternity Home, Arjun Nagar,Agra','9837420965',''),(480,'Neelam',' Rawat','Uttar Pardesh','Agra','','','Rawat nursing home, Arjun Nagar , Agra','9997015060',''),(481,'Geeta','thakur','Uttar Pardesh','KANPUR','','','119/133 sharma bhavan bamba road','9235553331',''),(482,'manjeet','kaur Saluja','Uttar Pardesh','KANPUR','','','eves clinic,118/572kaushalpuri gumti no5','9838578600',''),(483,'manjeet','kaur','Uttar Pardesh','KANPUR','','','gumti no5 kanpur','NULL',''),(484,'s','k Juneja','Uttar Pardesh','KANPUR','','','gumti no5 kanpur','NULL',''),(485,'R','N Tripathi','Uttar Pardesh','KANPUR','','','girija medical centre,148 b panki road','9415126710',''),(486,'Renu','singh','Uttar Pardesh','KANPUR','','',' 254 panki road(near gas godown)','9839034303',''),(487,'shila','sharma','Uttar Pardesh','KANPUR','','','swagat market panki road kalyanpur','9415129521',''),(488,'Kavita','gulati','Uttar Pardesh','KANPUR','','','40 b pawan market panki road kalyanpur','9415050631',''),(489,'neera','dixit','Uttar Pardesh','KANPUR','','','c-15 new azad nagar','NULL',''),(490,'madhu','saxena','Uttar Pardesh','KANPUR','','','252 panki road kalyanpur kanpur','9839102177',''),(491,'reshma','nigam','Uttar Pardesh','KANPUR','','','priti nurshing home,104 a/369 rambag 80 fit road   kanpur','9451021818',''),(492,'purnima','dixit','Uttar Pardesh','KANPUR','','','110/231 jawahar nagar kanpur','NULL',''),(493,'Sarojani','Chaudhari','Uttar Pardesh','KANPUR','','','Nav yug nurshing home,107/264 brahama nagar kanpur','NULL',''),(494,'lata','Agarwal','Uttar Pardesh','KANPUR','','','104 a/228 p.road kanpur','9450139052',''),(495,'navtej','sharma','Uttar Pardesh','KANPUR','','','p. road kanpur','NULL',''),(496,'sumita','nigam','Uttar Pardesh','KANPUR','','','106/1 gandhi nagar kanpur','NULL',''),(497,'gauri','taneja','Uttar Pardesh','KANPUR','','','mother and child clinic,106/303 p.road kanpur','9839030953',''),(498,'aneeta','shukla Tiwari','Uttar Pardesh','KANPUR','','','chandra market balkhandeshwar','9839038398',''),(499,'Reema','shukla','Uttar Pardesh','KANPUR','','','117/n/304 tulsi nagar','9415051811',''),(500,'shaily','Agarwal','Uttar Pardesh','KANPUR','','','shastri nagar','9415368683',''),(501,'Madhu','kumar','Uttar Pardesh','KANPUR','','','ram kali nurshing home,117/h-2/184 pandu nagar','9839067389',''),(502,'manjeet','kaur','Uttar Pardesh','KANPUR','','','near deviki cinema kakadev','NULL',''),(503,'anju','gahalaut','Uttar Pardesh','KANPUR','','','Dr. Atul Kumar Verma Clinic,rawatpur village kanpur','NULL',''),(504,'vandita','sharma','Uttar Pardesh','KANPUR','','','187 namak factory chauraha','NULL',''),(505,'neelam','mishra','Uttar Pardesh','KANPUR','','','shivani clinic,shivaji nagar','NULL',''),(506,'ranjana','singh','Uttar Pardesh','KANPUR','','','117/m/152 kakadeo','NULL',''),(507,'Neena','gupta','Uttar Pardesh','KANPUR','','','metro hospital,10 a lakhanpur (gurdev palace)','9415134428',''),(508,'Leena','singh ','Uttar Pardesh','KANPUR','','','106 new civil lines(behind gurdev cinema)','9415476112',''),(509,'arti','pandey','Uttar Pardesh','KANPUR','','','70 cjageshwar road azad nagar','NULL',''),(510,'seema','dwivedi','Uttar Pardesh','KANPUR','','','77a sharda nagar gumti no9','NULL',''),(511,'bhavana','bansal','Uttar Pardesh','KANPUR','','','zoo road vikas nagar','9839035906',''),(512,'Ritu','Budhwar','Uttar Pardesh','KANPUR','','','8/227 arya nagar','9839032874',''),(513,'pratibha','rohatgi','Uttar Pardesh','KANPUR','','','abha nurshing home,10/503 ballangang tilak nagar','9415044770',''),(514,'neena','singh','Uttar Pardesh','KANPUR','','','8/45 arya nagar kanpur','9415043752',''),(515,'deepti','gupta','Uttar Pardesh','KANPUR','','','halsy road','NULL',''),(516,'rekha','Agarwal','Uttar Pardesh','KANPUR','','','20/120 patakapur kanpur','NULL',''),(517,'Rinki','Chaudhari','Uttar Pardesh','KANPUR','','','37/52 gilis bazar shiwala road','9839709648',''),(518,'uma','chaurasia','Uttar Pardesh','KANPUR','','','mohan hospital ghantaghar','9450936897',''),(519,'karuna','bhaskar','Uttar Pardesh','KANPUR','','','22/1 dwarika dhish road kanpur','NULL',''),(520,'Shruti','gupta','Uttar Pardesh','KANPUR','','','3/160 shri nath dham vishnupuri,rainbow clinic','9336127422',''),(521,'shikha','Bhargava','Uttar Pardesh','KANPUR','','','azad nagar kanpur','9336219397',''),(522,'abha','mishra','Uttar Pardesh','KANPUR','','','shopn3 deep chand park vishnu puri','NULL',''),(523,'sangeeta','sarswat','Uttar Pardesh','KANPUR','','','3a /60 azad nagar kanpur','NULL',''),(524,'priya','Agarwal','Uttar Pardesh','KANPUR','','','130/271 a baghai kidwainagar','9839186187',''),(525,'renu','gupta','Uttar Pardesh','KANPUR','','','496,y1 kidwai nagar kanpur','NULL',''),(526,'dipti','nigam','Uttar Pardesh','KANPUR','','','632/21/1 kidwai nagar,param hans poly clinic','9415042822',''),(527,'preeti','nigam','Uttar Pardesh','KANPUR','','','186 m kidwai nagar','NULL',''),(528,'kanchan','mala','Uttar Pardesh','KANPUR','','','128/12 k block hamirpur road kidwai nagar','NULL',''),(529,'sunita','singh','Uttar Pardesh','KANPUR','','','81-w2 vivek vihar barra kanpur','NULL',''),(530,'nidhi','bhatnagar','Uttar Pardesh','KANPUR','','','1,2,raja market thakur complex karai road barra by pass','9415129560',''),(531,'sharmili','oberai','Uttar Pardesh','KANPUR','','','9-l-1 dwali(near drga mandir lane)ratan lal nagar','9839024969',''),(532,'kanchan','sharma','Uttar Pardesh','KANPUR','','','127/681 AW1 Saket Nagar , Kanpur ','9336347596',''),(533,'satea','lamba','Uttar Pardesh','KANPUR','','','124a/195 ramlila ground govind govind nagar,hari hospital','NULL',''),(534,'neeru','pandey','Uttar Pardesh','KANPUR','','','54-l (nirankari chauraha) govind nagar','9415133576',''),(535,'rekha','gupta','Uttar Pardesh','KANPUR','','','w-1/453 saket nagar kanpur,sanjeevani hospitaland matrenity home','NULL',''),(536,'meena','saxena','Uttar Pardesh','KANPUR','','','475 bayu vihar harjendra nagar kanpur,sugandha nurshing home','NULL',''),(537,'karuna','dey','Uttar Pardesh','KANPUR','','','491,kazi khera lalbunglaw,dey maternity and nurshing home','NULL',''),(538,'kiran','kohali','Uttar Pardesh','KANPUR','','','2/9harjinder nagar kanpur','NULL',''),(539,'kiran','pandey','Uttar Pardesh','KANPUR','','','230 wig market harjender nagar','NULL',''),(540,'Rmita','Chaudhari','Uttar Pardesh','KANPUR','','','saral nurshing home kanpur','NULL',''),(541,'hemlata','saxena','Uttar Pardesh','KANPUR','','','T.R. HOSPITAL,triveni nagar cantt  kanpur','NULL',''),(542,'sc','gupta','Uttar Pardesh','KANPUR','','','110 harding road meerpur cantt(opp.central bank)','NULL',''),(543,'renu','gangwar','Uttar Pardesh','KANPUR','','','meer our cantt','NULL',''),(544,'neena','layall','Uttar Pardesh','KANPUR','','','st.catherin hospital,63/8 m.g. marg kanpur','NULL',''),(545,'asha','gupta','Uttar Pardesh','KANPUR','','','7/105,c-8 swaroop nagar kanpur','NULL',''),(546,'sapana','mehrotra','Uttar Pardesh','KANPUR','','','22/88 a pheel khana road kanpur','NULL',''),(547,'kshama','shukla','Uttar Pardesh','KANPUR','','','24/73 kishori niwas birhana road','NULL',''),(548,'kavita','mishra','Uttar Pardesh','KANPUR','','','27/37 karachi khana kanpur','NULL',''),(549,'kalpana','singh','Uttar Pardesh','KANPUR','','','58/5 birhana road kanpur','NULL',''),(550,'rashmi','sahai','Uttar Pardesh','KANPUR','','','sahai clinic,12/93 gwal toli ','NULL',''),(551,'lucy','chang','Uttar Pardesh','KANPUR','','','24,gwaltoli kanpur','NULL',''),(552,'nidhi','singhvi','Uttar Pardesh','KANPUR','','','602,chitrakoot apartment,7/29 tilak nagar','9935864200',''),(553,'neerja','katiyar','Uttar Pardesh','KANPUR','','','27 sky lark building chunnigang','9415134392',''),(554,'Nusrat','Ahmad','Uttar Pardesh','KANPUR','','','rizvi road phoolbali gali kanpur','NULL',''),(555,'sonal','mishra','Uttar Pardesh','KANPUR','','','13 meerpur cantt','9935613086',''),(556,'richa','bhalla','Uttar Pardesh','KANPUR','','','24/46 birhana road','NULL',''),(557,'alka','garg','Uttar Pardesh','KANPUR','','','bhall medical center,148 c panki road','9336128066',''),(558,'gunjan','pathak','Uttar Pardesh','KANPUR','','','zuhi depot croosing','9415134401',''),(559,'shakuntala','kushwaha','Uttar Pardesh','KANPUR','','','105/568 shree nagar','9305393462',''),(560,'manisha','nigam','Uttar Pardesh','KANPUR','','','shanti nurshing home,barra  2','NULL',''),(561,'manju','pandey','Uttar Pardesh','KANPUR','','','p 40 yashoda nagar','NULL',''),(562,'anjum','gupta','Uttar Pardesh','KANPUR','','','86/326 dev nagar','9839052243',''),(563,'archana','pandey','Uttar Pardesh','KANPUR','','','b 101 h 2 kidwai nagar','9450936029',''),(564,'vandana','gupta','Uttar Pardesh','KANPUR','','','shivpuri chhapera pulia','NULL',''),(565,'manisha','shukla','Uttar Pardesh','KANPUR','','','127/1/17 w1 saket nagar','NULL',''),(566,'sazia','usmani','Uttar Pardesh','KANPUR','','','mother care center,8 meerpur cantt','NULL',''),(567,'asha','vrma','Uttar Pardesh','KANPUR','','','chandra medical center,c -1/13 world bank barra','NULL',''),(568,'aparna','saxena','Uttar Pardesh','KANPUR','','','panki road','NULL',''),(569,'O','P Mishra','Uttar Pardesh','KANPUR','','','SHIKHA MEDICAL CENTER,N-18 KESHWPURAM AWAS VIKAS NO1','9415128865',''),(570,'MANJU','BANSAL','Uttar Pardesh','KANPUR','','','E.S.I. HOSPITAL,37 ANNAND,MOTI BIHAR ARVODYA NAGAR','9450150777',''),(571,'SUNITA','BHATNAGAR','Uttar Pardesh','KANPUR','','','M.I.G 68 RATANLAL NAGAR(NEAR PETROL PUMP)','9839032528',''),(572,'KAMAL','SETH','Uttar Pardesh','KANPUR','','','605SHRASTI APARTMENTS PARWATI BUNGLAWA ROAD','9935551555',''),(573,'BABITA','YADAV','Uttar Pardesh','KANPUR','','','17/119 M BLOCK KAKADEV RAWATPUR GAUV','9450128685',''),(574,'GEETA','YADAV','Uttar Pardesh','KANPUR','','','DUFFRIN HOSPITAL,URSHALA H.M.A HOSPITAL BADA CHAURAHA KANPUR','9236081517',''),(575,'NIDHI','NIGAM','Uttar Pardesh','KANPUR','','','PARIWAR SEWA CLINC,LANINE PARK, P. ROAD','9451539938',''),(576,'SANGEETA','SRIVASTAV','Uttar Pardesh','KANPUR','','','SEWAGRAM COLONY,DADA NAGAR','9336210944',''),(577,'AMITA','TIWARI','Uttar Pardesh','KANPUR','','','ST. CATHERINE HOSPITAL','9307343567',''),(578,'RUPAM','SRIVASTAV','Uttar Pardesh','KANPUR','','','KALI MATHIYA CHAURAHA','9838774716',''),(579,'NEETI','SEHGAL','Uttar Pardesh','KANPUR','','','80 FEET ROAD','9415405463',''),(580,'USHA','SWAROOP','Uttar Pardesh','KANPUR','','','SWROOP NURSING HOME,LAL IMLY,CIVIL LINES','9451878322',''),(581,'SWATI','SWAROOP','Uttar Pardesh','KANPUR','','','SWROOP NURSING HOME,LAL IMLY,CIVIL LINES','9451878322',''),(582,'SWAPNA','SWAROOP','Uttar Pardesh','KANPUR','','','CARE SURGICAL CENTRE,JAWAHAR NG.','9236582659',''),(583,'ABHA','SINGH','Uttar Pardesh','ALLAHABAD','','','VIJAY MEMORIAL HOSPITAL,285 BHS LABOUR CHOURAHA','9450505021',''),(584,'ABHILASHA','CHATURAVEDI','Uttar Pardesh','ALLAHABAD','','','ABHILASHA HOSPITAL,111, M.G. MARG','9415216165',''),(585,'ABHILASHA','KUMAR','Uttar Pardesh','ALLAHABAD','','','KUMAR METERNITY,111, MG MARG','9415306119',''),(586,'AMITA','TONDAN','Uttar Pardesh','ALLAHABAD','','','DAYAL HOSPITAL,A-1 NEEM SARAI','9335146585',''),(587,'AMRITA','AGRAHARI','Uttar Pardesh','ALLAHABAD','','','AYUSHI CLINIC,71, BHAGWATI COMPLEX ','9415238233',''),(588,'ANSHOO','GUPTA','Uttar Pardesh','ALLAHABAD','','','ASTHA CLINIC,25-A HASIMPUR ROAD','9335109121',''),(589,'AROTI','GHOSH','Uttar Pardesh','ALLAHABAD','','','GEETANJALI HOSPITAL,G. T. ROAD ','9415248017',''),(590,'BABITA','Agarwal','Uttar Pardesh','ALLAHABAD','','','KAMLA MEMORIYAL HOSPITAL,106A/93-A ZERO ROAD','NULL',''),(591,'CHETNA','BANSAL','Uttar Pardesh','ALLAHABAD','','','SRIJAN POLYCLINIC,31, MUTTHIGANJ','9415033722',''),(592,'KRITIKA','Agarwal','Uttar Pardesh','ALLAHABAD','','','VATSALYA HOSPITAL,6/8 ELGIN ROAD','9415124440',''),(593,'LAXMI','SINGH','Uttar Pardesh','ALLAHABAD','','','LAXMI CLINIC,45/38A,LOWTHER ROAD','9839154855',''),(594,'MANISHA','GOEL','Uttar Pardesh','ALLAHABAD','','','MANISHA MEDICARE,INFRONTOF MUNAUER SHAH MAZAR','9415215732',''),(595,'MANISHA','GUPTA','Uttar Pardesh','ALLAHABAD','','','MANISHA CLINIC,FLAT NO. 29 PANCHSHILA COLONY NAWAB YUSAF ALI ROAD','9451847025',''),(596,'MANJU','Agarwal','Uttar Pardesh','ALLAHABAD','','','AGARWAL CLINIC,1274 KIDWAI NAGAR ','9335152157',''),(597,'MEENA','TAHILIANI','Uttar Pardesh','ALLAHABAD','','','TAHILIANI HOSPITAL,22, ASHOK NAGER','9415216766',''),(598,'MEERA','SINGHAL','Uttar Pardesh','ALLAHABAD','','','PRATIBHA HOSPITAL,109A, J. L. N. ROAD','9335109914',''),(599,'MEERA','Bhargava','Uttar Pardesh','ALLAHABAD','','','AMARDEEP HOSPITAL,17A/22 K.P. KAKKAR ROAD','NULL',''),(600,'NAVNEETA','BENERJEE','Uttar Pardesh','ALLAHABAD','','','KAMLA NEHRU HOSPITAL,HASIMPUR ROAD','9839154890',''),(601,'NEERU','SHAHU','Uttar Pardesh','ALLAHABAD','','','USHA HOSPITAL,111/161/316 TAGORE TOWN ,NEAR KUNDAN GUEST HOUSE','9415649380',''),(602,'NEETA','VERMA','Uttar Pardesh','ALLAHABAD','','','SAKET HOSPITAL,1203 BHS KIDWAI NAGAR','NULL',''),(603,'NIVEDITA','SAMANT','Uttar Pardesh','ALLAHABAD','','','SAMANT CLINIC,1-CY CHINTAMANI ROAD DARBANGA','9451843403',''),(604,'PRATIBHA','BHUSAN','Uttar Pardesh','ALLAHABAD','','','DUA NURSING HOME,189-A PREETAM NAGAR ','9453011935',''),(605,'PREETI','SRIVASTAVA','Uttar Pardesh','ALLAHABAD','','','Dr. Atul Kumar Verma Clinic,C-554 KARELI','9415310032',''),(606,'PUSHPA','PAL','Uttar Pardesh','ALLAHABAD','','','PRIYA HOSPITAL,19-B/1 KANHAIPUR MORE','9415217389',''),(607,'RANJANA','KHANNA','Uttar Pardesh','ALLAHABAD','','','RANJANA HOSPITAL,13-B BACK SIDE OF CHANRALOK CINEMA HALL','9335106867',''),(608,'RANJANA','SINGH','Uttar Pardesh','ALLAHABAD','','','RANJANA CLINIC,1047 MEERAPUR ','9335168682',''),(609,'REKHA','SRIVASTAVA','Uttar Pardesh','ALLAHABAD','','','J.P.MEMORIAL HOSPITAL,58 M.G. MARG','-',''),(610,'RITU','KAPOOR','Uttar Pardesh','ALLAHABAD','','','KAPOOR CLINIC,8-A ELGIN ROAD','9335128505',''),(611,'SADIYA','ASHRAF','Uttar Pardesh','ALLAHABAD','','','HAYAT HOSPITAL,ARAIL MORE NAINI','9319057523',''),(612,'SARITA','Bhargava','Uttar Pardesh','ALLAHABAD','','','JAWAHAR HOSPITAL,46/67 LUKERGANJ','9450661083',''),(613,'SABITA','Agarwal','Uttar Pardesh','ALLAHABAD','','','SRIJAN HOSPITAL,8/1/6 ELGIN ROAD','9335596465',''),(614,'SAFIA','SUHAIL','Uttar Pardesh','ALLAHABAD','','','CITY NURSING HOME,21 MINHAZPUR','9415338678',''),(615,'SAHIDA','HASMAT','Uttar Pardesh','ALLAHABAD','','','ALLAHABAD NURSING HOME,29 CLIVE ROAD','-',''),(616,'SHALINI','PANDE','Uttar Pardesh','ALLAHABAD','','','STONI CENTRE,2/2 RAMBAGH','9792091751',''),(617,'SHANTA','GUJARATI','Uttar Pardesh','ALLAHABAD','','','SANTA GUJRATI CLINIC, RAM MOHAN PLAZA,KATRA','9415235529',''),(618,'SHARDA','SAREEN','Uttar Pardesh','ALLAHABAD','','','SAREEN CLINIC,192 ATTARSUIYA','9415340464',''),(619,'SMITA','KAMRA','Uttar Pardesh','ALLAHABAD','','','ADITI CLINIC/NAZRETH HOSPITAL ,55B LOWTHER ROAD','9452141739',''),(620,'SMITA','SRIVASTAVA','Uttar Pardesh','ALLAHABAD','','','SHEHA CLINIC,32/76D/ MUIR ROAD YOGANDRAPURI COLONY ASHOK NAGER','9935213905',''),(621,'SUDHA','SAXENA','Uttar Pardesh','ALLAHABAD','','','SANJEEVANI MEDICAL CENTER,RAJAPUR MYOR ROAD','9935499389',''),(622,'SUJITA','SINGH','Uttar Pardesh','ALLAHABAD','','','HARSH CLINIC & MATERNITY HOME, BEHIND P.A.C COLONY NAINI','9628013340',''),(623,'UMA','JAISWAL','Uttar Pardesh','ALLAHABAD','','','SAKUNTALA HOSPITAL,3-B TASKAND ROAD','9839970922',''),(624,'URVASHI','SINGH','Uttar Pardesh','ALLAHABAD','','','CHIRANJEEV HOSPITAL,MADWAPUR NEAR NAINI NEW BRIGE','9415616380',''),(625,'VAISHALI','SAXENA','Uttar Pardesh','ALLAHABAD','','','YASH HOSPITAL,8-B ELGIN ROAD','9889767555',''),(626,'ZEBA','BARI','Uttar Pardesh','ALLAHABAD','','','SIMRAH MATERNITY ,CC-20 BESIDE HDFC BANK G.T .B. NAGAR KARELI','9235669459',''),(627,'SAIBITA','DIXIT','Uttar Pardesh','ALLAHABAD','','','DIXIT CLINIC,50 MIG PREETAM NAGAR','9336121208',''),(628,'MANJU','VERMA','Uttar Pardesh','ALLAHABAD','','','VERMA CLINIC ( RESIDENCE),29 C. Y. CHINTAMANI ROAD','9415217579',''),(629,'INAJEET','PERHAR','Uttar Pardesh','ALLAHABAD','','','KAMLA NEHRU HOSPITAL,HASIMPUR ROAD','NULL',''),(630,'KAVITA','LAL','Uttar Pardesh','ALLAHABAD','','','J.P.MEMORIAL HOSPITAL,58 M.G. MARG','-',''),(631,'RITU','SINHA','Uttar Pardesh','ALLAHABAD','','','DWARIKA HOSPITAL,5/4 K.P. KAKKAR ROAD','9415324222',''),(632,'RITA','SHUKLA','Uttar Pardesh','ALLAHABAD','','','S.R.N.HOSPITAL, P-2, MEDICAL COLLEGE','NULL',''),(633,'B','SINHA','Uttar Pardesh','ALLAHABAD','','','ASHWINI HOSPITAL,45/14 H.I.G., JHUSI','9415237931',''),(634,'LEENA','SINGH','Uttar Pardesh','ALLAHABAD','','','SHARAIYA METERNITY HOME,18/4,ELGIN ROAD,NEAR-HEARTLINE HOSPITAL','9450404593',''),(635,'NEENA','MISHRA','Uttar Pardesh','ALLAHABAD','','','DISTRICT WOMEN HOSPITAL','9415216091',''),(636,'MANISHA','GUPTA','Uttar Pardesh','ALLAHABAD','','','DISTRICT WOMEN HOSPITAL','9415351180',''),(637,'P','PAL','Uttar Pardesh','ALLAHABAD','','','DISTRICT WOMEN HOSPITAL','9451375220',''),(638,'SANGEETA','KHARE','Uttar Pardesh','ALLAHABAD','','','KAMLA NEHRU HOSPITAL,HASIMPUR ROAD','9415217692',''),(639,'PRITIMA','CHAUDHARY','Uttar Pardesh','ALLAHABAD','','','LAXMI CLINIC,SULEM SARAI','9450505098',''),(640,'ASHA','JAISWAL','Uttar Pardesh','ALLAHABAD','','','DAVESH NURSING HOME,SHAHGANJ,CHOUK','9415650855',''),(641,'ANJALI','DANG','Uttar Pardesh','ALLAHABAD','','','MANU MEMORIAL HOSPITAL,1090,MEERAPUR','9235907800',''),(642,'RAGINI','MEHROTRA','Uttar Pardesh','ALLAHABAD','','','S.R.N.HOSPITAL','9450591275',''),(643,'NUROOS','HASAN','Uttar Pardesh','ALLAHABAD','','','DISTRICT WOMEN HOSPITAL','9415614041',''),(644,'SMITA','SRIVASTAVA','Uttar Pardesh','NULL','','','SURYA CLINIC/PHONIX HOSPITAL','9305598471',''),(645,'NISHI','MISHRA','Uttar Pardesh','ALLAHABAD','','','DISTRICT WOMEN HOSPITAL','9452658659',''),(646,'KUMKUM','TANDON','Uttar Pardesh','ALLAHABAD','','','RAILWAY HOSPITAL,NAWAB YUSUF ALI ROAD','9794837519',''),(647,'RITU','Agarwal','Uttar Pardesh','ALLAHABAD','','','RAILWAY HOSPITAL,NAWAB YUSUF ALI ROAD','9415351884',''),(648,'KANIKA','KUMAR','Uttar Pardesh','ALLAHABAD','','','GARVITA HOSPITAL,BANK ROAD,KATRA','9415317414',''),(649,'YASODHA','NULL','Uttar Pardesh','ALLAHABAD','','','RAILWAY HOSPITAL,NAWAB YUSUF ALI ROAD','9794837516',''),(650,'ANURADHA','NULL','Uttar Pardesh','ALLAHABAD','','','RAILWAY HOSPITAL,NAWAB YUSUF ALI ROAD','9794835514',''),(651,'POOJA','SINGH','Uttar Pardesh','ALLAHABAD','','','RAJ NURSING HOME,PARK ROAD','8004039783',''),(652,'RAJBALA','GUPTA','Uttar Pardesh','ALLAHABAD','','','GUPTA CLINIC,LUKERGANJ','9450614931',''),(653,'USHA','SINGH','Uttar Pardesh','ALLAHABAD','','','SANJIVANI HOSPITAL,MUIR ROAD','9335149343',''),(654,'RACHNA','GUPTA','Uttar Pardesh','ALLAHABAD','','','E.S.I. HOSPITAL,NAINI','9415368896',''),(655,'POONAM','Agarwal','Uttar Pardesh','ALLAHABAD','','','POONAM HOSPITAL,HIG,ADA COLONEY','9936843021',''),(656,'REENA','SRIVASTAVA','Uttar Pardesh','Gorakhpur','','','KUMAR UPCHAR KENDRA,33,KASIA ROAD,GKP','9415211051',''),(657,'MADHU','GULATI','Uttar Pardesh','Gorakhpur','','','GULATI NURSING HOME,BANK ROAD GKP','9415282119',''),(658,'ANN','EMMANUEL','Uttar Pardesh','Gorakhpur','','','CANDY MATERNITY & SURGICAL CENTRE,BASHARATPUR GKP','9415270790',''),(659,'B','SHARMA','Uttar Pardesh','Gorakhpur','','','SARVOTTAM HOSPITAL,34,B. KASIA ROAD, GKP','9415321374',''),(660,'PRATIBHA','GUPTA','Uttar Pardesh','Gorakhpur','','','SARVANG HOSPITAL,PREMCHAND PARKROAD,GKP','9415210310',''),(661,'ANITA','VAISH','Uttar Pardesh','Gorakhpur','','','VAISH CLINIC,BOBINA,ROAD,GKP','9839658758',''),(662,'RITA','MISHRA','Uttar Pardesh','Gorakhpur','','','PRAGATI NURSING HOME,KURAGHAT,GKP','NULL',''),(663,'CHANDA','GUPTA','Uttar Pardesh','Gorakhpur','','','GUPTA X-RAY & ULTRA SOUND CENTRE,BASHARATPUR GKP','9415244921',''),(664,'ANITA','SHUKLA','Uttar Pardesh','Gorakhpur','','','SANKAR NETRA & MATERNITY CLINIC,NATIONAL HAIWAY,OPPOSITE PETROL PUMP','9839946644',''),(665,'YOGITA','BHATIA','Uttar Pardesh','Gorakhpur','','','MAA VISHNO HOSPITAL,KASIA ROAD,GKP','9838960813',''),(666,'SMITA','MODI','Uttar Pardesh','Gorakhpur','','','SMITA NURSING HOME,AROGYA MANDIR,MEDICAL ROAD,GKP','NULL',''),(667,'ALPANA','Agarwal','Uttar Pardesh','Gorakhpur','','','ANAND LOK HOSPITAL,GORAKHNATH ROAD,GKP','9935037073',''),(668,'ARADHANA','SINGH','Uttar Pardesh','Gorakhpur','','','BRD MEDICAL COLLEGE,MEDICAL ROAD,GKP','9935621962',''),(669,'RUPAM','AGRAHARI','Uttar Pardesh','Gorakhpur','','','J.P.HOSPITAL,HUMAYUNPUR,GKP','9335014576',''),(670,'ANITA','CHANDRA','Uttar Pardesh','Gorakhpur','','','P.C MATERNITY & INFERTILITY CENTRE,GANDHI ASHRAM GALI,GKP','9415294029',''),(671,'MADHUBALA','NULL','Uttar Pardesh','Gorakhpur','','','SHUBHAM UPCHAR KENDRA,HANUMAN MANDIR ROAD ,GKP','9415283168',''),(672,'JAYSHREE','MALL','Uttar Pardesh','Gorakhpur','','','MALL HOSPITAL,BAXIPUR,GKP','9415061330',''),(673,'SONA','GHOSH','Uttar Pardesh','Gorakhpur','','','RANA HOSPITAL,RAIL VIHAR,GKP','9336400872',''),(674,'ARCHANA','GUPTA','Uttar Pardesh','Gorakhpur','','','DR.ARCHANA GUPTA CLINIC,NEAR INDRALOK TAKIES','9415083345',''),(675,'ANITA','KHARE','Uttar Pardesh','Gorakhpur','','','SURAJKUND MAHILA HOSPITAL,SURAJKUND COLONY,GKP','9415212305',''),(676,'PRAKRITI','Agarwal','Uttar Pardesh','Gorakhpur','','','BALAJI HOSPITAL,DURRGABARI ROAD,GKP','941528261',''),(677,'SURHEETA','KAREEM','Uttar Pardesh','Gorakhpur','','','STAR HOSPITAL,BANK ROAD GKP','9415244777',''),(678,'SADHANA','GUPTA','Uttar Pardesh','Gorakhpur','','','Dr. Atul Kumar Verma Clinic,BOBINA,ROAD,GKP','9839614738',''),(679,'SUFIA','ABBASI','Uttar Pardesh','Gorakhpur','','','ABBASI HOSPITAL,7,PARK ROAD,GKP','9415210899',''),(680,'SHIVANI','VERMA','Uttar Pardesh','Gorakhpur','','','CHINNMAYA NURSING HOME,HANUMAN MANDIR ROAD ,GKP','9415283045',''),(681,'YOJANA','Agarwal','Uttar Pardesh','Gorakhpur','','','M.B.SKIN & GYNAE CLINIC,10,PARK ROAD,GKP','9839371507',''),(682,'BABITA','SHUKLA','Uttar Pardesh','Gorakhpur','','','SHUKLA HOSPITAL,HANUMAN MANDIR ROAD ,GKP','9935902480',''),(683,'SAVITA','Agarwal','Uttar Pardesh','Gorakhpur','','','NANGALIA HOSPITAL,NORMAL SCHOOL ROAD,GKP','NULL',''),(684,'PRATIMA','PANDAY','Uttar Pardesh','Gorakhpur','','','SEETALA CARE CENTRE,KALI MANDIR ROAD,GKP','9336425992',''),(685,'ERAM','KHAN','Uttar Pardesh','Gorakhpur','','','ADVANCED MEDICAL CENTRE,ABU BAZAR,GKP','9839508445',''),(686,'PRACHI','SRIVASTAVA','Uttar Pardesh','Gorakhpur','','','DR.PRACHI CLINIC,DURRGABARI ROAD,GKP','9452405300',''),(687,'JAMEELA','AKHTAR','Uttar Pardesh','Gorakhpur','','','J.J.HOSPITAL,HALSIGANJ CHOWK,BASANTPUR ROAD','9415692932',''),(688,'SHALINI','VERMA','Uttar Pardesh','Gorakhpur','','','RAM JANKI HOSPITAL,33,KASIA ROAD,GKP','9236162114',''),(689,'MEENAKSHI','GUPTA','Uttar Pardesh','Gorakhpur','','','ANNAPURNA CHILD &MATERNITY CLINIC,RAIGANJ ROAD,GKP','9336400183',''),(690,'MEETA','Agarwal','Uttar Pardesh','Gorakhpur','','','SRI VINAYAK NURSING HOME,SHAHPUR,GKP','9235865111',''),(691,'SHUBHRA','SINGH','Uttar Pardesh','Gorakhpur','','','GURUKRIPAQ,BETIAHATA,GKP','9415245566',''),(692,'PRITI','JOHRI','Uttar Pardesh','Gorakhpur','','','DR.PREETI JOHRI CLINIC,ASURAN,GKP','9415823023',''),(693,'SHWETA','CHAUDHARY','Uttar Pardesh','Gorakhpur','','','AROGYA NIKETAN,RAIL VIHAR, GKP','9415378848',''),(694,'ANUBHA','GUPTA','Uttar Pardesh','Gorakhpur','','','VARDAYINI HOSPITAL,NATIONAL HAIWAY,GKP','9336413837',''),(695,'SMITA','JAISWAL','Uttar Pardesh','Gorakhpur','','','LIFE LINE CLINIC,KASIA ROAD,GKP','9415339833',''),(696,'AMRITA','JAIPURIA','Uttar Pardesh','Gorakhpur','','','GARG HOSPITAL,GANDHI ASHARAM GALI ,GKP','9415088877',''),(697,'RANJANA','BAGCHI','Uttar Pardesh','Gorakhpur','','','BAGCHI NURSING HOME,SUMER SAGAR ROAD,GKP','9935527144,-99355271',''),(698,'SHEETAL','VERMA','Uttar Pardesh','Gorakhpur','','','PC POLLY CLINIC,CHAR PHATAK ','9415853303',''),(699,'LAKSHMI','SETH','Uttar Pardesh','Gorakhpur','','','GAUTAM PRASUTI GRIH,NEAR TARANG TALKIES,GKP','NULL',''),(700,'SUJOY','MITRA','Uttar Pardesh','Gorakhpur','','','12 AIR FORCE HOSPITAL,AIR FORCE STATION,AKASH VIHAR,GKP','9793477383',''),(701,'SUGANDHA','BHARTI','Uttar Pardesh','Gorakhpur','','','BHARTI HOSPITAL,GANDHI ASHARAM  GALI ,GKP','9336429270',''),(702,'POONAM','TIWARI','Uttar Pardesh','Gorakhpur','','','ADITYA UROLOGY CENTRE,SONOULI ROAD,GKP','9839513882',''),(703,'ANJU','MISHRA','Uttar Pardesh','Gorakhpur','','','PRAGYA HOSPITAL,33. KASIA ROAD, GKP','9839075165',''),(704,'TANU','VERMA','Uttar Pardesh','Gorakhpur','','','N E RAILWAY HOSPITAL,NEAR RAILWAY COLONY','9415608249',''),(705,'Neela','Sharma','Uttar Pardesh','Gorakhpur','','','Gorakhpur Hospital, Near Chatra Sangh Chouraha','9415282463',''),(706,'Renu','Mohan','Uttar Pardesh','Gorakhpur','','','BRD Medical College ','9336422009',''),(707,'Geeta','Gupta','Uttar Pardesh','Gorakhpur','','','Siv Sager Care Centre,BASHARATPUR GKP','9838559449',''),(708,'BABITA','KAPOOR','Uttar Pardesh','Gorakhpur','','','Kapoor Clinic,33. KASIA ROAD, GKP','9452061563',''),(709,'VANI','ADITYA','Uttar Pardesh','Gorakhpur','','','BRD Medical College','9919521195',''),(710,'SIKHA','MUKHIJA','Uttar Pardesh','Gorakhpur','','','MUKHIJA CLINIC,HANUMAN MANDIR ROAD ,GKP','9451462361',''),(711,'RANJANA','DWIVADI','Uttar Pardesh','Gorakhpur','','','Maa Chandravati Hospital,KURAGHAT,GKP','9452977983',''),(712,'ANJALI','GUPTA','Uttar Pardesh','Gorakhpur','','','Jaiswal Hospital,Transport Nagar','9559768898',''),(713,'KUSUM','DUBAY','Uttar Pardesh','Gorakhpur','','','DIST GOV HOSPITAL,TOWN HALL','9450902166',''),(714,'NIDHI','RAI','Uttar Pardesh','Gorakhpur','','','LIFE LINE NURSING  HOME,BASHARATPUR GKP','7379104240',''),(715,'NAJMA','MALIK','Uttar Pardesh','Gorakhpur','','','BHARAT HOSPITAL,AAM BAZAR','9839340423',''),(716,'AKANSHA','SINGH','Uttar Pardesh','Varanasi','','','Dr. Akanksha Singh Clinic,C-4/33, Sarai Goverdhan Chetganj','9415287051',''),(717,'ANITA','CHAUDHARY','Uttar Pardesh','Varanasi','','','Harsh Hospital,Near Bhelupura Thana','9415202105',''),(718,'ANJANA','SHARMA','Uttar Pardesh','Varanasi','','','Shiva Fracture & Gynae Clinic,Opp. Pahariya Mandi,Ashok Vihar, Phase -1','9415939880',''),(719,'ARCHANA','MISHRA','Uttar Pardesh','Varanasi','','','Alok Nursing Home,B-1/121 Assi','9415226721',''),(720,'ARCHANA','SINGH','Uttar Pardesh','Varanasi','','','Madhuraj Nursing Home,Pandeypur Trimuhani','9336913431',''),(721,'ARCHANA','VERMA','Uttar Pardesh','Varanasi','','','Shivangi Hospital,Near Mahalakshmi Temple ,Panchkoshi Road','9415224599',''),(722,'ASHA','Bhardwaj','Uttar Pardesh','Varanasi','','','Ashalok Mat.&Child Care Center,Behind Sigra Stadium Sigra','9935523500',''),(723,'BELA','SAIGAL','Uttar Pardesh','Varanasi','','','Mangalam Nur. Home,D-61/23a-1 Sidhgiri Bagh','NULL',''),(724,'BINNY','SINGH','Uttar Pardesh','Varanasi','','','Jiwan Jyoti Clinic,Newada','9415294117',''),(725,'C','SINGH','Uttar Pardesh','Varanasi','','','Himanshu Hospital,Pandeypur Trimuhani','9450537022',''),(726,'DIVYA','Agarwal','Uttar Pardesh','Varanasi','','','Ayushman Hospital,6, Giri Nagar Mahmoorganj','9935391115',''),(727,'FARHAT','DURRANI','Uttar Pardesh','Varanasi','','','Farhat Durrani Clinic,D-37/40 Badadev, Godauliya','9415224437',''),(728,'JAMILA','DAUD','Uttar Pardesh','Varanasi','','','Prince Nursing Home,S-37/330,E-1 Maldahiya','NULL',''),(729,'KAVEETA','DIXIT','Uttar Pardesh','Varanasi','','','Dr.Kaveeta Dixit Clinic,Gurudham Colony','9415228272',''),(730,'KIRAN','KAUSHIK','Uttar Pardesh','Varanasi','','','Popular Hospital,Near Railway Crossing Kakarmatta','9336835160',''),(731,'MADHU','MAHESHWARI','Uttar Pardesh','Varanasi','','','Meghna Hospital And Research Centre,Murhaila Opp. Radha Petrol Pump','9935053440',''),(732,'MADHULIKA','SINGH','Uttar Pardesh','Varanasi','','','Shivam Hospital,Churaamanpur, Murhaila, Bhullanpur','9415222797',''),(733,'MADHULIKA','SINHA','Uttar Pardesh','Varanasi','','','Dev Maternity Home,Near JP Mehta Inter College Jail Road','9450251772',''),(734,'MADHULIKA','SAHAI','Uttar Pardesh','Varanasi','','','Shiva Poly Clinic &Endoscopy Center,Fatimaan Road,Near State Bank','9415343460',''),(735,'MANISHA','GUPTA','Uttar Pardesh','Varanasi','','','Jachcha Bachcha Kendra,Near Kashi Roadways Golgadda','9935345993',''),(736,'MANJU','YADAV','Uttar Pardesh','Varanasi','','','Nishant Mat.&Children Hospital,Gazipur Road Near Kali Ji Mandir, Panchkoshi Road','9415304172',''),(737,'NASEEM','JAFFRI','Uttar Pardesh','Varanasi','','','Dr. Atul Kumar Verma Clinic,Har-Tirath Crossing','NULL',''),(738,'NEELAM','OHRI','Uttar Pardesh','Varanasi','','','New Life Hospital,70, Gandhi Nagar, Sigra','9415201293',''),(739,'NEELIKA','AMBESH','Uttar Pardesh','Varanasi','','','Parents Mat. And Nur.Home,31-A,Bhuwaneshwar Nagar Colony','9415618086',''),(740,'NEETU','YADAV','Uttar Pardesh','Varanasi','','','Shivam Hospital and Maternity,Aktha Crossing Pahariya','9839172407',''),(741,'NEHA','ANSARI','Uttar Pardesh','Varanasi','','','New Sahara Hospital,Opp.Yamuna Cinema','9415224647',''),(742,'NISHA','Agarwal','Uttar Pardesh','Varanasi','','','SS Hospital, BHU,6, S K Gupta Nagar, Lanka','9453038390',''),(743,'P','TIWARI','Uttar Pardesh','Varanasi','','','Amrit Poly Clinic,D-5397 Laksha Road, Opp.  BKM College','NULL',''),(744,'POONAM','RAI','Uttar Pardesh','Varanasi','','','Opal Hospital,N-10/60-2,Kakarmatta','9415301637',''),(745,'PREETI','GUPTA','Uttar Pardesh','Varanasi','','','Preeti Gupta Clinic,J-12/15-B, Cotton Mill Colony, Nati Imly','9451895444',''),(746,'Richa','Pandey','Uttar Pardesh','Varanasi','','','Near kkar matta petrolpump','NULL',''),(747,'SANDHYA','MISHRA','Uttar Pardesh','Varanasi','','','Matritava Mat.& Nur.Home,Mahmoorganj Road, In Front Of Smith School','9415202121',''),(748,'SANGEETA','ROY','Uttar Pardesh','Varanasi','','','Baba Keenaram Hospital,.B-22/166,K-1 Near Khojwan Police Chowki','9336924317',''),(749,'SARIKA','SINGH','Uttar Pardesh','Varanasi','','','Pragya Hospital,Harhua','9450893881',''),(750,'SAROJ','PANDEY','Uttar Pardesh','Varanasi','','','Satyam Mat.&Nur.Home,A-20,Gandhi Nagar Sigra','9450960889',''),(751,'SAROJINI','SINGH','Uttar Pardesh','Varanasi','','','Dr. Sarojini Singh Clinic,Bhikaripur, Behind Sitadham Temple','0542-2300393',''),(752,'SHAKTI','GUPTA','Uttar Pardesh','Varanasi','','','Sanjeevani Nursing Home,Sarsauli Orderly Bazar','9453038023',''),(753,'SHALINI','SRIVASTAVA','Uttar Pardesh','Varanasi','','','Om Surgical Centre&Mat. Hm.,Krishnapuri Colony, Near Electricity Office','9839061967',''),(754,'SHALINI','TANDON','Uttar Pardesh','Varanasi','','','Tandon Nursing Home,Badi Piyari','9415203046',''),(755,'SHILPI','RAJPUT','Uttar Pardesh','Varanasi','','','Umang Hospital,Mahavir Mandir Road, Orderly Bazar','9839241042',''),(756,'SMITA','TANDON','Uttar Pardesh','Varanasi','','','Jamuna Sewa Sadan,Behind Shivpur Thana','9839242105',''),(757,'SONALI','GUPTA','Uttar Pardesh','Varanasi','','','J.P. Nursing Home,Kakarmatta','9415205033',''),(758,'SWASTIKA','TIWARI','Uttar Pardesh','Varanasi','','','Maranwari seva sadan,godwaliya chamuhani','9336856956',''),(759,'TABASSUM','HAIDER','Uttar Pardesh','Varanasi','','','G.E.Nursing Home,Gt Road Bhadua Chungi, Golgadda','9335666187',''),(760,'USHA','YADAV','Uttar Pardesh','Varanasi','','','Navjeevan Clinic,Ashok Vihar Colony   ','9415202138',''),(761,'VIBHA','MISHRA','Uttar Pardesh','Varanasi','','','Uphar Nursing Home,Opp. Akashwani Mahmoorganj','9839140422',''),(762,'VIBHA','GOPAL','Uttar Pardesh','Varanasi','','','Sardar Patel Hospital,Chunar Road','9452336411',''),(763,'BANEE','SINGH','Uttar Pardesh','Varanasi','','','Sarswati Surgical,Near Manduadih','9415223724',''),(764,'Bhawana','Singh','Uttar Pardesh','Varanasi','','','Near Manduhadeeh','NULL',''),(765,'ANJU','NULL','Uttar Pardesh','Varanasi','','','Jain Hospital,Near Manduadih','9335038565',''),(766,'NAMRATA','Agarwal','Uttar Pardesh','Varanasi','','','Jawahar Nagar Ext.','9335480585',''),(767,'RAJ','Agarwal','Uttar Pardesh','Varanasi','','','Jawahar Nagar Ext.','9935036884',''),(768,'MAMTA','SHARMA','Uttar Pardesh','Varanasi','','','Chiranjivee Hospital,Churamanpur','9454970006',''),(769,'DEEPA','SETH','Uttar Pardesh','Varanasi','','','Sparsh Hospital,Chunar Road','9451838000',''),(770,'ARCHANA','SINGH','Uttar Pardesh','Varanasi','','','B.BES HOSPITAL AND CANCER CENTRE,PLOT NO-N 1/71 -A-2,MADHAV MARKET,NEAR NAGWAN CHOWRAHA','9305458139',''),(771,'ANJANA','SHARMA','Uttar Pardesh','Varanasi','','',' Meghna Hospital And Research Centre,50/124,hartirath,visheshwarganj','NULL',''),(772,'Bani','singh','Uttar Pardesh','Varanasi','','','Sarswati Surgical,c/o Mr.jarim singh,7,rajeshwari nagar,gilat bajar','9415223739',''),(773,'Kiran','singh','Uttar Pardesh','Varanasi','','','Shubh kamna clinic,Balaji nagar samne ghat lanka','9839066163',''),(774,'Kumkum','Agarwal','Uttar Pardesh','Varanasi','','','Abhilasha nursing home,Gurubag','9336835160',''),(775,'Mithlesh','singh','Uttar Pardesh','Varanasi','','','heiwell hospital,gilat bajar airport road','9450302621',''),(776,'Neena','jaideep','Uttar Pardesh','Varanasi','','','Dr.munsif maternity home,near agrsen collag bansphatak','9335414888',''),(777,'Nutan','singh','Uttar Pardesh','Varanasi','','','the omega clinic,near lion school BHU-Dlw road newada sundarpur','NULL',''),(778,'Renu','SRIVASTAVA','Uttar Pardesh','Varanasi','','','prabhapoly clinic,mayapuri coloni kerakatpur,lohta','NULL',''),(779,'Zakiya','ansari','Uttar Pardesh','Varanasi','','','Dr.zakiya ansari clinic,machhodhari road koyla bajar','NULL',''),(780,'Alka','ranjan','Uttar Pardesh','Varanasi','','','Akansha nursing home,chandra nagar colony,sigra','9919757322',''),(781,'Soni','singh','Uttar Pardesh','Varanasi','','','Adarsh hospital,sundarpur','9455948106',''),(782,'Shusma','Tiwari','Uttar Pardesh','Varanasi','','','Maa hospital,DLW Road newada sundarpur','9415221538',''),(783,'Shweta','chaurasia','Uttar Pardesh','Varanasi','','','PMC hospital,ravindrapuri extension,durgakund','9936722460',''),(784,'Tripti','singh','Uttar Pardesh','Varanasi','','','sadbhavana hospital,BHU sundarpur road bhogaveer,Lanka','NULL',''),(785,'Mamta','Patel','Uttar Pardesh','Varanasi','','','upkaar nursing home,DLW Road newada sundarpur','9235559415',''),(786,'Pragya','PANDEY','Uttar Pardesh','Varanasi','','','Pragya medicare & childcare,rashminagar coloney,Lanka','NULL',''),(787,'SUMA','MALIK','Uttar Pardesh','Varanasi','','','MULIK NURSING HOME,PILIKOTH','NULL',''),(788,'Manisha','Tyagi','Uttar Pardesh','Meerut','','','V N Tyagi clinic,City center Baccha Park','9837022712',''),(789,'Amita','Agarwal','Uttar Pardesh','Meerut','','','Shri Maternity Home,B-39, Vaishali Colony,Meerut','NULL',''),(790,'Anju','Rastogi','Uttar Pardesh','Meerut','','','Neel Kamal Nursing Home,Nauchandi Road, Meerut','9319927310',''),(791,'Neelam','Manaktala','Uttar Pardesh','Meerut','','','Dr. N. Manaktala Clinic,110, Arya Nagar, Meerut','9897205665',''),(792,'Monika','Tomar','Uttar Pardesh','Meerut','','','Star surgical & maternity Nurshing,M-2, Jawahar Qr. Begum Pull, Meerut','9358413237',''),(793,'Mridula','Tyagi','Uttar Pardesh','Meerut','','','Murti Hospital,44-A, Saket Meerut','9837059899',''),(794,'Savita','Agarwal','Uttar Pardesh','Meerut','','','Dr. S. Agarwal Clinic,Baccha Park, Cros., Meerut','9012036630',''),(795,'Manujla','Lakhanpal','Uttar Pardesh','Meerut','','','Lakhanpal Nur. Hom,60, Madho Nagar, Hapur Road, ','9319069938',''),(796,'Pratibha','Agarwal','Uttar Pardesh','Meerut','','','Agarwal M & Ch.C. Clinic,4, E. K. Road Eves Crossing, ','9897651974',''),(797,'Vineeta','Tyagi','Uttar Pardesh','Meerut','','','Dr, Vineet Tyagi,R-92, Pallavpuram, PH-2,','NULL',''),(798,'Sangeeta','Jindal','Uttar Pardesh','Meerut','','','Sangeeta Nur. Home,A-14, Radha Garden, Mawana Road','9837249681',''),(799,'Indu','Sharma','Uttar Pardesh','Meerut','','','Dr. I Sharma clinic,K.P. Complex Delhi Road','9411903612',''),(800,'Nutan','Panday','Uttar Pardesh','Meerut','','','Asha Clinic,Chota Bazar, Kankar Khera, Meerut','9897041817',''),(801,'Vineeta','Sharma','Uttar Pardesh','Meerut','','','Vinayak Hospital,1/94, Sardha Puri, Kankar, Khera','NULL',''),(802,'Madhu','Wadera','Uttar Pardesh','Meerut','','','Dr. Wadera Clinic,Abdullapur Road, jail chungi, ','9410685600',''),(803,'Nisha','Grover','Uttar Pardesh','Meerut','','','Dr. N. Grover Clinic,16, Bhagwati Complex, Garh Road','9837603067',''),(804,'Nirpan','Sharma','Uttar Pardesh','Meerut','','','Dr. N. Sharma Clinic,Doctors Complex, Garh Road','9837079906',''),(805,'Ragini','Chauhan','Uttar Pardesh','Meerut','','','Ch. Mat. & Ch. CR. Clinic,A-37, Garh Road,','NULL',''),(806,'Savitari','Agarwal','Uttar Pardesh','Meerut','','','Sumit Nur. Home,256/6, Shastri Nagar,','NULL',''),(807,'Sunita','Suri','Uttar Pardesh','Meerut','','','Suri Nur. Home,Phabhat Nagar, Meerut','NULL',''),(808,'Pushpa','Sehgal','Uttar Pardesh','Meerut','','','Garima Clinic,172, Abulane Meerut Cant.','9897264744',''),(809,'Nishi','Goyal','Uttar Pardesh','Meerut','','','Dr. Atul Kumar Verma Clinic,193, Prabhat Nagar, Meerut','NULL',''),(810,'Geeta','Jain','Uttar Pardesh','Meerut','','','Dr.Geeta Jain Clinic,289, Sharda Road,','NULL',''),(811,'Shobha','Upaddhya','Uttar Pardesh','Meerut','','','Upaddhya Nur. Home,D-8, Shastri Nagar, Meerut','9837429724',''),(812,'Poonam','Mittal','Uttar Pardesh','Meerut','','','Dr. Shrishti Clinic,S. K. Road, ','9412207182',''),(813,'Bhavna','Kansal','Uttar Pardesh','Meerut','','','Punjpoly Mother& child care Clinic,27, D. N. College, Delhi Road,','9837585422',''),(814,'Swati','Bansal','Uttar Pardesh','Meerut','','','Ashirwad Nursing Home,T. P. Crossing, Bhagpat Road, ','9837140542',''),(815,'Rekha','Panwar','Uttar Pardesh','Meerut','','','U. P. C. & Nur. Home,B-III, Pallavi Puram Phase - 1','9837790106',''),(816,'Lata','Chauhan','Uttar Pardesh','Meerut','','','Dr. Lata chauhan Clinic,Garh Road, Meerut','9897434849',''),(817,'Alka','Garg','Uttar Pardesh','Meerut','','','S M surgical & Maternity Hospital,A -15 Shastri nagar,Grah Road Meerut','9837302244',''),(818,'Usha','Rathi','Uttar Pardesh','Meerut','','','U. M. C & M. Centre,Sardhana Road, Kankerkhera','9837444133',''),(819,'Deepna','Gupta','Uttar Pardesh','Meerut','','','Tayal Nur. Home,Bhagpat Gate, ','9837444133',''),(820,'Meena','Bhatia','Uttar Pardesh','Meerut','','','B. S. & M  Centre,Boundery Road, Meerut','9837022087',''),(821,'Indu','Singhwal','Uttar Pardesh','Meerut','','','Singhwal Clinic,Shop No.7, Garh Road, ','9837257589',''),(822,'Madhu','Gupta','Uttar Pardesh','Meerut','','','Madhu Nur. Home,Nai Sarak, Garh Road,','9412551808',''),(823,'Poonam','Bansal','Uttar Pardesh','Meerut','','','Dhanwantri Clinic,Nirmal Archade, Garh Road, Meerut','9837134338',''),(824,'Madhvi','Sharma','Uttar Pardesh','Meerut','','','Shanti Nur. Home,Shardhana Road, Kanker Khera','NULL',''),(825,'Sunita','Singh ','Uttar Pardesh','Meerut','','','Sunita Nur. Home,L-619,Shastri Nagar, ','9837021322',''),(826,'Abha','Nanda','Uttar Pardesh','Meerut','','','Nanda Maternity Clinic,Bada Bajar Lal Kurti','9837080470',''),(827,'Godawari','Goel','Uttar Pardesh','Meerut','','','Shree Bhagwan Dash Hospital,Evis Petrol Pump','9837127820',''),(828,'Sarika','Agarwal','Uttar Pardesh','Meerut','','','Sushma child & maternity Clinic,Bagpat Gate','9837008040',''),(829,'Anuradha','NULL','Uttar Pardesh','Meerut','','','Cant Gereral Hospital,Begum Bridge, ','NULL',''),(830,'Richa','Sharma','Uttar Pardesh','Meerut','','','Jeevan Jyoti Nursing Home,Begum Bridge, ','9897002240',''),(831,'Mukta','Garg','Uttar Pardesh','Meerut','','','Dr. Mukta Garg Clinic,Nehru Road ','9837033777',''),(832,'Manisha','Gupta','Uttar Pardesh','Meerut','','','Vimal shree Hospital,Railway Road','9837818860',''),(833,'Meenakshi','Rastogi','Uttar Pardesh','Meerut','','','Dr. Meenakshi Rastogi Clinic,Gola Kua Road ','9917122667',''),(834,'Neeta','Chadhary','Uttar Pardesh','Meerut','','','Lokpriya Hospital,Samrat Place Road ','9897055511',''),(835,'Geetanjali','Bendre','Uttar Pardesh','Meerut','','','Dr. Geetanjail Clinic ,32, Pallav Tower, Pallavpuram - II','9927029553',''),(836,'Seema','Kapoor','Uttar Pardesh','Meerut','','','Seema Kapoor Clinic ,H - 2, Govind Plaza, Boundary Road','9456056613',''),(837,'Mamta','Tyagi','Uttar Pardesh','Meerut','','','Subharti Medical College,Delhi Haridwar Byepass Road ','9837411445',''),(838,'Kanan','Tyagi','Uttar Pardesh','Meerut','','','Tayagi Nur Home ,Adarsh Nagar','9412201893',''),(839,'Rukma','Idnani','Uttar Pardesh','Meerut','','','Idnani clinic ,Near Eves Hospital','9411891633',''),(840,'Reetu','Bawa','Uttar Pardesh','Meerut','','','Dr. Reetu Bawa Clinic,54, Budhana Gate Paith Road, Meerut','9358406614',''),(841,'Ritu','Agarwal','Uttar Pardesh','Meerut','','','Mohan Nur. Home,Lesari Gate Crossing, Prahlad Nagar','9837054521',''),(842,'Ansu','Jindal','Uttar Pardesh','Meerut','','','Jindal Hospital,Evis Crossing Hapur Road,','NULL',''),(843,'Madhu','Manglik','Uttar Pardesh','Meerut','','','Dr. Madu Manglik Clinic,45, W. K. Road, Meerut','NULL',''),(844,'Sapna','Agarwal','Uttar Pardesh','Meerut','','','Dr. Sapna Agarwal,Hans Bazar, S. K. Road, ','9837021169',''),(845,'Chaya','Rastogi','Uttar Pardesh','Meerut','','','Dr. Chaya Rastogi Clinic,Chippi Tank, Meerut','9837072173',''),(846,'Seema','Prashant','Uttar Pardesh','Meerut','','','Dr. Seema Prashant Clinic,Hapur Road, ','9837035339',''),(847,'Namita','Sharma','Uttar Pardesh','Meerut','','','Narayan Super Speciality Hospital,Garh Road, Meerut','9927007440',''),(848,'Rekha','Rastogi','Uttar Pardesh','Meerut','','','Dr. Kavita Bhatia Clinic,Shastri Nagar','9411261423',''),(849,'Preeti','Pathak','Uttar Pardesh','Meerut','','','Dr preeti clinic,Indralok Roorkee Road','9837437439',''),(850,'Archana','Mittal','Uttar Pardesh','Meerut','','','Archna clinic,A - 54, Lalitpark, Modipuram','9927844755',''),(851,'Pallav','Agarwal','Uttar Pardesh','Meerut','','','Pallav Clinic,W.K. Road','9412209878',''),(852,'MK','Bansal','Uttar Pardesh','Meerut','','','Bansal clinic,344, Tilak Park Meerut','9897178926',''),(853,'Neera','Seth','Uttar Pardesh','Meerut','','','Neera seth clinic,Opp. Eves Petrol Pump','9412700600',''),(854,'Shubra','Gupta','Uttar Pardesh','Ghaziabad','','','Shubhra Clinic,Patel Nagar-1','9810747454',''),(855,'Sarita','Tayal','Uttar Pardesh','Ghaziabad','','','Shri Ram clinic,K-517,Rakesh marg Nehru nagar','9818505232',''),(856,'Mala','Sharma','Uttar Pardesh','Ghaziabad','','','Mala Sharma Nursing Home,J-2 Prtap vihar','9953591021',''),(857,'Nalinee','Garg','Uttar Pardesh','Ghaziabad','','','Dr NalineeGarg Clinic,KA-26 Kavi nagar','9810095442',''),(858,'Smita','Agarwal','Uttar Pardesh','Ghaziabad','','','Smita Aggarwal Clinic,||| F 93 Rakesh nagar','9810720136',''),(859,'Manju','Mittal','Uttar Pardesh','Ghaziabad','','','Dr Manju Mittal Clinic,KH-150 Kavi nagar','9811079254',''),(860,'Nalinee','jain','Uttar Pardesh','Ghaziabad','','','Dr Nalinee Jain N. Home,KF 82 Kavi nagar','9911052992',''),(861,'Manisha','Agarwal','Uttar Pardesh','Ghaziabad','','','Manisha Metanity Centre,514/2 Kirana mandi','9810526040',''),(862,'Madhuri','Verma','Uttar Pardesh','Ghaziabad','','','Uttam Nursing Home,Vijay nagar Near policechowky','9718957767',''),(863,'Neelu','Khaneja','Uttar Pardesh','Ghaziabad','','','Kheneja Medical Centre,|||C/89 Nehru nagar','9810115153',''),(864,'Priti','Tyagi','Uttar Pardesh','Ghaziabad','','','Tyagi Nursing Home,B-137 Patelnagar ||','9810244369',''),(865,'Mithlesh','Chandra','Uttar Pardesh','Ghaziabad','','','Mithlesh Nursing Home,68-WestModel town','9818678925',''),(866,'JK','Sharma','Uttar Pardesh','Ghaziabad','','','J.K Sharma clinic,II-C 102 Nehru Nagar','9718882766',''),(867,'Madhu','Gupta','Uttar Pardesh','Ghaziabad','','','Navjeevan Nursing Home,SE-12 Shastri Nagar','9810119013',''),(868,'Anjna','Sabharwal','Uttar Pardesh','Ghaziabad','','','Mother&Chiled Care Centre,SH/A-32 Shastri Nagar','9810070536',''),(869,'Kiran','Garg','Uttar Pardesh','Ghaziabad','','','Gargi Hospital,R-9/182 Raj Nagar','9810702107',''),(870,'Ritu','Jain','Uttar Pardesh','Ghaziabad','','','Dr Ritu Jain Clinic,B-200 Lohia nagar','9891102939',''),(871,'Kamlesh','Mehra','Uttar Pardesh','Ghaziabad','','','Mehra Mother&Child Metarnity Hospital,J-71 Patel Nagar','9899710008',''),(872,'Megha','Joshi','Uttar Pardesh','Ghaziabad','','','Nirmal Chowdhry Cheritable Clinic,Chowdhry Mode','9810332494',''),(873,'Archna','Singh','Uttar Pardesh','Ghaziabad','','','Manglam Hospital,A-6 Sec-12,Teacher Calony','9717365166',''),(874,'Vandana','Mittal','Uttar Pardesh','Ghaziabad','','','Vandana mittal clinicm,III-A-54 Nehru Nagar','9818930710',''),(875,'Lalita','Yadav','Uttar Pardesh','Ghaziabad','','','Arjun Medicare Centre,Shastri nagar','9810176630',''),(876,'Suman','Gupta','Uttar Pardesh','Ghaziabad','','','Dr. Atul Kumar Verma Clinic,C-168 Lohia Nagar','9971403839',''),(877,'Vijay','Singhal','Uttar Pardesh','Ghaziabad','','','Vijay Luxmi Singhal Maternity Hospital,B-156 Lohia Nagar','9818418124',''),(878,'Rekha','Loiwal','Uttar Pardesh','Ghaziabad','','','Nagar Hospital,120, New Gandhi Nagar','9818126086',''),(879,'Sarita','Goel','Uttar Pardesh','Ghaziabad','','','Goel Nursing Home,B-90 Patel Nagar-||','9899539905',''),(880,'Shasi','Gupta','Uttar Pardesh','Ghaziabad','','','Narendra mohan hospi.Nehru Nagar','NULL',''),(881,'Roopali','Joshi','Uttar Pardesh','Ghaziabad','','','Joshi clinic,H-7 Govindpuram','9810833802',''),(882,'Vandna','Agarwal','Uttar Pardesh','Ghaziabad','','','Dr Vandna Aggarwal Nursing Home,||-C/9 Nehru Nagar','NULL',''),(883,'Prem','Kapoor','Uttar Pardesh','Ghaziabad','','','Dr Prm Kapoor Clinic,Delhi Gate','9910855502',''),(884,'Rachna','Jindal','Uttar Pardesh','Ghaziabad','','','Narendra Mohan Hospital','9891345983',''),(885,'Rani','Ghai','Uttar Pardesh','Ghaziabad','','','Dr Rani Ghai Metarnity Centre,B-23 Sec-9 Vijay Nagar','9810079466',''),(886,'Rashmi','Agarwal','Uttar Pardesh','Ghaziabad','','','Chandra Luxmi Hospital,4,Dasna Gate Maliwara','9818303694',''),(887,'Shalinee','Agarwal','Uttar Pardesh','Ghaziabad','','','Aggarwal Nursing Home,R-12/48 RajNagar','9810888110',''),(888,'Nishi','Sirohi','Uttar Pardesh','Ghaziabad','','','Sirohi Multi Spacility Hospital,|||-E 156 Nehru Nagar','9312696907',''),(889,'Madhu','Gupta','Uttar Pardesh','Ghaziabad','','','Bhagwati Upchar Kendra,J-83 Patel Nagar-|','9350307968',''),(890,'Vinita','Agarwal','Uttar Pardesh','Ghaziabad','','','Shyam Hospital,R5/49, D, Raj Nagar','9868561055',''),(891,'Rajni','Goel','Uttar Pardesh','Ghaziabad','','','Rajni Goel Maternity Centre,Patel Marg, Patel Nagar II','9810809187',''),(892,'Aruna','Agarwal','Uttar Pardesh','Ghaziabad','','','Sunil Chaudhry Cheritable Hospital,Basant Road','9871054707',''),(893,'Pratibha','Singh','Uttar Pardesh','Ghaziabad','','','Vardhman medical centre,Nehru nagar near holy child school','9650550747',''),(894,'Pratibha','Rasania','Uttar Pardesh','Ghaziabad','','','St. Joseph Hospital','9811952853',''),(895,'Rashmi','Goel','Uttar Pardesh','Ghaziabad','','','St. Joseph Hospital','9810809187',''),(896,'Alpana','Kansal','Uttar Pardesh','Ghaziabad','','','Alpana Kansal maternity centre,A-10, Ashok Nagar','9312393505',''),(897,'Neera','Bhan','Uttar Pardesh','Ghaziabad','','','Neera Bhan Maternity Centre,R-12/28/II Raj Nagar','9811831318',''),(898,'Shasi','Jain','Uttar Pardesh','Ghaziabad','','','Shasi Prabha Jain maternity centre,A-10,(Part B) Ashok Nagar','9868757020',''),(899,'Roopa','Kaushik','Uttar Pardesh','Ghaziabad','','','Kaushik maternity centre,108, New Ghandhi Nagar','9910691647',''),(900,'Shasi','Grover','Uttar Pardesh','Ghaziabad','','','Shruti Medicare Centre,E-41-B,Patel Nagar-II','9810208840',''),(901,'Reshi','Arya','Uttar Pardesh','Ghaziabad','','','Reshi Arya medical centre,5/8 Jangi ganj, Ghanta ghar','8802410584',''),(902,'Anju','Rai','Uttar Pardesh','Ghaziabad','','','R-8/2 Raj nagar','NULL',''),(903,'Veena','mathur','Uttar Pardesh','Ghaziabad','','','santosh hosital,Purana bass adda','NULL',''),(904,'Pushpa','kal','Uttar Pardesh','Ghaziabad','','','Ashirwad Nursing home,G-55 HIG duplex pratap vihar','NULL',''),(905,'seema','Gupta','Uttar Pardesh','Aligarh','','','Yoshomati hospital,Quarsi Road','9045707990',''),(906,'savita','Singhal','Uttar Pardesh','Aligarh','','','K.C singhal Hospital,Quarsi Road','NULL',''),(907,'Daljeet','Kaur','Uttar Pardesh','Aligarh','','','Jaideep Hospital,Quarsi Road','9412878588',''),(908,'Rakhi','Mahrotra','Uttar Pardesh','Aligarh','','','Kilkari Hospital,Vikaram Colony','9837509792',''),(909,'Namrita','Bhardwaj','Uttar Pardesh','Aligarh','','','Bhardwaj Hospital,Vikaram Colony','NULL',''),(910,'Saroj','Gogi','Uttar Pardesh','Aligarh','','','Gogi Hospital,Ramghat Road','9927632357',''),(911,'Prabha','Lohchav','Uttar Pardesh','Aligarh','','','Lohchav Nur. Home,Ramghat Road','NULL',''),(912,'Monika','Gupta','Uttar Pardesh','Aligarh','','','SukhdaHospital,Laxmi Bai Marge Road','9456064433',''),(913,'Chanchal','NULL','Uttar Pardesh','Aligarh','','','Muskan Hospital,Laxmi Bai Marge Road','9897267440',''),(914,'Anju','Gupta','Uttar Pardesh','Aligarh','','','Asha Hospital,Marris Road','9927902223',''),(915,'Indu','Varshney','Uttar Pardesh','Aligarh','','','Krishna Hospital,Marris Road','NULL',''),(916,'Mini','Gupta','Uttar Pardesh','Aligarh','','','Dheeraj Hospital,center Point','9719505522',''),(917,'Niti','Goel','Uttar Pardesh','Aligarh','','','Goel Hospital,Ramghat Road','9719645934',''),(918,'Nalani','Garg','Uttar Pardesh','Aligarh','','','Shiva Hospital,Ramghat Road','9837052032',''),(919,'Alka','Mittal','Uttar Pardesh','Aligarh','','','Surmesh Hospital,Ramghat Road','9837062822',''),(920,'Zakia','Arshad','Uttar Pardesh','Aligarh','','','Firoz Hospital,Medical Road','NULL',''),(921,'Nasrin','Aziz','Uttar Pardesh','Aligarh','','','Old Firoz hospital,Medical Road','NULL',''),(922,'Sumbul','Naim','Uttar Pardesh','Aligarh','','','Family Health Care,Jamal Pur','9921907576',''),(923,'Neeru','Agarwal','Uttar Pardesh','Aligarh','','','Neeru Maternity Home,Avas Vikas Cilony','9837368422',''),(924,'Nitika','Garg','Uttar Pardesh','Aligarh','','','Shivam Hospital,Avas Vikas Cilony','9837125383',''),(925,'Mamta','Varshney','Uttar Pardesh','Aligarh','','','Kadarnath Hospital,ITI road','NULL',''),(926,'Kalpana','Chaudhary','Uttar Pardesh','Aligarh','','','R.p Hospital,Soot Mil Chauraha','NULL',''),(927,'Rashmi','Agarwal','Uttar Pardesh','Aligarh','','','Dr. Atul Kumar Verma Clinic,Gular Road','NULL',''),(928,'Mamta','Gupta','Uttar Pardesh','Aligarh','','','Nandlal Hospital,Etah Chaungi','NULL',''),(929,'S','Varshney','Uttar Pardesh','Aligarh','','','Megha Hospital,Etah Chaungi','NULL',''),(930,'Asha','Rathi','Uttar Pardesh','Aligarh','','','Rathi Hospital,Agra Road','9927991621',''),(931,'Anjula','Bhargav','Uttar Pardesh','Aligarh','','','Rajul Nur. Home,Agra Road','9927052161',''),(932,'Alpana','Varshney','Uttar Pardesh','Aligarh','','','Amrit Nur. Home,Agra Road','NULL',''),(933,'Avineesh','Sharma','Uttar Pardesh','Aligarh','','','Maheshwari Hospital,Agra Road','9837503132',''),(934,'jolly','Varshney','Uttar Pardesh','Aligarh','','','S.C. Memorial Hospital,Hhathras Adda','9412328900',''),(935,'M','Garg','Uttar Pardesh','Aligarh','','','Garg Clnic,Khai Dora','9897216102',''),(936,'Divya','chaudhary','Uttar Pardesh','Aligarh','','','Jeevan Hospital,Bela Marg','9412277404',''),(937,'Mani','Bhargav','Uttar Pardesh','Aligarh','','','Varun Hospital,Bela Marg','NULL',''),(938,'R','Gupta','Uttar Pardesh','Aligarh','','','R.C. Gupta Clinic,Ramghat Road','9358252783',''),(939,'Rajani','Singhal','Uttar Pardesh','Aligarh','','','Mother & Child Care Center,Ramghat Road','9412317715',''),(940,'Aruna','Mittal','Uttar Pardesh','Aligarh','','','Ratan Hospital,Dubey Ka Paroo','9412593449',''),(941,'Sunder','Singhal','Uttar Pardesh','Aligarh','','','Neskey Ram Memorial Hospital,Agra Road','9897028553, 94568055',''),(942,'Anuradha','Singh','Uttar Pardesh','Aligarh','','','Rama Nursing Home,Ramghat Road','9296621268',''),(943,'Neera','Mittal','Uttar Pardesh','Aligarh','','','Mittal Nursing Home,Near Center Point','989703203',''),(944,'Richa','Gautam','Uttar Pardesh','Aligarh','','','Sumangalam Nursing Home,Ramghat Road','NULL',''),(945,'Upasana','Govind','Uttar Pardesh','Aligarh','','','Sai nath hospital,Agra Road','9927165536',''),(946,'Jyoti','Mittal','Uttar Pardesh','Aligarh','','','Satya Diagnostic Center,2/245 vishnupuri','9152785255 / 9411803',''),(947,'Pramod','NULL','Uttar Pardesh','Aligarh','','','Vishwa- Lekha Clinic,Kanwari ganj Aligarh','9412275885',''),(948,'R','Mittal','Uttar Pardesh','Aligarh','','','Dr. R.P. Mittal Clinic,Vishnupuri Ramghat Road Aligarh','9837247935',''),(949,'Aash','NULL','Uttar Pardesh','Aligarh','','','Dr.Adrash Kumar Clinic,Khirni Gate , Agra Road Aligarh','9411628036',''),(950,'Jitena','Singh','Uttar Pardesh','Aligarh','','','vishwanath Hospital,Melrose Bye Pass , G.T. Road Aligarh','9045752650',''),(951,'Sudhanshu','Garg','Uttar Pardesh','Aligarh','','','Harsh Clinic,Sarai Hakeem Agra Road Aligarh','NULL',''),(952,'A','Rastogi','Uttar Pardesh','Aligarh','','','38bt PAC Hospital,Ramghat Road Aligarh','9411040036',''),(953,'PREETI','GUPTA','Uttar Pardesh','Jhansi','','','LAXMAN SETH HOSPITAL AND RESEACH CENTRE,OPP.MEDICAL COLLEGE GATE NO.2 ','NULL',''),(954,'PREETI','KANAL','Uttar Pardesh','Jhansi','','','990 CIVIL LINES JHASI ','9415031425',''),(955,'PREETI','KANKANE','Uttar Pardesh','Jhansi','','','RAM SAVAK KANKANE HOSPITAL,OPP. LAXMI BAI PARK ','NULL',''),(956,'RAJKUMARI','DUBE','Uttar Pardesh','Jhansi','','','RAJ KUMARI DUBE,99, RAMAYAN ','9235786692',''),(957,'REKHA','Agarwal','Uttar Pardesh','Jhansi','','','VATSALYA NURSING HOME,STATION ROAD ','9939212340',''),(958,'SANDHYA','LITORIA','Uttar Pardesh','Jhansi','','','DISTRICT HOSPITAL,295 SUBHASH GANJ','9935323312',''),(959,'SANGHMITRA','SINHA','Uttar Pardesh','Jhansi','','','SAHAI SURGICAL CLINIC,BM-2/5 VEERAGNA NAGAR','NULL',''),(960,'SEEMA','SARAOGI','Uttar Pardesh','Jhansi','','','VERANGNA MEDICAL CENTRE,NEW VERANGNA NAGAR ','NULL',''),(961,'DEEPALI','GUPTA','Uttar Pardesh','Jhansi','','','DEEPALI GUPTA,296/1 JHOKAN BAGH ','9415456742',''),(962,'DIVYA','JAIN','Uttar Pardesh','Jhansi','','','ANNAD HOSPITAL,KARGAUN JI ROAD OPP.MEDICAL COLLEGE ','993503032',''),(963,'FURHAT','ROOHI','Uttar Pardesh','Jhansi','','','BHEL HOSPITAL,419/3B C.P MISSION COMPOUND ','9453001108',''),(964,'GEETA','SHUKLA','Uttar Pardesh','Jhansi','','','GEETA SHUKLA CLINIC,242, NAUNA GARG NAGRA','9235638914',''),(965,'HEMA J','SHABHNE','Uttar Pardesh','Jhansi','','','MEDICAL COLLEGE JHANSI,KANPUR ROAD','NULL',''),(966,'J K','BOHRE','Uttar Pardesh','Jhansi','','','KAMALA HOSPITAL,OPP.MEDICAL GATE NO.2 ','9889766566',''),(967,'JYOTI','DIXIT','Uttar Pardesh','Jhansi','','','CENTRAL RAILWAY HOSPITAL,862-A R.B.5 RAILWAY OFFICER COLONY','95102443830',''),(968,'KANCHAN','JAISWAL','Uttar Pardesh','Jhansi','','','KANCHAN CLINIC,KHATI BABA MAIN ROAD','9415505935',''),(969,'KUMUD','GAUTAM','Uttar Pardesh','Jhansi','','','KUMUD GAUTAM,Q-2 ROSBAHAR COLONY ','NULL',''),(970,'LK','PALIWAL','Uttar Pardesh','Jhansi','','','PALIWAL CLINIC,INSIDE BADA GAUN GATE','NULL',''),(971,'LOVELEEN','KAUR','Uttar Pardesh','Jhansi','','','MATA GUJRI MATERNITY AND INFERTINITY CARE CENTRE,OPP.FIRE BIG AZAD GANJ ','9415073438',''),(972,'MR','GOVINDANI','Uttar Pardesh','Jhansi','','','SAI CLINIC,PTHORIYA OUT SIDE','NULL',''),(973,'MAHESH KUMAR','SHUKLA','Uttar Pardesh','Jhansi','','','SHUKLA CLINIC,103,RATAN PURA NAGARA BAZAR CHOURAHA','9838928270',''),(974,'MAMTA','NAJA','Uttar Pardesh','Jhansi','','','NAJA HOSPITAL RESEARCH CENTRE,345/4 SHIVAJ NAGAR ','NULL',''),(975,'MANITA','NULL','Uttar Pardesh','Jhansi','','','JAMUNA CLINIC,GADHIA PATAK','9415055980',''),(976,'MANJU','VASNEYE','Uttar Pardesh','Jhansi','','','POOLICE HOSPITAL,ELAIET CHOURAHA','9935331024',''),(977,'MITHLESH SINGH','RATHAUR','Uttar Pardesh','Jhansi','','','RATHOUR CLINIC,129/2 CHAMAN GANJ ','9839028217',''),(978,'MRIDULA','KATYAL','Uttar Pardesh','Jhansi','','','MRIDULA KATYAL,SANTT BHAWAN ','9415057511/6531145',''),(979,'MUKTA','SRIVASTAVA','Uttar Pardesh','Jhansi','','','AROGYA SADAN HOSPITAL,B-101 AWAS-VIKAS COLONY','NULL',''),(980,'NEELIMA','TRIPATHI','Uttar Pardesh','Jhansi','','','AMRIT KAILASH CLINIC,363,OPP. LAXMI BAI PARK ','NULL',''),(981,'NEERJA','KAPOOR','Uttar Pardesh','Jhansi','','','KAPOOR NURSING HOME,ALLAHABAD BANK ROAD ','NULL',''),(982,'NEETA','SAXENA','Uttar Pardesh','Jhansi','','','MATHER AND CHILD CLINIC,308, JHOKAN BAGH','NULL',''),(983,'NEETU','SAXENA','Uttar Pardesh','Jhansi','','','SAI ASTHA CLINIC,OPP. MEDICAL COLLEGE ','9415113343',''),(984,'NIRUPMA','VERMA','Uttar Pardesh','Jhansi','','','VERMA HOSPITAL,99, KHATRUJUNA MANIK CHOWK','NULL',''),(985,'PADMA','NULL','Uttar Pardesh','Jhansi','','','PADMA,670, NAI BASTI ','94150071571',''),(986,'PARUL','GUPTA','Uttar Pardesh','Jhansi','','','KEN MEDICAL CENTRE,44- CHANDRA SHEKHAR MARG CITY','NULL',''),(987,'PARUL','NIGAM','Uttar Pardesh','Jhansi','','','NIGAM HOSPITAL AND RESEARCH CENTRE,1170/2 SATISH NAGAR KACHCHA PUL ','9415179716',''),(988,'POOJA','JAIN','Uttar Pardesh','Jhansi','','','SANMAT HOSPITAL,OPP. MEDICAL COLLEGE ','9839770495',''),(989,'PREETI','GUPTA','Uttar Pardesh','Jhansi','','','PREETI GUPTA,NAVJEEVAN COMPLEX ','9793028085',''),(990,'SWATI','Agarwal','Uttar Pardesh','Jhansi','','','KILKARI MOTHER AND CHILD CARE CENTRE,OPP. MEDICAL COLLEGE GATE NO. 1 ','9415092671',''),(991,'VIBHA','UPADHYAY','Uttar Pardesh','Jhansi','','','BHEL HOSPITAL,Q.NO-7 SECTOR 2 BHEL','9415401197',''),(992,'ABHA','MISHRA','Uttar Pardesh','Jhansi','','','V.P CHOBE MEMORIL MEDICAL CARE CENTER,C-65 NEAR SENIOR INSTITUTE','9415505547',''),(993,'ANU','NIGAM','Uttar Pardesh','Jhansi','','','NIGAM HOSPITAL AND RESEARCH CENTRE,1170/2 SATISH NAGAR NEAR KCHCHA POOL SIPRI BAZAR','NULL',''),(994,'ANUPAMA',' PRAKASH','Uttar Pardesh','Jhansi','','','ANUPAMA PRAKASH CLINIC,OPP. MEDICAL COLLEGE ','9415031135',''),(995,'ARUN','GUPTA','Uttar Pardesh','Jhansi','','','GUPTA CLINIC,RAKASHAN NEAR HEALTH CENTER','9415057882',''),(996,'ASHA','SHUKLA','Uttar Pardesh','Jhansi','','','ASHA SHUKLA,60/1 CIVIL LINE ','5102471572',''),(997,'ASHOK','BAJAJ','Uttar Pardesh','Jhansi','','','ASHOK BAJAJ,116, PANNALAL','9450364449',''),(998,'B','ROY','Uttar Pardesh','Jhansi','','','CHISTIAN HOSPITAL,JHOKAN BAGH','NULL',''),(999,'BJ','SINGH','Uttar Pardesh','Jhansi','','','B.J SINGH,MAIN ROAD HANSARI','9415186696',''),(1000,'DK','LOHIYA','Uttar Pardesh','Jhansi','','','LOHIYA HOSPITAL,BADA BAZAR ','NULL',''),(1001,'SADHA','VARMA','Uttar Pardesh','Jhansi','','','PULICI HOSPITAL,NEAR D LIGHT CHAURA','9453030517',''),(1002,'ANUPAMA','SINGH','Uttar Pardesh','Jhansi','','','PULICI HOSPITAL,NEAR D LIGHT CHAURA','9794839144',''),(1003,'RENU','TARIYA','Uttar Pardesh','Jhansi','','','PULICI HOSPITAL,NEAR D LIGHT CHAURA','9794402323',''),(1004,'MUKTA','SRIVASTAVA','Uttar Pardesh','Jhansi','','','CHISTIAN HOSPITAL,JHOKAN BAGH','9451938193',''),(1005,'PRAMODITA','Agarwal','Uttar Pardesh','Jhansi','','','CHISTIAN HOSPITAL,JHOKAN BAGH','9956052318',''),(1006,'Anuja','Singh','Uttar Pardesh','Bareilly','','','Dr.Anuja Sing Maternity Home,3.Shiv puri Colony Ivri Road ','9837771616',''),(1007,'Alka','Agarwal','Uttar Pardesh','Bareilly','','','Rameshwarm Medical Centre,Patel Nagar Gulmohar Park Patel Nagar','9412461400',''),(1008,'Aruna','Saxena','Uttar Pardesh','Bareilly','','','Shubham Nursing Home,56 Indra Nagar','9359103085',''),(1009,'POOJA','Gupta','Uttar Pardesh','Bareilly','','','Sheel Hospital,11, Rajendra Nagar Avas Vikas','9336691357',''),(1010,'Kanwal','Mehra','Uttar Pardesh','Bareilly','','','R.K.Nursing Home,Janakpuri','9927100140',''),(1011,'Chhabi','Bass','Uttar Pardesh','Bareilly','','','Bass Ultra Sound Centre,Near Bank Of Baroda Janakpuri','9837113966',''),(1012,'Shalini','Maheshwari','Uttar Pardesh','Bareilly','','','Sheel Maternity Surgical Nursing Home,C-17 Deen Dayal Puram','9837086762',''),(1013,'Neela','Singh','Uttar Pardesh','Bareilly','','','Neeldev Maternity And Fertility Centre,Gulmohar Park, opp. Patel Nagar K.K.Hospital Road,','9837091355',''),(1014,'Pragati','Agarwal','Uttar Pardesh','Bareilly','','','Pagati maternity Home&Infertility centre,P-5/4D.D.Puram Stadium Road Infront of St,s,Francis School ','9897307468',''),(1015,'Leena','Mehrotra','Uttar Pardesh','Moradabad','','','Mehrotra Nursing Home,\"Opp.Jain Medicoes,Prince Road\"','NULL',''),(1016,'Mehreen','Jabi','Uttar Pardesh','Moradabad','','','Mannat nursing Home,Bhure Ka Chauraha Gandhi nagar','9319803923',''),(1017,'Shazia','Mohnish','Uttar Pardesh','Moradabad','','','Hop Hospital,Prince road harpal nagar ','NULL',''),(1018,'Gayatri','Singh','Uttar Pardesh','Moradabad','','','Singh Nursing Home,B-30 Gandhi Nagar','NULL',''),(1019,'Vineeta','Agarwal','Uttar Pardesh','Moradabad','','','Imaging Care Center,Behind Gandhi Nagar Moradabad','9837234500',''),(1020,'Sweta','Sharma','Uttar Pardesh','Moradabad','','','Central Medical& Maternity Centre,Near road ways','9917093999',''),(1021,'Jyoti','Rastogi','Uttar Pardesh','Moradabad','','','Lokprye Nursing Home,Near Telephone ExchangeOpp Dr.Tarik Lajpat Nagar','9837735262',''),(1022,'Anurag',' Dubey','Uttar Pardesh','Moradabad','','','Anna Clinic,B-88 Lajpat Nagar Near Police Chowki','9027570798',''),(1023,'Sudha','Gupta','Uttar Pardesh','Moradabad','','','Shiva Hospital,A-218 Lajpat Nagar','NULL',''),(1024,'Saba','Asad','Uttar Pardesh','Moradabad','','','Chest&Maternity Centre,Near Adam&Eavs School, Peerzada Road','9219653164',''),(1025,'Chanchal','Gupta','Uttar Pardesh','Moradabad','','','Vardan Nursing Home,H-1 Lajpat Nagar','NULL',''),(1026,'Ranjana','Dhawan','Uttar Pardesh','Moradabad','','','Dr.Ranjana Dhawan Clinic,Sambhali Gate Mandi Chowk','9412422102',''),(1027,'Babita','Gupta','Uttar Pardesh','Moradabad','','','S.C Gupta Memorial Chetna Health Centre,170 Avas Vikas Civil Lines','NULL',''),(1028,'Archana','Kumar','Uttar Pardesh','Moradabad','','','Kumar Nursing Home,\"Company Bagh,Opp.Lipton Club\"','NULL',''),(1029,'Sarika','Sirohi','Uttar Pardesh','Moradabad','','','S.S Nursing Home,State Bank Colony Civil Lines','9457637234',''),(1030,'Kumkum','Mehrotra','Uttar Pardesh','Moradabad','','','Mehrotra Nursing Home,Opp Dayanand Digree College Civil Lines','NULL',''),(1031,'Kiran','Chauhan','Uttar Pardesh','Moradabad','','','K.S.Hospital,8 Madhu Bani Colony Kanth Road','NULL',''),(1032,'Richa','Gangal','Uttar Pardesh','Moradabad','','','Muskan Nursing Home,Near Dharam Kanta Ashiyana Phase-1 Kanth Rd.','NULL',''),(1033,'Vidhi','Agarwal','Uttar Pardesh','Moradabad','','','Sadbhawna Nursing Home,Near Dharam Kanta Ashiyana Phase-1 Kanth Rd.','8126414245',''),(1034,'Ruchi','Sharma','Uttar Pardesh','Moradabad','','','Gupta Nursing Home,Ashiyana Phase-2 Mda Colony','NULL',''),(1035,'Prem Lata','Shridhar','Uttar Pardesh','Moradabad','','','Jeevan Jyoti Nursing Home,\"A-96,Gandhi Ngr, Prince Road\"/Rajendra Nagar PTC 1st Civil Lines','9897639228',''),(1036,'Mala','Saxena','Uttar Pardesh','Moradabad','','','Mansi Nursing Home,Opp. C.P.H Old R.T.O Chauraha Tubewell Colony','NULL',''),(1037,'Ruby','Chugh','Uttar Pardesh','Moradabad','','','Dr. Atul Kumar Verma Clinic,Mansarover Colony Delhi Road','NULL',''),(1038,'Ranjana','Singh','Uttar Pardesh','Moradabad','','','Mansarover Nursing Home,Blow Water Tank Opp. Hotel Mansarover Mansarover','NULL',''),(1039,'Sudeep','Kaur','Uttar Pardesh','Moradabad','','','Amrit Hospital,Near Mahilal School Budhi Vihar','9319944111',''),(1040,'Preeti','Gupta','Uttar Pardesh','Moradabad','','','Akansha Nursing Home,m2/614 Budhi Vihar Near Mahilal Public School','NULL',''),(1041,'Shruti','Khanna','Uttar Pardesh','Moradabad','','','Shruti Khanna Clinic,Blow Uti Bank Sai Sadan Jail Road Gurhatti','9412838600',''),(1042,'Jyotika','Gupta','Uttar Pardesh','Moradabad','','','Modren Nursing Home,60 New Civil Lines Behind Jail','NULL',''),(1043,'Girish Chana','Sikka','Uttar Pardesh','Moradabad','','','G.C Sikha Clinic,Kumar Kunj Near Shiv Sundari Montes Sori School','NULL',''),(1044,'Subhangi','Agarwal','Uttar Pardesh','Moradabad','','','Shia hospital,Lajpat nagat','NULL',''),(1045,'Sumnesh','rastogi','Uttar Pardesh','Moradabad','','','imeging care centre,Near road ways','NULL',''),(1046,'Preeti','gupta','Uttar Pardesh','Moradabad','','','Urology& Fertility Centre,Lajpat nagat','NULL',''),(1047,'Mala','Sharma','Uttar Pardesh','Moradabad','','','clinic,n-c118 railway hospital','NULL',''),(1048,'Tarini','Taneja','Uttar Pardesh','Muzaffar Nagar','','','Taneja Hospital,Railway Road','9412210266',''),(1049,'Neelam','Tomer','Uttar Pardesh','Muzaffar Nagar','','',' Ila Hospital,Opp Civil Line Police Station','9837042651',''),(1050,'Anju','Garg','Uttar Pardesh','Muzaffar Nagar','','','553 Civil Line Saket Road','9897274434',''),(1051,'Manju','Pabhaker','Uttar Pardesh','Muzaffar Nagar','','','Happy Maternity Cenetr,Ansari Road ','NULL',''),(1052,'Sunita','Jain','Uttar Pardesh','Muzaffar Nagar','','','S.R. Hospital,Near B.O.B.Ansari Road','9897093004',''),(1053,'Manjul','Gaur','Uttar Pardesh','Muzaffar Nagar','','','Kalawati Nursing Home,266 Indra Colony RRK. RD.','9412210702',''),(1054,'alka','Chaudhary','Uttar Pardesh','Muzaffar Nagar','','','Manorama nursing road,Railway Road','9760064200',''),(1055,'Manju','Gupta','Uttar Pardesh','Muzaffar Nagar','','','Vasu Maternity Hospitasl,Sader Bazzar','9997333369',''),(1056,'Mehjabeen','Fareed','Uttar Pardesh','Muzaffar Nagar','','','Sader Nursing Home,Sader Bazzar','9837085115',''),(1057,'Neena','Ramani','Uttar Pardesh','Muzaffar Nagar','','','Ramani Nurs. Home,Meerut Road','NULL',''),(1058,'Dipti','Agarwal','Uttar Pardesh','Muzaffar Nagar','','','Dipti Nursing Home,Circular Road','9837150823',''),(1059,'Anita','Garg','Uttar Pardesh','Muzaffar Nagar','','','Gargt Hospital,Sader Bazzar','NULL',''),(1060,'Sadhna','Sharma','Uttar Pardesh','Muzaffar Nagar','','','Vishnu Kamal Hospital,Gaushala Road New Mandi','NULL',''),(1061,'Lalita','Maheshwari','Uttar Pardesh','Muzaffar Nagar','','','Maheshwari Hospital,88/B New Mandi Gaushala Road','NULL',''),(1062,'Neerja','NULL','Uttar Pardesh','Muzaffar Nagar','','','Neer4ja Hospital,30 A New Mandi','NULL',''),(1063,'Uma','Mittal','Uttar Pardesh','Muzaffar Nagar','','','Mittal Nursing Home,Janshat Road','NULL',''),(1064,'Veena','Mathur','Uttar Pardesh','Muzaffar Nagar','','','Muzaffar Nager Med. Collage,Meerut Road','NULL',''),(1065,'Abha','Sharma','Uttar Pardesh','Muzaffar Nagar','','','Dist. Hospital,Roorkee Road','NULL',''),(1066,'Amita','Goel','Uttar Pardesh','Muzaffar Nagar','','','Dist. Hospital,Roorkee Road','NULL',''),(1067,'Deepa','Maheshwari','Uttar Pardesh','Muzaffar Nagar','','','Maheshwari Hospital,88/B New Mandi Gaushala Road','NULL',''),(1068,'Shanti','Khana','Uttar Pardesh','Muzaffar Nagar','','','Vashist Nursing Home,Jansath Road ','989759543',''),(1069,'Vinita','Singhal','Uttar Pardesh','Muzaffar Nagar','','','Sanjivini Hosp,Gandhi colony Dwarika puri','9837221111',''),(1070,'Suneeta','Baliyan','Uttar Pardesh','Muzaffar Nagar','','','Dr. Atul Kumar Verma Clinic,Gt Road Khatoli','9897075008',''),(1071,'Kavita','Nagar','Uttar Pardesh','Muzaffar Nagar','','','Jeevan Rekha Nursing Home,Gt Road Khatoli','9837735606',''),(1072,'Nisha','Malik','Uttar Pardesh','Muzaffar Nagar','','','Gangaram Hosp.,Sader Bazzar','941006499',''),(1073,'Renu','Singh','Uttar Pardesh','Muzaffar Nagar','','','Ratan Singh Hosp,Sader Bazzar','NULL',''),(1074,'Manju','Praveen','Uttar Pardesh','Muzaffar Nagar','','','Vimla Memorial hosp,Ansari Road ','NULL',''),(1075,'Yachna','Sachdeva','Uttar Pardesh','Muzaffar Nagar','','','Astha Medicare,Bhopa Road  Near Andhra Bank','9897188972',''),(1076,'Sabana','Parveen','Uttar Pardesh','Muzaffar Nagar','','','Syaid Husain Hospital,ghas Mandi','NULL',''),(1077,'Pramila','Mittal','Uttar Pardesh','Bulandshaher','','','Rama Hospital ,Idghah Road','NULL',''),(1078,'shobha','Garg','Uttar Pardesh','Bulandshaher','','','Garg Hospital,Idgha Road','9412744445',''),(1079,'Yashu','Yadav','Uttar Pardesh','Bulandshaher','','','Yashu Rohit Yadav Clinic ,Near Muslim Inter College','NULL',''),(1080,'chitra','Agarwal','Uttar Pardesh','Bulandshaher','','','Sudhir Hospital,Kala aam ','NULL',''),(1081,'Manju','Gupta','Uttar Pardesh','Bulandshaher','','','Raman Hospital,D.M Road','NULL',''),(1082,'indu','Singh','Uttar Pardesh','Bulandshaher','','','Ayushman Hospital,Khurja Road','9410646979',''),(1083,'Roli','Rastogi','Uttar Pardesh','Bulandshaher','','','Rastogoi Nursing Home,Opp BM Medical Complex','NULL',''),(1084,'Sarita','tiotia','Uttar Pardesh','Bulandshaher','','','Teotio Hospital,Opp City Kotwali','NULL',''),(1085,'Meenakshi','Rana','Uttar Pardesh','Bulandshaher','','','Rana Hospital,Behind Nagar Palika ','9368761701',''),(1086,'Beena','Yadav','Uttar Pardesh','Bulandshaher','','','Yadav Nursing Home,Delhi Road','9557472986',''),(1087,'Rani','Afjal','Uttar Pardesh','Bulandshaher','','','Buland Nursing Home,Bhoor Chahuraha','9410484607',''),(1088,'Sudha','Verma','Uttar Pardesh','Barabanki','','','Near Jain Nurshing Home,Naka Satrik','9415075378',''),(1089,'Abha','Verma','Uttar Pardesh','Barabanki','','','Apoorva Surgical &Materenity Centrer,Verma kothi ','9936511969',''),(1090,'Anjali','Srivastava','Uttar Pardesh','Barabanki','','','Srivastava Clinic,Promod Market Ghoshiyana','9450307990',''),(1091,'Rais','Bano','Uttar Pardesh','Barabanki','','','Warsi Hospital,Gadiya Mau,Near TastyBite','9336360310',''),(1092,'Swati','Jain','Uttar Pardesh','Barabanki','','','Jain Nurshing Home,Near Rumesha Medical store','9452428692',''),(1093,'Anupma',' Tiberwal','Uttar Pardesh','Barabanki','','','Tiberwal Clinic,Near Astha Hospital','9838600068',''),(1094,'Swati','Agarwal','Uttar Pardesh','Barabanki','','','Medical Care,Near Ahuja Nurshing Home','9415715682',''),(1095,'Sadhana','Chaudhary','Uttar Pardesh','Barabanki','','','Near Mohd. Inter College','9415524860',''),(1096,'Vijay Laxmi','Verma','Uttar Pardesh','Barabanki','','','krishna maternity c & hospital,Rri Ram Colony ','9305694557',''),(1097,'Sadan','Fatima','Uttar Pardesh','Barabanki','','','G.B.S Nurshing Home,Near Chhaya Crossing','9839843876',''),(1098,'Neelam','Jain ','Uttar Pardesh','Barabanki','','','Jain Nurshing Home,Naka Satrik','9415075550',''),(1099,'KARUNA','NULL','Uttar Pardesh','MATHURA','','','ASHIRWAD NURSING HOME,NEAR GOVERDHAN CHAURAHA','9045830621',''),(1100,'KIRTI','MAHESHWARI','Uttar Pardesh','MATHURA','','','JAGDAMBA HOSPITAL,KRISHNA NAGAR,ROAD','9412405072',''),(1101,'VEENA','UPPAL','Uttar Pardesh','MATHURA','','','UPPAL NURSING HOME,KRISHNA NAGAR,MARKET','9897337443',''),(1102,'MADHUBALA','Agarwal','Uttar Pardesh','MATHURA','','','MADHUBALA NURSING HOME,NEAR SHRI DHARAMSHALA','NULL',''),(1103,'CHARU','JAIN','Uttar Pardesh','MATHURA','','','JAIN LAPROSCOPY&MATERNITY HOME,EAST PRATAP NAGAR','9837114361',''),(1104,'MANJU','SAXENA','Uttar Pardesh','MATHURA','','','SAXENA HOSPITAL,STATE BANK CHAURAHA','9837064143',''),(1105,'RAJNI','Agarwal','Uttar Pardesh','MATHURA','','','BRIJ NURSING HOME,NEAR BUS STAND','NULL',''),(1106,'CHETAN','Swaroop GUPTA','Uttar Pardesh','MATHURA','','','CHETANSWAROOP CLINIC,NEAR HOLIGATE','9837016001',''),(1107,'NEERJA','GOYAL','Uttar Pardesh','MATHURA','','','GOPI KRISHNA NURSING HOME,NEAR HOLIGATE','9897363612',''),(1108,'LATA','Agarwal','Uttar Pardesh','MATHURA','','','CHIRAYU HOSPITAL,Dholi Pyaoo Road','9917468747',''),(1109,'MUKTI','MAHESHWARI','Uttar Pardesh','MATHURA','','','MAHESHWARI HOSPITAL,CHATIKARA','98970028665',''),(1110,'LALITA','BHARTIA','Uttar Pardesh','MATHURA','','','P.L.SARRAF HOSPITAL,NEAR BYE PASS','NULL',''),(1111,'DEEPSHIKHA','ENGINEER','Uttar Pardesh','MATHURA','','','AROGYADEEP NURSING HOME,NEAR TB HOSPITAL','NULL',''),(1112,'SHALINI','Agarwal','Uttar Pardesh','MATHURA','','','LIFE LINE HOSPITAL&TRAUMA CENTRE PVT.LTD.,KAMDHENU NAGAR,AURANGABAD,NH-2','9219535710',''),(1113,'SEEMA','RAVI','Uttar Pardesh','MATHURA','','','UTKARSH HOSPITAL,OPP.AKASHWANI TOWER','9359954781',''),(1114,'GEETA','MEHTA','Uttar Pardesh','MATHURA','','','MEHTA NURSING HOME,KRISHNA NAGAR','9917639090',''),(1115,'ALPANA','Agarwal','Uttar Pardesh','MATHURA','','','PRAKASH HOSPITAL,OPP.B.S.A.COLLEGE','9897454030',''),(1116,'MADHU','Agarwal','Uttar Pardesh','MATHURA','','','SUSHILA HOSPITAL,OPP.BSA COLLEGE','9412280854',''),(1117,'RADHA','GUPTA','Uttar Pardesh','MATHURA','','','SHOBHIT HOSP.&TRAUMA CENTRE,NEAR HIGHWAY PLAZA','9219206494',''),(1118,'RITU','JAIN','Uttar Pardesh','MATHURA','','','GOVERDHAN CROOSSING','NULL',''),(1119,'VERSHA','TIWARI','Uttar Pardesh','MATHURA','','','BRIJ CHIKITSA SANSTHAN (CHARITABLE),DARESI ROAD','9997188464',''),(1120,'ANJU','GUPTA','Uttar Pardesh','MATHURA','','','BRIJ CHIKITSA SANSTHAN (CHARITABLE),DARESI ROAD','NULL',''),(1121,'NITA','VERMAN','Uttar Pardesh','MATHURA','','','Dr. Atul Kumar Verma Clinic,BARHPURA','9837072520',''),(1122,'SHILPA','SHARMA','Uttar Pardesh','MATHURA','','','R.K.MISSION SEVASHRAM HOSPITAL,MATHURA ROAD','NULL',''),(1123,'SHILPA','GOYAL','Uttar Pardesh','MATHURA','','','VATSALYA HOSPITAL,MOTHER &CHILD CARE CEN.,JAISINGH PURA','9760003865',''),(1124,'ARTI','GUPTA','Uttar Pardesh','MATHURA','','','RADHEY SHYAM HOSPITAL,NEAR AKASHWANI TOWER','9358666699',''),(1125,'ANUBHA','Agarwal','Uttar Pardesh','MATHURA','','','BRIJ HEALTH CARE,NEAR T.B. HOSPITAL','NULL',''),(1126,'NILIMA','Agarwal','Uttar Pardesh','MATHURA','','','R.K.MISSION SEVASHRAM HOSPITAL,MATHURA ROAD','NULL',''),(1127,'RENU','Agarwal','Uttar Pardesh','MATHURA','','','SHANKAR HOSPITAL,NEAR HOLIGATE','NULL',''),(1128,'NITYA','GUPTA','Uttar Pardesh','MATHURA','','','MAA SARASWATI HOSPITAL,OPP.AKASHWANI TOWER','NULL',''),(1129,'JYOTI','Agarwal','Uttar Pardesh','MATHURA','','','JYOTI NURSING HOME,KRISHNA NAGAR','NULL',''),(1130,'SHIKHA','GUPTA','Uttar Pardesh','MATHURA','','','CHETANYA HOSPITAL,TRANS YAMUNA','NULL',''),(1131,'SANGEETA','NARULA','Uttar Pardesh','MATHURA','','','NARULA NURSING HOME,REFINARY','NULL',''),(1132,'VARTIKA','KISHORE','Uttar Pardesh','MATHURA','','','AROGYA HOSPITAL,VRINDAVAN','NULL',''),(1133,'Kehkashan','NULL','Uttar Pardesh','Saharanpur','','','Kausar Nursing Home, Mandi Samiti Chowk ,Dehradun ','9412231153',''),(1134,' Meenakshi','Garg','Uttar Pardesh','Saharanpur','','','Jeevan Jyoti nursing Home,Lane 4, Partap Nagar ','9319063061',''),(1135,' Anita','Malik','Uttar Pardesh','Saharanpur','','','Malik Nursing Home,Mohalla Mirkot Khumran Rd','9837254543',''),(1136,'Deepa','Aneja','Uttar Pardesh','Saharanpur','','','Aneja Hospital','98370887',''),(1137,'Mamta','Aneja','Uttar Pardesh','Saharanpur','','','Aneja Hospital','9319789290',''),(1138,'Chitra','Manchanda','Uttar Pardesh','Saharanpur','','','Sameer Nursing','NULL',''),(1139,'Shobha','Jain','Uttar Pardesh','Saharanpur','','','Clinic','NULL',''),(1140,'Vinita','Malhotra','Uttar Pardesh','Saharanpur','','','Shanti Nursinhg Home','NULL',''),(1141,'Shoba','Singh','Uttar Pardesh','Saharanpur','','','Parteek Orthopaedic & Maternity Center','9837635731',''),(1142,'Renu','Singhal','Uttar Pardesh','Saharanpur','','','Sunehari Devi Trauma & Maternity Centre','9837150145',''),(1143,'Sonia','Banerjee','Uttar Pardesh','Saharanpur','','','Banerjeed Hosp','NULL',''),(1144,'Manjit','Luthra','Uttar Pardesh','Saharanpur','','','Luthra Nursing Home,C52 Vasant Vihar','9897059280',''),(1145,'Poonam','Makhija','Uttar Pardesh','Saharanpur','','','Saksham Hosp.','NULL',''),(1146,'Indira','Bhargava','Uttar Pardesh','Saharanpur','','','Bhargava Nursing Home,Lane 3, Giil Colony','9412231811',''),(1147,'Smita','Kapil','Uttar Pardesh','Saharanpur','','','Dr Smita Maternity Center,22 B Mission Compound Sanjaya Park','NULL',''),(1148,'Meenal','Goel','Uttar Pardesh','Saharanpur','','','Goyal Nursing Home','9412232336',''),(1149,'Sujata','Dang','Uttar Pardesh','Saharanpur','','','Jaccha Baccha ','NULL',''),(1150,'Poonam','Kumar','Uttar Pardesh','Saharanpur','','','Pararthana Nursing','NULL',''),(1151,'Rekha','Maratha','Uttar Pardesh','Saharanpur','','','Maratha Hosp,15-Friends Colony','NULL',''),(1152,'Anil','Bhalla','Uttar Pardesh','Saharanpur','','','Ramaya Infertility Clinic','NULL',''),(1153,'Nutan','Updhaya','Uttar Pardesh','Saharanpur','','','Santosh Hosp','9719161888',''),(1154,'Bharti','Kalara','Uttar Pardesh','Saharanpur','','','Asha Hospital','9279177133',''),(1155,'Mona','Shalini','Uttar Pardesh','Saharanpur','','','Dr. Atul Kumar Verma Clinic','935883821',''),(1156,'Gaytri','Sehgal','Uttar Pardesh','Saharanpur','','','Sona Trauma & Maternity Centre','NULL',''),(1157,'Sangeeta','Gupta','Uttar Pardesh','Saharanpur','','','Guptas Hospital,Church road Near hakikat Nagar','9412480222',''),(1158,'Vandana','NULL','Uttar Pardesh','Saharanpur','','','Dr. Vandana Clinic','NULL',''),(1159,'Asha','goyal','Uttar Pardesh','Saharanpur','','','Goyal Nursing Home','NULL',''),(1160,'Suman','Taneja','Uttar Pardesh','Saharanpur','','','Karam Chand seva Hospital','NULL',''),(1161,'B','Dutta','Uttar Pardesh','Saharanpur','','','clinic','NULL',''),(1162,'Satish','Bhandari','Uttar Pardesh','Saharanpur','','','Clinic','NULL',''),(1163,'Anita','Joshi','Uttar Pardesh','Saharanpur','','','Civil hospital','NULL',''),(1164,'Vijay','Shrotiya','Uttar Pardesh','Saharanpur','','','Civil hospital','NULL',''),(1165,'Padmini','Joshi','Uttar Pardesh','Saharanpur','','','Civil hospital','NULL',''),(1166,'Alka','Dixit','Uttar Pardesh','Saharanpur','','','Civil hospital','NULL',''),(1167,'KK','Singh','Uttar Pardesh','Saharanpur','','','Clinic','NULL',''),(1168,'Urmila','Gupta','Uttar Pardesh','Saharanpur','','','Railway hospital','NULL',''),(1169,'Usha','NULL','Uttar Pardesh','Saharanpur','','','Clinic','NULL',''),(1170,'V','Handa','Uttar Pardesh','Saharanpur','','','Civil hospital','NULL',''),(1171,'meenu','Pradhan','Uttar Pardesh','Saharanpur','','','NULL','NULL',''),(1172,'Monika','Mallick','Uttar Pardesh','Noida','','','Max hospital,E-2, sector-26,','9811109900',''),(1173,'Sanchita','Dubey','Uttar Pardesh','Noida','','','Apollo hospital,E-2, sector-26,','9868476292',''),(1174,'Jigyasa','Govel','Uttar Pardesh','Noida','','','Jigaysa govel clinic,Parasvnath shop no-5,Next shipra moll','9818301233',''),(1175,'Aradhana','NULL','Uttar Pardesh','Noida','','','Fortis Hospital,Sector-62','9868788490',''),(1176,'Usha','Zutshi','Uttar Pardesh','Noida','','','Usha Zutshi Clinic,A-204, Sector-22','9910120727',''),(1177,'Shampa','Jha','Uttar Pardesh','Noida','','','Vinayak Hospital,sec-27,atta market','9810572480',''),(1178,'Preeti','Chauhan','Uttar Pardesh','Noida','','','Surbhi Hospital,T-02, Sector-12, ','9873134443',''),(1179,'Sweta','Mathur','Uttar Pardesh','Noida','','','Surbhi Hospital,T-02, Sector-12, ','9811236060',''),(1180,'Vandana','Sharma','Uttar Pardesh','Noida','','','Sai Maternity & ENT Clinic,D-65, Sector - 40','9818333291',''),(1181,'Kalpana','Kulshesta','Uttar Pardesh','Noida','','','Vinayak Hospital,sec-18','9818860889',''),(1182,'Pushpa','Kaul','Uttar Pardesh','Noida','','','Sai Aashirwad Medical Centre,D-17, Sector-61','9810519528',''),(1183,'Abhilasha','Pathak','Uttar Pardesh','Noida','','','Life Care Orthopadic & Mat. Centrem,Sector - 41','9811725400',''),(1184,'Saroj','Chandra','Uttar Pardesh','Noida','','','Prayag Hospital,sec-41','9811256443',''),(1185,'Uma','Rai','Uttar Pardesh','Noida','','','Max hospital,sec-19','9811837925',''),(1186,'Rashmi','Vyas','Uttar Pardesh','Noida','','','Arogaya child and maternity clinic,sec-110','0120-2455245',''),(1187,'Sushila','Deswal','Uttar Pardesh','Noida','','','SAI CLINIC,dharam market atta sec-27','9810348790',''),(1188,'Dipa','Manna','Uttar Pardesh','Noida','','','nmc hospital,SEC-30','9818880381',''),(1189,'anju','suryapani','Uttar Pardesh','Noida','','','metro hospital','9811962896',''),(1190,'bela','ravikant','Uttar Pardesh','Noida','','','metro hospital,sec-11,block-L','9971234699',''),(1191,'Shanta','Nangia','Uttar Pardesh','Noida','','','charitable polyclinic,b-183/d, sec-19','NULL',''),(1192,'Girija','Tikkoo','Uttar Pardesh','Noida','','','Apollo hospital,E-2, sector-26,','9911680057',''),(1193,'Anjali','Gupta','Uttar Pardesh','Noida','','','Dr. Atul Kumar Verma Clinic,C - 217 / Sec - 20','9873934222',''),(1194,'Perna','NULL','Uttar Pardesh','Noida','','','charitable polyclinic,b-183/d, sec-19','9958673244',''),(1195,'Rashmi','Lata','Uttar Pardesh','Noida','','','Tanvi clinic,bhangle','9810353989',''),(1196,'Neena','tyagi','Uttar Pardesh','Noida','','','yatharth hospital,bhangle','9810277185',''),(1197,'Savita','Arora','Uttar Pardesh','Noida','','','Ganpati hospital,H-33, Sector -27','9971183703',''),(1198,'Smriti','Vaid','Uttar Pardesh','Noida','','','Apollo hospital,E-2, sector-26,','9810571548',''),(1199,'Deepa','Saxena','Uttar Pardesh','Shahjahanpur','','','Brijdeep Nursing Home,237,Hundal Khel','9415326825',''),(1200,'Rashmi','Kanaujia','Uttar Pardesh','Shahjahanpur','','','Kanaujia Nursing Home,Hundal Khel','9415088866',''),(1201,'Keerti','Tandon','Uttar Pardesh','Shahjahanpur','','','Tandon Nursing Home & Maternity Centre,Moh.Choubhurgi Near Purana Diss. Hospital','9358375601',''),(1202,'Manjula','Saxena','Uttar Pardesh','Shahjahanpur','','','Mohan Nursing Home,Tareen Bahadur Ganj','9335550700',''),(1203,'Asha Rani','Gupta','Uttar Pardesh','Shahjahanpur','','','Chandra Nursing Home,N.H.24,Rosa Near Primary School','9415070301',''),(1204,'Savita','Behl','Uttar Pardesh','Shahjahanpur','','','Dr. Surendra Behl Clinic & X-RaySadar Bazar Near Police Station','9415070456',''),(1205,'Rashmi','Behl','Uttar Pardesh','Shahjahanpur','','','Dr.B N Behl Memorial Hosp.,Town Hall opp. Distt. Industry Centre','9415119364',''),(1206,'Kalpana','Agarwal','Uttar Pardesh','Shahjahanpur','','','Sri Balaji Hosp.& Maternity Centre, Chota Chowk','9415035282',''),(1207,'Nupur','Srivastava','Uttar Pardesh','Shahjahanpur','','','Jagrani Maternity & Child Care Centre,Malkhana Road Near Devi Prasad Inter College','9415166901',''),(1208,'Shuba','Dixit','Uttar Pardesh','Shahjahanpur','','','Shekhar Charitable Hospital.,Near Anta Chauraha','9415035125',''),(1209,'Neena','Kapoor','Uttar Pardesh','Shahjahanpur','','','Kapoor Hosp.Child Care & Maternity Center,Near Old Distt. Hospital','9415326534',''),(1210,'Geeta','Pandey','Uttar Pardesh','Shahjahanpur','','','Vishwnath Clinic & Diognostic Centre,IN Front of post office','9839993660',''),(1211,'Indu','Gupta','Uttar Pardesh','Shahjahanpur','','','Dr. Indu Gupta Clinic,Taheen Bahadurganj Near Meat Market ganj','9415081771',''),(1212,'Prerna','Gupta','Uttar Pardesh','Shahjahanpur','','','Ayushman Hospital&Maternity Centre,Anta Chaurha','9935080600',''),(1213,'Seema','Agarwal','Uttar Pardesh','Shahjahanpur','','','Kamla Medical centre,Diss.Hospital road Near misson School','9235789303',''),(1214,'Asma','Hikmat','Uttar Pardesh','Shahjahanpur','','','Hikmat Hospital,Anta Chaurha','9235741581',''),(1215,'Suman','Rastogi','Uttar Pardesh','Shahjahanpur','','','Krishna nursing home,khalil Sharki ','9415035472',''),(1216,'Usha','Shukla','Uttar Pardesh','Shahjahanpur','','','Mahakalp Hospital,Mishripu,Shahjahanpurr','9450344508',''),(1217,'Karuna','Agarwal','Uttar Pardesh','Shahjahanpur','','','Seva Sadan,Tilhar','9415326764',''),(1218,'kiran','Deep','Uttar Pardesh','Shahjahanpur','','','Mohan Nursing Home,Tareen Bahadur Ganj','NULL',''),(1219,'SARIKA','Agarwal','Uttar Pardesh','FIROZABAD','','','VARDAN MOTHER &CHILD CARE CENTRE,OPP BUS STAND','9897083453',''),(1220,'RENU','GUPTA','Uttar Pardesh','FIROZABAD','','','MOHAN BHAIYA HOSPITAL,NEAR BUS STAND','9897457580',''),(1221,'POONAM','Agarwal','Uttar Pardesh','FIROZABAD','','','OM HOSPITAL&RESEARCH CENTRE,S N ROAD','9412268911',''),(1222,'POONAM','BANSAL','Uttar Pardesh','FIROZABAD','','','BANSAL NURSING &MATERNITY HOME,SADAR BAZAR','NULL',''),(1223,'RACHNA','JAIN','Uttar Pardesh','FIROZABAD','','','JEEVAN DHARA HOSPITAL,NEAR POST OFFICE','9219409762',''),(1224,'SHIVANI','Agarwal','Uttar Pardesh','FIROZABAD','','','S M AGARWAL HOSPITAL,NEAR POST OFFICE','NULL',''),(1225,'POONAM','JINDAL','Uttar Pardesh','FIROZABAD','','','JINDAL NURSING HOME,STREET 2','NULL',''),(1226,'ALKA','MITTAL','Uttar Pardesh','FIROZABAD','','','MITTAL NURSING&MATERNITY HOME,2,MATHURA NAGAR,BYE PASS ROAD','NULL',''),(1227,'SAROJ','KHANNA','Uttar Pardesh','FIROZABAD','','','KHANNA NURSING HOME,BYE PASS ROAD','NULL',''),(1228,'MANISHA','GUPTA','Uttar Pardesh','FIROZABAD','','','B D G HOSPITAL,BYE PASS ROAD','NULL',''),(1229,'DEEPTI','SAXENA','Uttar Pardesh','FIROZABAD','','','SAXENA NURSING HOME,BYE PASS ROAD','9837150768',''),(1230,'KAVITA','Agarwal','Uttar Pardesh','FIROZABAD','','','M C AGARWAL HOSPITAL,BYE PASS ROAD','NULL',''),(1231,'PRERNA','Agarwal','Uttar Pardesh','FIROZABAD','','','M C AGARWAL HOSPITAL,BYE PASS ROAD','NULL',''),(1232,'CHAVI','GUPTA','Uttar Pardesh','FIROZABAD','','','RAGHU SHANTI NURSING HOME,NEAR CENTRAL CINEMA','9411827262',''),(1233,'ANJANA','GUPTA','Uttar Pardesh','FIROZABAD','','','RAMA DARSHAN NURSING HOME,NEAR N.HIGHWAY','NULL',''),(1234,'Indu Bala','Mishra','Uttar Pardesh','Bijnor','','','Akansha Hospital , N-9, Behind Bijili Ghar, Vidur Kuti Road','NULL',''),(1235,'Nirupama','Chaudhary','Uttar Pardesh','Bijnor','','','Kartik hospital,Gayatri Nursing Home Civil Lines','NULL',''),(1236,'Neeta','Singh','Uttar Pardesh','Bijnor','','','Gayatri Nursing Home ,Roadways Tiraha, Bijnor','NULL',''),(1237,'Pratibha','Agarwal','Uttar Pardesh','Bijnor','','','Agarwal Clinic,Kiratput Road, Bijnor','NULL',''),(1238,'Nikunj','NULL','Uttar Pardesh','Bijnor','','','Hiralal Nursing Home,Near Judge & Court Crossing Civil line','9319241773',''),(1239,'Rita','Tyagi','Uttar Pardesh','Bijnor','','','Rita Nursing Home,Civil Lines - II, Bijnor','9412489850',''),(1240,'Renu','Singh','Uttar Pardesh','Bijnor','','','Kundan Mother & Childcare Centre,Shakti Chowk, Civil Lines','9837079731',''),(1241,'Seema','Chaudhary','Uttar Pardesh','Bijnor','','','Chaudhary Heart Care Centre,Opp. Town Hall Civil Lines','NULL',''),(1242,'Neha','Chaudhary','Uttar Pardesh','Bijnor','','','Shree Gopal Hospital Hospital,Fauji Clinic, Chahshiri Road','NULL',''),(1243,'Hari G','Rastogi','Uttar Pardesh','Bijnor','','','Fauji clinic,Opp.Civil court haridwar road','9412361263',''),(1244,'Birbal','Singh','Uttar Pardesh','Bijnor','','','Singh clinic,Cour road civil lines','NULL',''),(1245,'Leela','Joshi','Uttar Pardesh','Kashipur','','','Joshi Hospital,Moradabad Road','9358564777',''),(1246,'Meenu','Sood','Uttar Pardesh','Kashipur','','','Sood Hospital,Near Design Centre Moradabad Road','NULL',''),(1247,'Ela','Mehrotra','Uttar Pardesh','Kashipur','','','Mehrotra Hospital,Moradabad Road','NULL',''),(1248,'Rachna','Rastogi','Uttar Pardesh','Kashipur','','','J.P Rastogi Eye&Maternity Hospital,Doctor Lane','9412986337',''),(1249,'Reeta','Mehrotra','Uttar Pardesh','Kashipur','','','M.R.Nursing Home,Doctor Lane','9837064220',''),(1250,'Tulika','Phatak','Uttar Pardesh','Kashipur','','','Sanjeevni Nursing Home,Bajpur Road','NULL',''),(1251,'Madhu','Varma','Uttar Pardesh','Kashipur','','','Anita Memorial Nursing Home,Chati Chauraha','9460045718',''),(1252,'Pratima','Khanna','Uttar Pardesh','Kashipur','','','Khanna Nursing HomeNear Pnb Opp. Ggic','9837686044',''),(1253,'Reena','Singal','Uttar Pardesh','Kashipur','','','Singhal Nursing Home,Ramnagar Road','9837185162',''),(1254,'Sikha','Gupta','Uttar Pardesh','Kashipur','','','Kasturi devi mother & child care hospital,Moradabad Road','NULL',''),(1255,'NOOPUR','SRIVASTAVA','Uttar Pardesh','SULTANPUR','','','SARAN NURSING HOME,ALLAHABAD ROAD','9335360702',''),(1256,'REKHA','SINGH','Uttar Pardesh','SULTANPUR','','','SWARAJ HOSPITAL,NEAR DM RESD. BUS STATION','9919184463',''),(1257,'ANITA','GUPTA','Uttar Pardesh','SULTANPUR','','','NIRMALA UPCHAR KENDRAM,1112,OPP.PANJABI COLONY','9450714536',''),(1258,'NILIMA','BHATNAGAR','Uttar Pardesh','SULTANPUR','','','SRIVASTAVA HEART CARE CENTRE,95-CIVIL LINES 2,BARHAIYA BEER ROAD','NULL',''),(1259,'MANJULA','TRIPATHI','Uttar Pardesh','SULTANPUR','','','ASTHA HOSPITAL & HEART CENTRE,FAIZABAD ROAD, NEAR GOKUL GHATPOOL','9415394340',''),(1260,'PUSHPLATA','RAJPOOT','Uttar Pardesh','SULTANPUR','','','MAYURI MAHILA & INFERTILITIY CLINIC,748/1,CIVIL LINES ,SITA KUND','9415443097',''),(1261,'MANISHA','MEHTANI','Uttar Pardesh','SULTANPUR','','','KARUNASHARAYA MISSIONARY HOSPITAL,TIKONIA CHOWARAHA, NEAR ROADWAYS','9415968495',''),(1262,'KANCHAN','GUPTA','Uttar Pardesh','SULTANPUR','','','SUPER MARKET,SULTANPUR','9452648447',''),(1263,'VK','GUPTA','Uttar Pardesh','SULTANPUR','','','NIRMALA UPCHAR KENDRAM,1112,OPP.PANJABI COLONY','9450714536',''),(1264,'R','TANDON','Uttar Pardesh','Sitapur','','','TRANSPORT CHAURAHA,GGSMARG,SITAPUR','NULL',''),(1265,'SHEPHALI','GOEL','Uttar Pardesh','Sitapur','','','SANTOSH CLINIC,NAER KAJIYARA CHAURAHA,OLD SITAPUR','9453388608',''),(1266,'CHITRA','VAISH','Uttar Pardesh','Sitapur','','','ESHWAR MOTHER & CHILD CARE CENTRE,INFRONT OF I.TAX,RAM NAGAR,SITAPUR','NULL',''),(1267,'NEERA','JAISWAL','Uttar Pardesh','Sitapur','','','PRAGATI NURSING HOME & TRAUMA CENTRE,JAIL ROAD RAILWAY CROSSING , SITAPUR','NULL',''),(1268,'SHALU','KAPOOR','Uttar Pardesh','Sitapur','','','BAL MAHILA CHIKITSALAYA,HARDOI ROAD','NULL',''),(1269,'RENU','MAHESH','Uttar Pardesh','Sitapur','','','RENU MAHESH HOSPITAL & SURGICAL NURSING HOME,CIVIL LINES, SITAPUR','NULL',''),(1270,'KANIKA','Agarwal','Uttar Pardesh','Sitapur','','','SAKSHAM NURSING HOME,SACRED HEART,PAC ROAD,SITAPUR','NULL',''),(1271,'SHIKHA','GUPTA','Uttar Pardesh','Sitapur','','','AMRIT NURSING HOME,CIVIL LINES, SITAPUR','NULL',''),(1272,'ANJU','KANNOJIA','Uttar Pardesh','JAUNPUR','','','ASHIRWAD HOSPITAL & REASEARCH CENTRE,POLYTECHNIC CHOURAHA,IN FRONT OF KRISHI BHAWAN','NULL',''),(1273,'SMITA','SRIVASTAVA','Uttar Pardesh','JAUNPUR','','','ISHA HOSPITAL,MARIYAHUN PADAV,CITY STATION ROAD,HARIBHANDHANPUR','NULL',''),(1274,'PANKHURI','SRIVASTAVA','Uttar Pardesh','JAUNPUR','','','MATERNITY & SURGICAL NURSING HOME,MANIK CHOWK,RASMANDAL','NULL',''),(1275,'SHUBHA','SINGH','Uttar Pardesh','JAUNPUR','','','HARSHIT MEDICAL CENTRE PVT. LTD.(NAVJEEWAN HOSPITAL),WAJIDPUR TIRAHA','NULL',''),(1276,'ALKA','YADAV','Uttar Pardesh','JAUNPUR','','','GUPTA HOSPITAL & RESERCH CENTRE,MARIYAHUN PADAV,CITY STATION ROAD,HARIBHANDHANPUR','NULL',''),(1277,'MADHU','SHARDA','Uttar Pardesh','JAUNPUR','','','KRISHNA HEARTCARE & MATERNITY HOME,KRISHNA COLONY,NEAR JAYCESS CHOURAHA','9452742888',''),(1278,'Parul','Gupta','Uttar Pardesh','Budaun','','','Civil Lines Indira Chowk','9927537537',''),(1279,'Suniti','Gupta','Uttar Pardesh','Budaun','','','Gupta Maternity & Nursing Home,Civil Lines, Indira Chowk','NULL',''),(1280,'Manju','Verma','Uttar Pardesh','Budaun','','','Verma Clinic & Maternity Home,Station Road Civil Lines','NULL',''),(1281,'Swatantra Bala','Agarwal','Uttar Pardesh','Budaun','','','Agarwal Genral Hospital,Near Bijli Ghar Moh. Panwadhi','9897631070',''),(1282,'Seema','Saran','Uttar Pardesh','Budaun','','','Merrygold Hospital,Officers colony Near D.M.Kothi ','9412195161',''),(1283,'Usha','Tiwari','Uttar Pardesh','Deoria','','','Prince Nursing Home','9935292747',''),(1284,'Namrata','Singh','Uttar Pardesh','Deoria','','','Samridhi Clinic','9235924942',''),(1285,'Manju','Agarwal','Uttar Pardesh','Deoria','','','Dr.Manju Agarwal','NULL',''),(1286,'Shashi','Gupta','Uttar Pardesh','Deoria','','','Prabha Prakash Clinic,Ghasi Ram Road','NULL',''),(1287,'Ashok','Rai','Uttar Pardesh','Deoria','','','Sabitri Nursing Home,Barhaj Road','NULL',''),(1288,'Vidya','Gokhle','Uttar Pardesh','Pilibhit','','','Gokhle Hospital,Gandhi Stadium Road','9837054378',''),(1289,'Shakun','Agarwal','Uttar Pardesh','Pilibhit','','','S.S.Hospital,8-Ekta Nagar','NULL',''),(1290,'Mamta','Saxena','Uttar Pardesh','Pilibhit','','','Sanjivani Hospital & Maternity Home,Near Naugwa Chauraha','9897359737',''),(1291,'Poonam','Gangwar','Uttar Pardesh','Pilibhit','','','Anuj Nursing Home,In Front Of Sitapur Eye Hospital, Station Road','NULL',''),(1292,'Neelam','singh','Uttar Pardesh','Pilibhit','','','Sri swati hospital,Gandhi Stadium Road','9452270902',''),(1293,'Geetanjli','NULL','Uttar Pardesh','Pilibhit','','','Dhanvantri& mother Care centre,Gandhi Stadium Road','9411202924',''),(1294,'Shushma','Arya','Uttar Pardesh','Unnao','','','sushma hospital shuklaganj unnao','9839086361',''),(1295,'rekha','singh','Uttar Pardesh','unnao','','','1071 -b awas vikas unnao','NULL',''),(1296,'SK','PANDEY','Uttar Pardesh','unnao','','','CHANDRA KUSUM HOSPITAL,RAJDHANI MARG','9721629445',''),(1297,'DEEPIKA','Agarwal','Uttar Pardesh','MUGALSARAI','','','AGRAWAL NURSING HOME','9807942006',''),(1298,'NILIMA','SINGH','Uttar Pardesh','MUGALSARAI','','','ANAND NURSING ,EASTRN BAZAR,RAM MANDIR','NULL',''),(1299,'NERUPMA','DAYAL','Uttar Pardesh','MUGALSARAI','','','DAYAL NURSING HOME,335/1 ,RAVINAGAR','9889282728',''),(1300,'VANDNA','SINGH','Uttar Pardesh','MUGALSARAI','','','SAYARSH NURSING HOME','9415536263',''),(1301,'Neelam','Singhal','Uttar Pardesh','Rampur','','','Rama Singhal maternity  hospital &fertility centre,Civil line','9756287700',''),(1302,'Preeti','Agarwal','Uttar Pardesh','Rampur','','','Ishwar nursing home,Civil line','9897023386',''),(1303,'Meeta','Gupta','Uttar Pardesh','Rampur','','','Lovy Nursing home,Civil line','9837155659',''),(1304,'Padma','Gupta','Uttar Pardesh','Rampur','','','Jeevan Clinic,Near Mahila Thana Kothi KhasBag','9897122223',''),(1305,'Pratibha','Gupta','Uttar Pardesh','Rampur','','','Gupta Nursing home,Purana ganj','9837037872',''),(1306,'Musarat','Khan','Uttar Pardesh','Rampur','','','Seva Nursing Home,Kila Top khana Road','9219691231',''),(1307,'ALKA',' TRIPATHI','Uttar Pardesh','RAEBARELI','','','NITYA ULTRA SOUND&DIAGNOSTIC CLINIC,NEAR SUPER MARKET ','NULL',''),(1308,'ANITA',' TRIPATHI','Uttar Pardesh','RAEBARELI','','','ARPAN NURSING HOME','NULL',''),(1309,'APARNA','Agarwal','Uttar Pardesh','RAEBARELI','','','RAFI NAGAR CIVIL LINES','9415117684',''),(1310,'GEETA','SHARMA','Uttar Pardesh','RAEBARELI','','','SHARMA NURSING HOME','9415091203',''),(1311,'HIMANI','RASTOGI','Uttar Pardesh','RAEBARELI','','','VINAYAK MEDICAL STORE ','9452080953',''),(1312,'LEENA','SINGH','Uttar Pardesh','RAEBARELI','','','ANUK AMPA NURSING HOME','NULL',''),(1313,'OMIKA',' CHAUHAN','Uttar Pardesh','RAEBARELI','','','SIMHANS HOSPITAL,551 CIVIL LINES  RAEBARELI','NULL',''),(1314,'SHANTI','SINGH','Uttar Pardesh','RAEBARELI','','','MAMTAW CLINIC','9415034545',''),(1315,'SUMEDHA','RASTOGI','Uttar Pardesh','RAEBARELI','','','SHRIKRISHNA NURSING HOME,INDIRA NAGAR ','9235755233',''),(1316,'TARA','JAISWAL','Uttar Pardesh','RAEBARELI','','','PRAKASH MATERNITY CENTRE','NULL',''),(1317,'USHA',' YADAV','Uttar Pardesh','RAEBARELI','','','JILA CHIKITSALAYA','NULL',''),(1318,'PRAGYA','KASERA','Uttar Pardesh','MIRZAPUR','','','MRITTUNJAY HOSPITAL,GIRDHER CHOURAHA,BADLIKATRA,RAMBAGH','9415362051',''),(1319,'ARCHANA','KASERA','Uttar Pardesh','MIRZAPUR','','','ONKAR HOSPITAL,RAMBAGH,JAGAN SAO KI GALI,DANKEEN GANJ','9336901564',''),(1320,'BHAWANA','TIWARI','Uttar Pardesh','MIRZAPUR','','','ANND HOSPITAL& MATERNITY HOME,NEAR ICICI BANK ,MISHAN COMPOUND, RAMAI PATTY','9452639224',''),(1321,'RENUKA','MUSADDI','Uttar Pardesh','MIRZAPUR','','','SAMARTH HOSPITAL,SUNG MAHAL,STATION ROAD,RAMBAGH','NULL',''),(1322,'MRIDULA','JAYSWAL','Uttar Pardesh','MIRZAPUR','','','KRISHNA CLINIC,NEAR JBT INTER COLLEGE,RAMAI PATTY','9936080866',''),(1323,'SADHNA','JAISWAL','Uttar Pardesh','MIRZAPUR','','','DEEPSHIKHA NURSING HOME,RAIDANI COLONY, RAMBAGH','NULL',''),(1324,'MEENA','VISHWAKARMA','Uttar Pardesh','MIRZAPUR','','','HARSH MATERNITY & NURSING HOME,BARRYA GHAT,RAMBAGH','NULL',''),(1325,'C','BARNWAL','Uttar Pardesh','MIRZAPUR','','','MUZAFFARGANJ,NEAR LAL DIGGI,RAMBAGH','9235719213',''),(1326,'ASHOK','SAXENA','Uttar Pardesh','LALITPUR','','','96 CHOBEYANA','9411400565',''),(1327,'ALKA','Agarwal','Uttar Pardesh','LALITPUR','','','IN FRONT OF DISTRICT HOSPITAL','NULL',''),(1328,'ASHOK','UPADHYAY','Uttar Pardesh','LALITPUR','','','DISTRICT HOSPITAL,CIVIL LINES','NULL',''),(1329,'ESTHER','JHON','Uttar Pardesh','LALITPUR','','','HARRIET BENSON MEMORIAL HOSPITAL,OPP. DISTRICT HOSPITAL ','NULL',''),(1330,'JAI SHREE','RAJ','Uttar Pardesh','LALITPUR','','','JAI SHREE RAJ,OPP. BSE OFFICE JAIL CHAURAHA','9215509434',''),(1331,'KALPNA','JAIN','Uttar Pardesh','LALITPUR','','','DISTRICT HOSPITAL,CIVIL LINE','NULL',''),(1332,'L N','BACHCHAN','Uttar Pardesh','LALITPUR','','','r.r Medical,opp.district hospital','NULL',''),(1333,'P C','JAIN','Uttar Pardesh','LALITPUR','','','DISTRICT HOSPITAL,CIVIL LINE','9450067864',''),(1334,'PRABHA','UPADHAY','Uttar Pardesh','LALITPUR','','','DISTRICT FEMALE HOSPITAL,CIVIL LINE','9415944954',''),(1335,'PRATIBHA','BANSAL','Uttar Pardesh','LALITPUR','','','BANSAL CLINIC, SARIPURA  TALPURA ROAD','9450037735',''),(1336,'RK','Agarwal','Uttar Pardesh','LALITPUR','','','R.K AGARWAL,OPP. DISTRICT HOSPITAL','9452683700',''),(1337,'ANITA','JAIN','Uttar Pardesh','LALITPUR','','','ARCHIT HOSPITAL,OPP. BUS STAND','NULL',''),(1338,'RAJEEV','JAIN','Uttar Pardesh','LALITPUR','','','K.K JAIN HOSPITAL,SADAN SHAH ','NULL',''),(1339,'S KAUR','WALIYA','Uttar Pardesh','LALITPUR','','','RAMA MATERNITY HOME,SADAN SHAH','NULL',''),(1340,'SHOBHA','JAIN','Uttar Pardesh','LALITPUR','','','K.K JAIN HOSPITAL,SADAN SHAH ','NULL',''),(1341,'SHRI PAL','JAIN','Uttar Pardesh','LALITPUR','','','SHRI PAL JAIN,101 SARIPURA','NULL',''),(1342,'USHA','SRIVASTAVA','Uttar Pardesh','LALITPUR','','','SAI KIRPA CLINIC,NAZAI PURA STATION ROAD','NULL',''),(1343,'PUJA','GUPTA','Uttar Pardesh','LALITPUR','','','District hospital,lalitpur ','9415944466',''),(1344,'GITANJALI','NULL','Uttar Pardesh','LALITPUR','','','district hospital,civil line','8004515171',''),(1345,'NAZIMA','KHATOON','Uttar Pardesh','LALITPUR','','','district hospital','9369442954',''),(1346,'RANI','NULL','Uttar Pardesh','LALITPUR','','','Sadar Kanta,460 azadpura , pam road ','9450037301',''),(1347,'BRIJESH chand','Datta','Uttar Pardesh','Saharanpur','','','CHILKANA CHUNGI ','NULL',''),(1348,'Naina','migjani','Uttar Pardesh','Saharanpur','','','0131-22664111','NULL',''),(1349,'Anju','Sehgal','Uttar Pardesh','Saharanpur','','','NULL','NULL',''),(1350,'REKHA','Agarwal','Uttar Pardesh','MORADABAD','','','MOHAN X-RAY CENTER,C-26 HARPAL NAGAR','5912497683',''),(1351,'RICHA','Agarwal','Uttar Pardesh','MORADABAD','','','CHIRAG NURSING HOME,OPP. BALA JI MANDIR ','5912418416',''),(1352,'USHA','Bansal','Uttar Pardesh','MORADABAD','','','CENTRAL POLICE HOSPITAL,TUBEWELL COLONY ','9897402403',''),(1353,'VANDNA','Goel','Uttar Pardesh','MORADABAD','','','CENTRAL POLICE HOSPITAL,TUBE WELL COLONY ','9837972363',''),(1354,'ARCHANA','Agarwal','Uttar Pardesh','MORADABAD','','','UPHAR NURSING HOME,A-13 LAJPAT NAGAR ','05912491483/2441162',''),(1355,'ARUNA','pal','Uttar Pardesh','MORADABAD','','','DISTRICT WOMEN HOSPITAL,CIVIL LINES','9837300393',''),(1356,'ASHA','Malik','Uttar Pardesh','MORADABAD','','','DISTRICT WOMEN HOSPITAL,CIVIL LINES','NULL',''),(1357,'JYOTI','Kanaskar','Uttar Pardesh','MORADABAD','','','DISTRICT WOMEN HOSPITAL,CIVIL LINES','9837301489',''),(1358,'MADHU','Raj','Uttar Pardesh','MORADABAD','','','MADHU RAJ CLINIC,NEAR BALAJI KA MANDIR ','9359791351',''),(1359,'MADHU','Shakher','Uttar Pardesh','MORADABAD','','','SHAKHER HEALTH CARE CENTRE,17 CIVIL LINES ','5912415939',''),(1360,'MADHULIKA','Batra','Uttar Pardesh','MORADABAD','','','BATRA CLINIC,TARI KHANA CHAURAHA','5912317401',''),(1361,'SANGEETA','Swaroop','Uttar Pardesh','MORADABAD','','','CENTRAL POLICE HOSPITAL,TUBE WELL COLONY ','5912484232',''),(1362,'SHAILJA','Shukla','Uttar Pardesh','MORADABAD','','','SRIJAN HOSPITAL,STATE BANK COLONY ','5912417997',''),(1363,'MANJU','Gupta','Uttar Pardesh','MORADABAD','','','DISTRICT WOMEN HOSPITAL,CIVIL LINES','9412235557',''),(1364,'MEERA','Rastogi','Uttar Pardesh','MORADABAD','','','DISTRICT WOMEN HOSPITAL,CIVIL LINES','NULL',''),(1365,'MONA','Agarwal','Uttar Pardesh','MORADABAD','','','SURBHI MOTHER&CHILD CARE,NEAR MADHUBANI PARK ','5912450386',''),(1366,'VIJAY','Dhar','Uttar Pardesh','MORADABAD','','','KASHMIR NURSING HOME,OPP. VATNARY HOSPITAL ','5912320418',''),(1367,'Padmaja','Gupta','Uttar Pardesh','MORADABAD','','','COMPANY BAGH','5912416390',''),(1368,'POONAM','Singh','Uttar Pardesh','MORADABAD','','',' Surya clinic,A-107 LAJPAT NAGAR','5912491191',''),(1369,'PRAGATI','Gupta','Uttar Pardesh','MORADABAD','','','UROLOGY AND FERTILITY CLINIC,GANDHI NAGAR','9927325890',''),(1370,'Q','Sultana','Uttar Pardesh','MORADABAD','','','DISTRICT WOMEN HOSPITAL,CIVIL LINES','9412603483',''),(1371,'RANJANA','NULL','Uttar Pardesh','MORADABAD','','','DISTRICT WOMEN HOSPITAL,CIVIL LINES','NULL',''),(1372,'SUSHMA','Panday','Uttar Pardesh','MORADABAD','','','P.P PANDAY Nursing home,OPP. JAIL','5912419919',''),(1373,'Atiya','Begum','Uttar Pardesh','NULL','','','Sultana Nursing home','NULL',''),(1374,'Alka','Bishnoi','Uttar Pardesh','Bijnor','','','Bishnoi Nursing Homeshakti Chtation roadowk, Civil Lines','9897833688',''),(1375,'LATA','DIXIT','Uttar Pardesh','SHAHJAHANPUR','','','Pariwar seva Sansthan,Infront of Sbi town hall','9956342007',''),(1376,'GEETA','Pradhan','Uttar Pardesh','ALIGARH','','','PRADHAN CLINIC','NULL',''),(1377,'SNEH LATA','Jain','Uttar Pardesh','ALIGARH','','','JAIN CLINIC','NULL',''),(1378,'RAJSHREE','Sharma','Uttar Pardesh','ALIGARH','','','J.N MEDICAL COLLAGE','NULL',''),(1379,'YK','Maheswari','Uttar Pardesh','Aligarh','','','Maheshwari hospital','NULL',''),(1380,'Ranjana','Mawar','Uttar Pardesh','Mathura','','','Ranjana Mawar Clinic','9837367186',''),(1381,'Tanya','Agarwal','Uttar Pardesh','MATHURA','','','Tanya Agarwal Clinic','9319069675',''),(1382,'ekta','Gupta','Uttar Pardesh','Agra','','','R.S. Gupta Nursing and Meternity Home , Near girraj Cold Storege. Agra Road','9758910084',''),(1383,'Jyoti','Gupta','Uttar Pardesh','Agra','','','shakuntla devi hospital , agra road , ','9012738200',''),(1384,'Kalpana','Mohiniya','Uttar Pardesh','Agra','','','Eswardevi cheriteble trust Agra Road','9690009470',''),(1385,'Kamal','Gupta','Uttar Pardesh','Agra','','','R.k. Hospital','NULL',''),(1386,'Geeta',' yadav','Uttar Pardesh','Agra','','','Sree Krashana Hospital , Trans Yamuna A14 phase 2','9760004387',''),(1387,'Sunita','Malhotra','Uttar Pardesh','Agra','','','Sparsh malhotra Hospital, 5 khandari Quarters Master plan road','9917147748',''),(1388,'Vimla','Singh','Uttar Pardesh','Agra','','','Gurudev Merigold Hospital, Nawal Ganj Rambag','NULL',''),(1389,'ANJU',' GUPTA','Uttar Pardesh','AGRA','','','KAILASH KANTA HOSPITAL,POLICE CHOWKI ,SHAHEED NAGAR,SHASHABAD ROAD','NULL',''),(1390,'NEENA','PANDEY','Uttar Pardesh','AGRA','','','PANDEY HOSPITAL,SHYAM NAGAR ,KHERIA MOD','NULL',''),(1391,'POONAM','Agarwal','Uttar Pardesh','AGRA','','','AGARWAL NURSING HOME,C-59 TRANS YAMUNA COLONY ,FIROZABAD BYE PASS,AGRA ','NULL',''),(1392,'REKHA','GUPTA','Uttar Pardesh','AGRA','','','GUPTA NURSING HOME,11 AYODHYA KUNJ ,ARJUN NAGAR','NULL',''),(1393,'SHASHI','GURNANI','Uttar Pardesh','AGRA','','','GURNANI NURSING HOME,SORO KATRA MARKET , SHAHGANJ AGRA','NULL',''),(1394,'SUNITA','SAGAR','Uttar Pardesh','AGRA','','','LADY LOYAL HOSPITAL,NOORI GATE ,RAJA KI MANDI ,AGRA','9412651802',''),(1395,'SUREKHA','SHARMA','Uttar Pardesh','AGRA','','','SHARMA POLY CLINIC,17/3 SADAR BHATTI AGRA','NULL',''),(1396,'Mili','Agarwal','Uttar Pardesh','Firozabad','','','Kamlesh Nursing Home,Opp Garg Hotal','9997599945',''),(1397,'Veena','Jain','Uttar Pardesh','FIROZABAD','','','Bypass','9412592788',''),(1398,'Shikha','Jain','Uttar Pardesh','Firozabad','','','Bypass','9412592788',''),(1399,'Anjali',' Gangwar ','Uttar Pardesh','KANPUR','','','ANJALI HOSPITAL,18 W-2 BARRA VISHWA BANK KANPUR','9919488336',''),(1400,'Rachana','Jain','Uttar Pardesh','KANPUR','','','JAIN HOSPITAL,108B, GHANDI GRAM VINOBHA NAGAR KANPUR','9838533670',''),(1401,'Sangeeta','Ahuja','Uttar Pardesh','KANPUR','','','Kulwanti Hospitals Research Centre,/N/, KAKADEV, KANPUR','9415126208',''),(1402,'Savita','Shahu','Uttar Pardesh','KANPUR','','','SURYA HOSPITAL SURGICAL and MATERNITY CENTRE,580 C SAFIPUR 1 RAMADEVI CHAURAHA KANPUR','9336108491',''),(1403,'Kusum','NULL','Uttar Pardesh','unnao','','','CHANDRA KUSUM HOSPITAL','9935706589',''),(1404,'Neena','pandey','Uttar Pardesh','unnao','','','Near crossing','9839076578',''),(1405,'NIRMAL','KUMARI','Uttar Pardesh','Gorakhpur','','','MAHIPAL SINGH SMARAK SEWAASHRAM CHIKITSALYA,BASHARATPUR MEDICAL ROAD ','5512500537',''),(1406,'RENU','CHANA','Uttar Pardesh','Gorakhpur','','','PRESIDENCY HOSPITAL,CIVIL LINES ','5512202308',''),(1407,'SADHANA','PANDAY','Uttar Pardesh','Gorakhpur','','','R.K HOSPITAL,BANK ROAD GORAKHPUR','9336400352',''),(1408,'Anand','Agarwal','Uttar Pardesh','Gorakhpur','','','Anadlok Remedical Research,Sonauli Road, Nathmalpur,Gorakhnath,Gorakhpur','9415313813',''),(1409,'GP','Goel','Uttar Pardesh','Gorakhpur','','','Goel Hospital,23, Civil Lines, Near-RTO ofiice,Gorakhpur','9415283449',''),(1410,'Rakesh',' Dubey','Uttar Pardesh','Gorakhpur','','','Pulse Hospital,Kasia Road,Opp V Park, Mohaddipur, Gorakhpur','9235392282',''),(1411,'Rashmi',' Rai','Uttar Pardesh','Gorakhpur','','','Rachit hospital.33,Kasia Road, In front of DIG Bunglow Lane, Bilandpur, Gorakhpur','9450959300',''),(1412,'Durgesh','Pandey','Uttar Pardesh','Gorakhpur','','','Satyam Nursing Home,Bichchiya,PAC Camp Gorakhpur','9919772510',''),(1413,'SP','Singh','Uttar Pardesh','Gorakhpur','','','Sewak Mediassist,18 A Opp- Sahara Uphar Complex,Daudpur,Gorakhpur','9415319160',''),(1414,'SS','Shahi','Uttar Pardesh','Gorakhpur','','','Shahi Global Hospital,Daudpur,Nahar Road,Gorakhpur','9935067894',''),(1415,'MADHU','Agarwal','Uttar Pardesh','VARANASI','','','SARAF HOSPITAL,OPP. SAKET MANDAP ','NULL',''),(1416,'PRIYAMVADA','TIWARI','Uttar Pardesh','VARANASI','','','AMRIT POLY CLINIC,D-53/97 CHOTI GAIBI INFRONT OF KAMACHHA P.O LUXA','NULL',''),(1417,'RENU','PANDEY','Uttar Pardesh','VARANASI','','','DR. RENU PANDEY,274-A NEAR RAILWAY OFFICERS COLONY','NULL',''),(1418,'SHAIL','SINGA','Uttar Pardesh','VARANASI','','','SHAIL NURSING HOME,2 RAJ RAJESHWARI COLONY ','NULL',''),(1419,'Swarn','Singh','Uttar Pardesh','VARANASI','','','Anurag Matri Sadan,CK-65/212, Piyari Kala, Varanasi','9935277593',''),(1420,'ASHUTOSH','Agarwal','Uttar Pardesh','VARANASI','','','J AYUSHMAN HOSPITAL TRAUMA CENTER,25/59,ALAIPUR,G.T.ROAD,IN FRONT OF VARANASI CITY RAILWAY STATION,V','9415219856',''),(1421,'SUDHIR','Singh','Uttar Pardesh','VARANASI','','','Getwell Hospital,N-6/2B-2-2, INDIRA NAGAR, CHITAIPUR, DLW Hydel Road,VARANASI','9450359093',''),(1422,'MR','Singh','Uttar Pardesh','VARANASI','','','HERITAGE HOSPITAL LTD,LANKA, VARANASI, UTTAR PRADESH','9415221743',''),(1423,'MANMOHAN','NULL','Uttar Pardesh','VARANASI','','','MEDWIN HOSPITAL AND RESEARCH CENTRE,K 58/77 BARA GANESH, MAIDAGIN VARANASI','9336917365',''),(1424,'girja','Dwivedy','Uttar Pardesh','VARANASI','','','midway hospital,sigra, varanasi, uttar pradesh','9452073387',''),(1425,'GEETA','Pandey','Uttar Pardesh','VARANASI','','','PRIYA MATERNITY NURSING HOME PVT. LTD.,B-1/5, GULAB BAGH, SIGRA, VARANASI, UTTAR PRADESH','9415201868',''),(1426,'Ashok','Bhatt','Uttar Pardesh','VARANASI','','','Shri Gangaram HospitalA Unit of G.R.Bhatt Memorial Hospital Pvt Ltd,N.H.2 Behind B.H.U,Dafi, Lanka,V','9839041274',''),(1427,'PRAGYA','SHALIGRAM','Uttar Pardesh','MUGALSARAI','','','SHUBHKAMNA MATERNITY & NURSING HOME,G.T ROAD MUGHALSARAI','NULL',''),(1428,'JS','GUPTA','Uttar Pardesh','MIRZAPUR','','','GOVIND MEMORIAL CLINIC','9839174623',''),(1429,'AMITA','HANSBEDI','Uttar Pardesh','MIRZAPUR','','','D.D.TRIPATHI MEMORIAL HOSPITAL,CIVIL LINES','9794845072',''),(1430,'VIDYA','SINGH','Uttar Pardesh','Barabanki','','','NEAR JAIN NURSING HOME','NULL',''),(1431,'ARTI','NULL','Uttar Pardesh','Barabanki','','','DEWA HOSPITAL,LUCKNOW ROAD','9415048949',''),(1432,'RICHA','MISHRA','Uttar Pardesh','Barabanki','','','HIND HOSPITAL OF MEDICAL SCIENCE,SAFEDABAD','NULL',''),(1433,'NULL','NULL','Uttar Pardesh','Barabanki','','','AROGYA DHAM MLTI SPECIALITY HOSPITAL & RESEARCH CENTRE,LKO ROAD','9415080210',''),(1434,'Anita','chhabaria','Uttar Pardesh','Bareilly','','','Addya Maternity Home,C-929 Rajendra nagar,near SSD Plaza ','9412371750',''),(1435,'Manmeet','Sethi','Uttar Pardesh','Bareilly','','','Aash Nursing home,Stadium Road Alliance Building Relexo show room Ke Neeche','9837842378',''),(1436,'Satvinder','Kaur','Uttar Pardesh','Bareilly','','','Shree Guru hri Krishan  Maternity & infertility centre,c-927 Rajendra nagar near suri colour lab','9412067275',''),(1437,'Poornima','Agarwal','Uttar Pardesh','Bareilly','','','Stubb,s Maternity Home Child Walfare Society,Kutub Khana Main Road Sabzi Mandi','9412288590',''),(1438,'Monika','Gupta','Uttar Pardesh','Bareilly','','','Sheel Maternity Surgical Nursing Home,Alamgiri Ganj','9412501818',''),(1439,'Rajkumari','Mittal','Uttar Pardesh','Bareilly','','','Mittal Child  Care Clinic,Kali Bari','9412290068',''),(1440,'Anita','Agarwal','Uttar Pardesh','Bareilly','','','Dinesh Nursing Home,Siklapur','NULL',''),(1441,'Meera','Viash','Uttar Pardesh','Bareilly','','','Sewa Hospital,956/946-B Katra Chand Khan Isayon Ki Puliya Old city','9897612224',''),(1442,'Sofia','Ansari','Uttar Pardesh','Bareilly','','','Moh. Ali Sofiya Haroon Hospital,Akash puram colony Jagatpur Old city','9837074757',''),(1443,'Darksha','Abbas','Uttar Pardesh','Bareilly','','','Fatima Hospital,Jagatpur Old city ','9319431187',''),(1444,'Smriti','gangwar','Uttar Pardesh','Bareilly','','','kopal hospital suresh sharma nagar,Suresh Sharma Nagar ','9412290068',''),(1445,'Kiran','Gangwar','Uttar Pardesh','Bareilly','','','Patel Hospital,Near Choti Bihar Pilibhit by pass road','9219729399',''),(1446,'Shagufta','Yasmeen','Uttar Pardesh','Bareilly','','','Mother Care Hospital,23-C Sun City Vistar Opp. Fun City Pilibhit by pass road','NULL',''),(1447,'Atul','Verma','Uttar Pardesh','Bareilly','','','Dr. Atul Kumar Verma Clinic,Infront Of Police Choki Shahjhanpur Road','9412288919',''),(1448,'Ajay','Agarwal','Uttar Pardesh','Bareilly','','','Ajay k.Agarwal Clinic,Sufitola Sailani Road,Old City','9412603109',''),(1449,'Deepa','Tondan','Uttar Pardesh','Bareilly','','','Tondon surgical & meternity centre,Near mini by pass purani chungi rampu road ','9719005767',''),(1450,'A','Gupta','Uttar Pardesh','Bareilly','','','Jyoti Nursing Home,C.B. Ganj Sleeper Road','NULL',''),(1451,'Archana','Agarwal','Uttar Pardesh','Bareilly','','','Krishna Hospital,73,kelabagh Near Alakhnath Temple','9837316032',''),(1452,'Farida','Iqbal','Uttar Pardesh','Bareilly','','','Bareilly Nursing Home,Hartman tiraha Chawni Asraf Khan ','9897355189',''),(1453,'Gayatri','Gangwar','Uttar Pardesh','Bareilly','','','Mahendra Gayatri Hospital,IZAT NAGAR','9412290554',''),(1454,'Fahmy','Khan','Uttar Pardesh','Bareilly','','','Beg Hospital & Fahmy Maternity Home,Arvind Colony Near M.B.Inter College','9319295532',''),(1455,'Neera','Agarwal','Uttar Pardesh','Bareilly','','','Manas Clinic & Fertility Centre,140 Janakpuri, Kipps Super Market Rajendra Nagar','NULL',''),(1456,'vimmi','Hora','Uttar Pardesh','Bareilly','','','Hora Hospital,1017, Subhash Nagar Behind Khalsa School','9319445000',''),(1457,'Bharti','Saran','Uttar Pardesh','Bareilly','','','Saran Hospital,73-A Mal Godam Road','NULL',''),(1458,'Priti','Vaish','Uttar Pardesh','Bareilly','','','Swasti Medical Centre,Budaun Road Subhash nagar','NULL',''),(1459,'Ruchi','Srivastav','Uttar Pardesh','Bareilly','','','Shree Ganga Charan Hospital,Opp. Compney Garden Civil Lines','9719587765',''),(1460,'Meenakshi','Goyel','Uttar Pardesh','Bareilly','','','Meenakshi Maternity & Fertility Centre,112/3 Civil lines Near Siddhi Vinayak Hospital','9837752977',''),(1461,'Garima','Singh','Uttar Pardesh','Bareilly','','','Siddhi Vinayak Hospital,Civil lines Near Prabha Hospital','9837028492',''),(1462,'Komal','Kakkar','Uttar Pardesh','Bareilly','','','Raj Rani Hospital,149, Civil Lines','NULL',''),(1463,'Aruna','Chandra','Uttar Pardesh','Bareilly','','','Chandra Clinic,35E/3, Rampur Garden Opp.Vikas Bhawan','NULL',''),(1464,'Vandana','NULL','Uttar Pardesh','Bareilly','','','Cantonment Hospital,Cantt. Bareilly','9411656266',''),(1465,'Preeti','Chabra','Uttar Pardesh','Bareilly','','','S.R.M.S. Ims. City centre,Near Agarsen park Rampur Garden','9837084672',''),(1466,'Anubha','Agarwal','Uttar Pardesh','Bareilly','','','Misson Hospital,Station road','9897585458',''),(1467,'Archna','Agarwal','Uttar Pardesh','Bareilly','','','Misson Hospital,Station road','8392911108',''),(1468,'Mridula','Sharma','Uttar Pardesh','Bareilly','','','Dharmdutt City Hospital,Pilibhit Road Gandhi Nagar Near Sood Dharmkanta','NULL',''),(1469,'Neeta','Goyel','Uttar Pardesh','Bareilly','','',' Goel Clinic,Delapeer road Near Lalla Market','9927072159',''),(1470,'Rashmi','Sharma','Uttar Pardesh','Bareilly','','','Suvidha Hospital,Near Sood Dharmkanta, Prem Nagar','NULL',''),(1471,'Upma','Gupta','Uttar Pardesh','Bareilly','','','Saloni poly clinic,2A-Brijlok Colony Near Sood Dharmkanta, Premnagar','NULL',''),(1472,'Monika','Varshney','Uttar Pardesh','Bareilly','','','Bhaskar Hospital,Mininy By Pass Nani tal road','9634278685',''),(1473,'Anuradha','Kakkar','Uttar Pardesh','Bareilly','','','suman hospital,model town','9634278685',''),(1474,'Pratima','gupta','Uttar Pardesh','Bareilly','','','Ajay Pratima Hospital,Prem nagar near niit centre','9837501856',''),(1475,'ARUNA','VYAS','Uttar Pardesh','BAREILLY','','','TARUN HOSPITAL&FERTILITY CENTRE,PREM NAGAR','9412288012',''),(1476,'BHARTI','SINGH','Uttar Pardesh','BAREILLY','','','HUMEN HOSPITAL,IVR I IZZATNAGAR','NULL',''),(1477,'NAMITA','Agarwal','Uttar Pardesh','BAREILLY','','','EKTA NURSING HOME,C-11 EKTA NAGAR','NULL',''),(1478,'SHANTA','Agarwal','Uttar Pardesh','BAREILLY','','','SHANTA  AGARWAL CLINIC,SHAHDANA CHAURAHA','NULL',''),(1479,'Jk','Goyal','Uttar Pardesh','BAREILLY','','','SHRI RAM MURTI SMARAK INSTITUTE OF MEDICAL SCIENCE,RAM MURTI PURAM 13KM BAREILLY ','05812582014/2582010',''),(1480,'Manju','Gupta','Uttar Pardesh','BAREILLY','','','Mary stopes clinic ,Rampur Garden ','NULL',''),(1481,'Pragti','Sharma','Uttar Pardesh','Bareilly','','','Bareilly Nursing Home,Hartman tiraha Chawni Asraf Khan ','8273333923',''),(1482,'SEEMA','SETHI','Uttar Pardesh','Sitapur','','','SETHI HOSPITAL,STATION ROAD,SITAPUR','9515062121',''),(1483,'SUBHA','PANDEY','Uttar Pardesh','ALLAHABAD','','','KAMLA NEHRU HOSPITAL,HASIMPUR ROAD','9335150547',''),(1484,'NANDITA','Bhargava','Uttar Pardesh','ALLAHABAD','','','JAWAHAR HOSPITAL,46/67 LUKERGANJ','9415364487',''),(1485,'LALITA','SHUKLA','Uttar Pardesh','ALLAHABAD','','','AROGYA HOSPITAL,NEAR LUKERGANJ OVER BRIDGE','9335115384',''),(1486,'HANSA','JHA','Uttar Pardesh','ALLAHABAD','','','URBAN HEALTH POST','NULL',''),(1487,'CHITRA','PANDEY','Uttar Pardesh','ALLAHABAD','','','HARSH HOSPITAL,76, LOWTHER ROAD','NULL',''),(1488,'GAZALA','HAMIN','Uttar Pardesh','ALLAHABAD','','','C-554 KARELI','9415310032',''),(1489,'VAIJANA','PANDEY','Uttar Pardesh','ALLAHABAD','','','JANHIT HOSPITAL,8/6, C Y CHINTAMANI ROAD','9335149867',''),(1490,'AMRITA','CHAURASIYA','Uttar Pardesh','ALLAHABAD','','','NEAR KULDABAD POLICE CHOWKI,LUKERGANJ','9235750677',''),(1491,'RACHNA','DWIVEDI','Uttar Pardesh','ALLAHABAD','','','TILAK HOSPITAL MATERNITY HOME,P-70,ALOPIBAG, DHARBHANGA ROAD','9918731400',''),(1492,'RESHU','KESHERWANI','Uttar Pardesh','ALLAHABAD','','','ADARSH CLINIC SYRGICAL CENTRE,GT. ROAD HANUMANGANJ','9415235881',''),(1493,'ANJALI','Agarwal','Uttar Pardesh','ALLAHABAD','','','ANAND HOSPITAL,11/17, KASTURBA GANDHI MARG,MUIR ROAD','9335070608',''),(1494,'RAMANAND','PARIHAR','Uttar Pardesh','ALLAHABAD','','','GAYATRI HOSPITAL,TULA RAMBAGH','9839548498',''),(1495,'SHILPI','MATHUR','Uttar Pardesh','ALLAHABAD','','','SHYAMA HOSPITAL,ZHUNSI','NULL',''),(1496,'RASHMI','Bhargava','Uttar Pardesh','ALLAHABAD','','','URBAN HEALTH POST,DHUMANGANJ','NULL',''),(1497,'GARIMA','NULL','Uttar Pardesh','ALLAHABAD','','','URBAN HEALTH POST,TELIHARGANJ','NULL',''),(1498,'APARNA','MOHAN','Uttar Pardesh','ALLAHABAD','','','URBAN HEALTH POST,NAINI','NULL',''),(1499,'YAGMAYA','NULL','Uttar Pardesh','ALLAHABAD','','','KAMLA NEHRU HOSPITAL,HASIMPUR ROAD,','NULL',''),(1500,'ALKAMMA','NULL','Uttar Pardesh','ALLAHABAD','','','KAREILY','NULL',''),(1501,'GARIMA','TRIVEDI','Uttar Pardesh','ALLAHABAD','','','RAJAPUR ','NULL',''),(1502,'REENA','SONKAR','Uttar Pardesh','ALLAHABAD','','','RAJAPUR MYOR ROAD','NULL',''),(1503,'SAPNA','Agarwal','Uttar Pardesh','ALLAHABAD','','','ZHUNSI','NULL',''),(1504,'ANURADHA','VERMA','Uttar Pardesh','ALLAHABAD','','','ASHA MOTHER & CHILD CARE CENTRE,GT.  ROAD, BAIRAHANA','9335168881',''),(1505,'RANJANA','SINGH','Uttar Pardesh','ALLAHABAD','','','KAMALA POLYCLINIC,9, MALVIYA NAGAR RAOD, GEORGE TOWN','9415236739',''),(1506,'Deepika','Sinha','Uttar Pardesh','Lucknow','','','Vijyant Khand','9415752997',''),(1507,'Apeksha','Vishnoee','Uttar Pardesh','Lucknow','','','Rani Bareli,AIWC,Beside Nishtaganj Flyover','9838551294',''),(1508,'Anjana','  Jain','Uttar Pardesh','Lucknow','','','Near Sachan Petrol Pump, Munsi Pulia,Surya Palace','9453951849',''),(1509,'Jyotsana',' Mehta','Uttar Pardesh','Lucknow','','','City Hospital  Trauma Centre,C-1, under Dump Complex,kanpur Raod','NULL',''),(1510,'Indu','Gupta','Uttar Pardesh','Lucknow','','','Gupta Hospital,Vijay Nagar, kanpur Road','9335905211',''),(1511,'Shashi','Pandey','Uttar Pardesh','Lucknow','','','Kamakha Hospital,436/26,Saraimali Khan crossing hardoi Raod','9415002546',''),(1512,'Radha','vatsa','Uttar Pardesh','Lucknow','','','Harmin Hospital,37,Cantt Road','9450355961',''),(1513,'Veena','MBBS,DGO','Uttar Pardesh','Lucknow','','','Khadra Hospital,Near pakka Pul','9415419537',''),(1514,'Ranjana','Bhardwaj','Uttar Pardesh','Lucknow','','','Kilkari Child Mother Care Centre,HIG, 1/20-B, Priyadarshini colony','9415106091',''),(1515,'Rabiya','MBBS,DGO','Uttar Pardesh','Lucknow','','','Medicine Hosital,Near tedhi Puliya','9415105914',''),(1516,'Meeta','Mishra','Uttar Pardesh','Lucknow','','','Urmila Hospital Hospital,Priyadarshini Colony','9415027377',''),(1517,'Shashi','Gupta','Uttar Pardesh','Lucknow','','','Devki Hospital,Priyadarshini Colony','NULL',''),(1518,'Neelam',' Yadav','Uttar Pardesh','Lucknow','','','Galaxy HospitalMeternity 7 trauma centre,Near Saroj Management Institute','9839690994/052228120',''),(1519,'Preeti',' Singh','Uttar Pardesh','Lucknow','','','Prem Hospital,Sarai Karora, Near CHC','9651861707',''),(1520,'Sheela','Sharma','Uttar Pardesh','Lucknow','','','Alok Hospital & Dental Care centre,Rajajipuram 5 No. Gumti','7275375832',''),(1521,'Shalu','Agarwal','Uttar Pardesh','Lucknow','','','CHC, Gosainganj,Sultanpur Raod','9935637743',''),(1522,'Saraswati','MBBS','Uttar Pardesh','Lucknow','','','R.K.Hospital,R.K.Puram,Chand Sarai','9532099411',''),(1523,'Salini','Pandey','Uttar Pardesh','Lucknow','','','Khushi Lcinic,Near Ghanta Devi Mandir','NULL',''),(1524,'Sunita',' Bhatia','Uttar Pardesh','Lucknow','','','Chandra Mother Eye care,4/43, Vivek Khand','9335910666',''),(1525,'Tabassum','Khan','Uttar Pardesh','Lucknow','','','BMC,Turiyaganj, Nakkhas','NULL',''),(1526,'Ranjana','Sharma','Uttar Pardesh','Lucknow','','','Dafrin Golaganj,Golaganj','NULL',''),(1527,'Manisha','Singari','Uttar Pardesh','Lucknow','','','Salimar Hospital,A-989,Indira nagar','9918347999',''),(1528,'Rajul','Tyagi','Uttar Pardesh','Lucknow','','','Javitri Hospial,Raebareily Road','NULL',''),(1529,'Alka','MBBS,DGO','Uttar Pardesh','Lucknow','','','Varshney Clinic & Hospital,Opp.Gulla mandi','9335903889',''),(1530,'Smita','Mathur','Uttar Pardesh','Lucknow','','','Saraswati Hospital & research Centre,233,Tiwariganj,Chinhat','9889003206',''),(1531,'Asha','Rai','Uttar Pardesh','Lucknow','','','PSS,,Latuch Raod','NULL',''),(1532,'Kalyani','Das','Uttar Pardesh','Lucknow','','','Mayo Medical Centre,Vikas Khand-2','9335903233',''),(1533,'Ruchika','Garg','Uttar Pardesh','Lucknow','','','Sec-H,Jankipuram','NULL',''),(1534,'Shabnam','MBBS,DGO','Uttar Pardesh','Lucknow','','','BMC,Indira nagar,Opp. Eram Convent','NULL',''),(1535,'Ajay','NULL','Uttar Pardesh','Ghaziabad','','','MMG HOSPITAL,G T Road Opp new basti','NULL',''),(1536,'Archana','Verma','Uttar Pardesh','Ghaziabad','','','Archana verma clinic','NULL',''),(1537,'Meenakshi','Jindal','Uttar Pardesh','Ghaziabad','','','meenakshi jindal clinic','NULL',''),(1538,'Poonam','Singh','Uttar Pardesh','Ghaziabad','','','Sohan naursing Home','NULL',''),(1539,'Sashi','Agarwal','Uttar Pardesh','Ghaziabad','','','sashi agarwal clinic','NULL',''),(1540,'kum','Dagar','Uttar Pardesh','Meerut','','','kumkum dagar clinic,Near Rani mill ,Delhi road','NULL',''),(1541,'Jaya','Jain','Uttar Pardesh','Meerut','','','Eves hospital,Opp. Eves Petrol Pump','NULL',''),(1542,'Preeti','singh','Uttar Pardesh','Meerut','','','Cant Gereral Hospital,Begum Bridge','NULL',''),(1543,'Suchitra','NULL','Uttar Pardesh','Bulandshaher','','','Rajora hospital,opp muslim degree college','9759298307',''),(1544,'Charu','Agarwal','Uttar Pardesh','Bulandshaher','','','Agarwal mother and child hospital,Near telephone exchange','NULL',''),(1545,'Nirupama','Singh','Uttar Pardesh','Sahibabad','','','Vaishali Mother&child Clinic,340,sec-4 Near mother dairy','9818012727',''),(1546,'Sarita','Gupta','Uttar Pardesh','Sahibabad','','','Dr Sarita Gupta Clinic,A-22 Shyam Park Ext.','NULL',''),(1547,'Neetu','Gupta','Uttar Pardesh','Sahibabad','','','Ambey Hospital,R-3/30,sec-|| Rajendra Nagar','9810427583',''),(1548,'Lalita','Tikku','Uttar Pardesh','Sahibabad','','','Shubh Clinic,B-76 Shyam Park Ext.Sahibabad','9810609748',''),(1549,'Harshu','Gupta','Uttar Pardesh','Sahibabad','','','Getwell Hospital,S - 19, Shalimar Garden','9654224703',''),(1550,'Noopur','Sharma','Uttar Pardesh','Sahibabad','','','Khusi medical centre,A-1,3/7,Sec-2,Rajendra nagar','9810394608',''),(1551,'Sunaina','Chawla','Uttar Pardesh','Sahibabad','','','Sunaina chawla meternity centre,B-22,Kartik Niketan,Shalimar garden','9891250466',''),(1552,'Deepa','Goel','Uttar Pardesh','Sahibabad','','','Swami nandlal hospital,Ganga complex,Shalimar Garden','9313611487',''),(1553,'Archana','Chaudhry','Uttar Pardesh','Sahibabad','','','Ishika Clinic & Maternity Centre,C-13/A-2,Shalimar Garden','9312573103',''),(1554,'Ila','Jain','Uttar Pardesh','Sahibabad','','','Ila nursing Home,A-128,Shalimar garden','9953231151',''),(1555,'Soni','Gupta','Uttar Pardesh','Sahibabad','','','Sparsh Multispeciality Hospital,80 ft road opp Gayatri Bhawan Shalimar garden','9818793642',''),(1556,'Meenakshi','Wazir','Uttar Pardesh','Sahibabad','','','Swami nandlal hospital,Ganga complex,Shalimar Garden','9891057030',''),(1557,'Rohil','Sudile','Uttar Pardesh','LALITPUR','','','Ghantaghar,Azadpura','9711383066',''),(1558,'tony vikas','Vishwas','Uttar Pardesh','LALITPUR','','','HARRIEl BENSON MEMORIAL HOSPITAL','9548049658',''),(1559,'Kamna','Tiwari','Uttar Pardesh','Orai','','','Sankalap Chiktisalaya,Gandhi Market','9415032415',''),(1560,'Renu','Chana','Uttar Pardesh','Orai','','','Chandra n home,Ambedkar chauraha','9415070175',''),(1561,'Raxchita','Niranjan','Uttar Pardesh','Orai','','','urmila hospital,medical college','9455896010',''),(1562,'Varsha','khattar','Uttar Pardesh','Orai','','','Navjyoti hospital,Patel nagar','NULL',''),(1563,'Anil Kr Sinha','NULL','Uttar Pardesh','Aurangabad','','','M.G. Road, Opp. Amit Hotel,','9471601981',''),(1564,'Asit Ranjan','NULL','Uttar Pardesh','Aurangabad','','','M.G. Road, Opp. Petrol Pump,','9955974954',''),(1565,'Nilam Choudhary','NULL','Uttar Pardesh','Aurangabad','','','M.G. Road, Behind J.K. Hotel,','9430899404',''),(1566,'Nirmala','NULL','Uttar Pardesh','Aurangabad','','','M.G. Road, Near LIC Office,','9430477108',''),(1567,'Nisha Singh','NULL','Uttar Pardesh','Aurangabad','','','M.G. Road,  Near - Samrat Hotel,','NULL',''),(1568,'RS Gupta','NULL','Uttar Pardesh','Aurangabad','','','Shahpur Road, Near Narendra Cinema Hall, Aurnagabad','9097079984',''),(1569,'Sheela Varma','NULL','Uttar Pardesh','Aurangabad','','','M.G. Road, Opp. Amit Hotel,','9934037655',''),(1570,'Shobha Rani','NULL','Uttar Pardesh','Aurangabad','','','M.G. Road, Near Bal Bihar School,','NULL',''),(1571,'Lalsa Sinha','NULL','Uttar Pardesh','Aurangabad','','','Madarsa Road,','NULL',''),(1572,'Ashutosh Kumar','NULL','Uttar Pardesh','Aurangabad','','','R.S. Memorial,Near Over Bridge.Aurangabad','9431477573',''),(1573,'Lalsa Sinha','NULL','Uttar Pardesh','Aurangabad','','','M.G. Road, Aurangabad','9905260841',''),(1574,'Md Ehsan','NULL','Uttar Pardesh','Aurangabad','','','Dr. Ehsan, Nawadih Road, Aurangabad','NULL',''),(1575,'Sunil krSharma','NULL','Uttar Pardesh','Aurangabad','','','Swastik Hospital ,Near Jasuya More,Aurangabad','NULL',''),(1576,'Vijay kr Khemka','NULL','Uttar Pardesh','Aurangabad','','','Dr. Vijay Kumar Khemka,M.G.road,Aurangabad','NULL',''),(1577,'Vikarm Singh','NULL','Uttar Pardesh','Aurangabad','','','Swastik Hospital ,Near Jasuya More,Aurangabad','NULL',''),(1578,'NULL','NULL','Uttar Pardesh','Aurangabad','','','Surya Clinic','NULL',''),(1579,'NULL','NULL','Uttar Pardesh','Aurangabad','','','Health Camps','NULL',''),(1580,'Ajit Kumar Singh','NULL','Uttar Pardesh','Begusarai','','','Harak, Begusarai','8877525682',''),(1581,'Jitender kumar','NULL','Uttar Pardesh','Begusarai','','','Biswanath Nagar, Begusarai','8986144795',''),(1582,'Mamta Kumari','NULL','Uttar Pardesh','Begusarai','','','NH-31, Power House Chowk, Begusarai','9534896961',''),(1583,'Man Mohan Jha','NULL','Uttar Pardesh','Begusarai','','','New Proffesor colony, Begusarai','9939658006',''),(1584,'Neha Agrawal','NULL','Uttar Pardesh','Begusarai','','','Refinary Township,Begusarai','NULL',''),(1585,'Rajesh Chana Choudhary','NULL','Uttar Pardesh','Begusarai','','','NH -31,Shivpuri,Begusarai','7549903696',''),(1586,'Ram Bilas Singh','NULL','Uttar Pardesh','Begusarai','','','New Proffesor colony, Begusarai','NULL',''),(1587,'Sashi Prabha','NULL','Uttar Pardesh','Begusarai','','','Ashok Nagar, Pokharia, Begusarai','NULL',''),(1588,'Sobha Rani','NULL','Uttar Pardesh','Begusarai','','','Pokharia , Begusarai','7631629029',''),(1589,'Man Mohan Jha','NULL','Uttar Pardesh','Begusarai','','','New Proffesor colony, Begusarai','NULL',''),(1590,'Neha Agrawal','NULL','Uttar Pardesh','Begusarai','','','Refinary Township,Begusarai','NULL',''),(1591,'Rajesh Chana Choudhary','NULL','Uttar Pardesh','Begusarai','','','NH -31,Shivpuri,Begusarai','NULL',''),(1592,'Ram Bilas Singh','NULL','Uttar Pardesh','Begusarai','','','New Proffesor colony, Begusarai','NULL',''),(1593,'Kamini Rai','NULL','Uttar Pardesh','Begusarai','','','Kachhari Road','NULL',''),(1594,'Kamla Sinha','NULL','Uttar Pardesh','Begusarai','','','Kapashya','NULL',''),(1595,'Kamni','NULL','Uttar Pardesh','Begusarai','','','Pramila Chowk','9431211064',''),(1596,'Leena Kumari','NULL','Uttar Pardesh','Begusarai','','','Bus Stand','6243240495',''),(1597,'Manju choudhary','NULL','Uttar Pardesh','Begusarai','','','Pramila Chowk','9708321738',''),(1598,'Sangita Sinha','NULL','Uttar Pardesh','Begusarai','','','NH   32','NULL',''),(1599,'Amrita','NULL','Uttar Pardesh','Begusarai','','','Ratanpur, Begusarai','9708251151',''),(1600,'Anukampa Singh','NULL','Uttar Pardesh','Begusarai','','','Power House Chowk','9570269123',''),(1601,'Asha Bhushan','NULL','Uttar Pardesh','Begusarai','','','NH   31','NULL',''),(1602,'Asha Singh','NULL','Uttar Pardesh','Begusarai','','','Dakbangla Road','9006497751',''),(1603,'Ekta Kumari','NULL','Uttar Pardesh','Begusarai','','','Station Road','NULL',''),(1604,'Jyoti','NULL','Uttar Pardesh','Begusarai','','','Karpuri Chowk','NULL',''),(1605,'Mamta Kumari','NULL','Uttar Pardesh','Begusarai','','','NH   31','9771476239',''),(1606,'Meera Singh','NULL','Uttar Pardesh','Begusarai','','','Pokhariya','NULL',''),(1607,'Mirdula Sharma','NULL','Uttar Pardesh','Begusarai','','','Kachhari Road','NULL',''),(1608,'Mirnalni','NULL','Uttar Pardesh','Begusarai','','','Kalisthan','9334003457',''),(1609,'Poonam Kumari','NULL','Uttar Pardesh','Begusarai','','','Kachhari Road, ','NULL',''),(1610,'Pragya','NULL','Uttar Pardesh','Begusarai','','','Refinery','NULL',''),(1611,'Ranjana Sinha','NULL','Uttar Pardesh','Begusarai','','','Kalisthan','9835004281',''),(1612,'Richa Kumari','NULL','Uttar Pardesh','Begusarai','','','Bishnupur','NULL',''),(1613,'Rinku Kalika','NULL','Uttar Pardesh','Begusarai','','','Refinery','NULL',''),(1614,'Sangita Kumari','NULL','Uttar Pardesh','Begusarai','','','Traffic Chowk','NULL',''),(1615,'Seema Rai','NULL','Uttar Pardesh','Begusarai','','','Pramila Chowk','9430568327',''),(1616,'Shoba Rani','NULL','Uttar Pardesh','Begusarai','','','Pokhariya','NULL',''),(1617,'Sushila Sinha','NULL','Uttar Pardesh','Begusarai','','','Kapashya','NULL',''),(1618,'NULL','NULL','Uttar Pardesh','Begusarai','','','Surya Clinic','NULL',''),(1619,'NULL','NULL','Uttar Pardesh','Begusarai','','','Health Camps','NULL',''),(1620,'Amrita Parvi','NULL','Uttar Pardesh','Patna','','','Kankarbagh','9798622669',''),(1621,'Anita Singh','NULL','Uttar Pardesh','Patna','','','Shivam Chikitsa, Rajeev Nagar','3431049705',''),(1622,'Anju Sinha','NULL','Uttar Pardesh','Patna','','','Muskan Mother and Child Care , House no. 170A/1, Patliputra Colony Near Politechnic More, Patna 800013','9162594719/930441575',''),(1623,'Anupam','NULL','Uttar Pardesh','Patna','','','Kankarbagh','9430956146',''),(1624,'Anupama Sharma','NULL','Uttar Pardesh','Patna','','','Child Care, A.G Colony','9631325560',''),(1625,'B Malani','NULL','Uttar Pardesh','Patna','','','Mahabir Vatasalaya, L.C.T.Ghat','9431887464',''),(1626,'Bainani Dey','NULL','Uttar Pardesh','Patna','','','Makhania Kua, GM road, Patna','9334646410',''),(1627,'Bandana Singh','NULL','Uttar Pardesh','Patna','','','Rajeev Nagar, Road No. 1','9334105464',''),(1628,'Bidya Rani Sinha','NULL','Uttar Pardesh','Patna','','','Makhniya Kuan','9308590230',''),(1629,'Bulangi Sahu','NULL','Uttar Pardesh','Patna','','','P.C.Colony,Kankarbagh,Patna','9431078748',''),(1630,'Esha','NULL','Uttar Pardesh','Patna','','','Kurji Hospital, Kurji','9852082540',''),(1631,'Farah Usmani','NULL','Uttar Pardesh','Patna','','','Patna City','9835241482',''),(1632,'Gunjan Sharma','NULL','Uttar Pardesh','Patna','','','Bhoonath Road, Kankarbagh','9234880601',''),(1633,'Hena Rani','NULL','Uttar Pardesh','Patna','','','Patna City','9835298823',''),(1634,'Ila Priyanka','NULL','Uttar Pardesh','Patna','','','Private Clinic, Pataliputra Colony','9835238464',''),(1635,'Ishita','NULL','Uttar Pardesh','Patna','','','Mahabir Vatasalaya, L.C.T.Ghat','NULL',''),(1636,'Juhi','NULL','Uttar Pardesh','Patna','','','Kurji Hospital, Kurji','9570721925',''),(1637,'Jyoti Malahotra','NULL','Uttar Pardesh','Patna','','','Kurji Hospital, Kurji','9204705051',''),(1638,'Kamini Prasad','NULL','Uttar Pardesh','Patna','','','Kankarbagh','9835052962',''),(1639,'Kannu','NULL','Uttar Pardesh','Patna','','','Kurji Hospital, Kurji','9905232880',''),(1640,'Khalda Hoda','NULL','Uttar Pardesh','Patna','','','Rajendra Nagar','9835222418',''),(1641,'Kiran Kumari','NULL','Uttar Pardesh','Patna','','','Rajendra Nagar','9431047415',''),(1642,'Kumud Sinha','NULL','Uttar Pardesh','Patna','','','Kankarbagh','9077507383',''),(1643,'Laxmi Jha','NULL','Uttar Pardesh','Patna','','','Kankarbagh','8986167526',''),(1644,'Madhu Kiran','NULL','Uttar Pardesh','Patna','','','Salimpur Ahra','9430831715',''),(1645,'Madhvi','NULL','Uttar Pardesh','Patna','','','Kankarbagh','9931863500',''),(1646,'Mala Sinha','NULL','Uttar Pardesh','Patna','','','Jamal Road','9334310498',''),(1647,'Mamta','NULL','Uttar Pardesh','Patna','','','Kankarbagh','9304321919',''),(1648,'Mamta','NULL','Uttar Pardesh','Patna','','','Mahabir Vatasalaya, L.C.T.Ghat','9709602129',''),(1649,'Manju Prasad','NULL','Uttar Pardesh','Patna','','','Kankarbagh','9835875311',''),(1650,'Meena Samant','NULL','Uttar Pardesh','Patna','','','Kurji Hospital, Kurji','9334105945',''),(1651,'Minu Saran','NULL','Uttar Pardesh','Patna','','','Makhniya Kuan','9835085516',''),(1652,'Mithilesh Verma','NULL','Uttar Pardesh','Patna','','','Verma Clinic, Kurji more','9031028974',''),(1653,'Nalini Sinha','NULL','Uttar Pardesh','Patna','','','101 Naazam Palace,42 Fraser Road.','9835261379',''),(1654,'Namrata','NULL','Uttar Pardesh','Patna','','','Kankarbagh','9431457870',''),(1655,'Neelam','NULL','Uttar Pardesh','Patna','','','Mahabir Vatasalaya, L.C.T.Ghat','NULL',''),(1656,'Neera Singh','NULL','Uttar Pardesh','Patna','','','Srijan Nursing Home, Rajeev Nagar','9934067582',''),(1657,'Nidhi','NULL','Uttar Pardesh','Patna','','','Janardan Nursing Home, Pataliputra Colony','9431286890',''),(1658,'Nirmala Roy','NULL','Uttar Pardesh','Patna','','','Rajendra Nagar','9431222643',''),(1659,'Poonam Lal','NULL','Uttar Pardesh','Patna','','','Nilay Clinic 7-AN Path, Near rajech Petrol Pump, Opp. AN College','9431413475',''),(1660,'Pramila Modi','NULL','Uttar Pardesh','Patna','','','Rajendra Nagar','9334123401',''),(1661,'Preeti Soni','NULL','Uttar Pardesh','Patna','','','Mahabir Vatasalaya, L.C.T.Ghat','NULL',''),(1662,'Rekha Singh','NULL','Uttar Pardesh','Patna','','','Kankarbagh','9431494237',''),(1663,'Rekha Sinha','NULL','Uttar Pardesh','Patna','','','Rajendra Nagar','9334326914',''),(1664,'Rimjhim','NULL','Uttar Pardesh','Patna','','','Mahabir Vatasalaya, L.C.T.Ghat','9434877525',''),(1665,'Rita Choker','NULL','Uttar Pardesh','Patna','','','Rajendra Nagar','9431035522',''),(1666,'Rita dayal','NULL','Uttar Pardesh','Patna','','','Dayal Palace, C - 67, Near A.N.Collage,Boring Road','9939593280/993959325',''),(1667,'Rupam Sinha','NULL','Uttar Pardesh','Patna','','','Private clinic, Shivpuri','9431457164',''),(1668,'Sangita Kumari','NULL','Uttar Pardesh','Patna','','','Patna City','8084949705',''),(1669,'Sanju Jain','NULL','Uttar Pardesh','Patna','','','Kankarbagh','8084512066',''),(1670,'Sharbil Kumari','NULL','Uttar Pardesh','Patna','','','Patna City','9939013770',''),(1671,'Sharda Sahay','NULL','Uttar Pardesh','Patna','','','Sahyog Hospital, Pataliputra Colony','NULL',''),(1672,'Sheela Sharma','NULL','Uttar Pardesh','Patna','','','Kankarbagh','9431011345',''),(1673,'Shivani Mukharjee','NULL','Uttar Pardesh','Patna','','','204, Jaikunj Apartment, Kidawaipuri, Patna-1','9334145167',''),(1674,'Simmi','NULL','Uttar Pardesh','Patna','','','IVF Fertility Center, Pataliputra Colony','9702224777',''),(1675,'Sudha','NULL','Uttar Pardesh','Patna','','','Kurji Hospital, Kurji','9386645383',''),(1676,'Sushma Saran','NULL','Uttar Pardesh','Patna','','','Kankarbagh','9431073274',''),(1677,'Swarnlata','NULL','Uttar Pardesh','Patna','','','Sahyog Hospital, Pataliputra Colony','NULL',''),(1678,'Syed Nazaneen','NULL','Uttar Pardesh','Patna','','','HAQUE MANZIL, Karbala more, Naya Tola, Phulwari Sarif','8084020633',''),(1679,'Usha Agrawal','NULL','Uttar Pardesh','Patna','','','Rajendra Nagar','0612-2689900',''),(1680,'Usha Kumari','NULL','Uttar Pardesh','Patna','','','Private Clinic, Pataliputra Colony','9431050508',''),(1681,'Usha Mishra','NULL','Uttar Pardesh','Patna','','','Kadamkuan','9431075194',''),(1682,'Valya Agrawal','NULL','Uttar Pardesh','Patna','','','Patna City','9835016348',''),(1683,'Veena Jha','NULL','Uttar Pardesh','Patna','','','Mahabir Vatasalaya, L.C.T.Ghat','9473020778',''),(1684,'Veena Pandey','NULL','Uttar Pardesh','Patna','','','Sahyog Hospital, Pataliputra Colony','9431024193',''),(1685,'Vibhasini','NULL','Uttar Pardesh','Patna','','','IVF Fertility Center, Pataliputra Colony','9431020616',''),(1686,'Neha Prasad','NULL','Uttar Pardesh','Patna','','','P.C.Colony,Kankarbagh,Patna','9431078748',''),(1687,'Alpana Kr','NULL','Uttar Pardesh','Patna','','','Gardanibagh','9431049605',''),(1688,'Amita Bharti','NULL','Uttar Pardesh','Patna','','','Post office road , Bihta, Patna','9431857511',''),(1689,'Anita','NULL','Uttar Pardesh','Patna','','','Maa Haritage Hospital, Sipra, Patna 20','9386836905',''),(1690,'Anjali Thakur','NULL','Uttar Pardesh','Patna','','','Kurji Hospital','9473384580',''),(1691,'Anupam Das','NULL','Uttar Pardesh','Patna','','','Navneet Memorial Clinic, Opp. Phulwari Block, Phulwarisharif, Patna','9334681072',''),(1692,'Aradhna Bharti','NULL','Uttar Pardesh','Patna','','','Saguna More Kagual Road, Patna','7204878017',''),(1693,'Ashmita Kiran','NULL','Uttar Pardesh','Patna','','','B-97, Polic Colony, Anishabad, Patna','9934125193',''),(1694,'Barun kalla','NULL','Uttar Pardesh','Patna','','','B 30 Sachiwalaya conoly, Kankarbag , Patna','9431101136',''),(1695,'Gayatri Singh','NULL','Uttar Pardesh','Patna','','','Gayatri N. Home,Saristabad,Patna','9934086961',''),(1696,'Hema Narayan','NULL','Uttar Pardesh','Patna','','','East Boring Canal Road,Near Srikunj Appatment, Patna','9430829504',''),(1697,'Huma Nishat','NULL','Uttar Pardesh','Patna','','','47, Sector I, Rd-3, Haroonnagar colony, Phulwarisharif Patna','9661089961',''),(1698,'Kannu Priya','NULL','Uttar Pardesh','Patna','','','Sherpur house, Jagat Nagar  road, kadam Kua 800003','9905232889',''),(1699,'Kavita','NULL','Uttar Pardesh','Patna','','','G.B. Hospital','9334109397',''),(1700,'Loveli Verma','NULL','Uttar Pardesh','Patna','','','Kankarbagh,Sector-D,House No-8/6','9304069910',''),(1701,'Mona','NULL','Uttar Pardesh','Patna','','','At MG  Path, Bhagalpur Kachahari Chowk','8603563606',''),(1702,'Mrs Nirmala Rai','NULL','Uttar Pardesh','Patna','','','Viyas Nagar Cilony, A Ashiyana road, Rajendra Nagar, Road no.-8','9835211186',''),(1703,'N Sinha','NULL','Uttar Pardesh','Patna','','','Raja Bazar ,Patna','9835041024',''),(1704,'Neelima Kumari','NULL','Uttar Pardesh','Patna','','','SAI Nursing Home , Rukunpura, Patna','9572280018',''),(1705,'Neha Prasad','NULL','Uttar Pardesh','Patna','','','N-4 Profrssor Colony,Kankarbagh,Patna','9431414088',''),(1706,'Nridula Roy Choudahary','NULL','Uttar Pardesh','Patna','','','Dumrao Kothi, Road-2 Rajendra Nagar, Patna -16','9430246473',''),(1707,'Parvati','NULL','Uttar Pardesh','Patna','','','Mangal Market,Rajabazar,14-H Rajiv Nagar','8292605847',''),(1708,'Poonam kumari','NULL','Uttar Pardesh','Patna','','','Shrinivas Hospital, Alpana Market, Patliputra Colony Patna-13','9825043255',''),(1709,'Prabha Kumari','NULL','Uttar Pardesh','Patna','','','Anand Bazar,Danapur Cantt','9835296094',''),(1710,'Prativa Kumari','NULL','Uttar Pardesh','Patna','','','C/o r. N.C. Prasad South Mandiri, patna 800001','9835085354',''),(1711,'Rajni Priyanka','NULL','Uttar Pardesh','Patna','','','Ambedkar Path,Baily Road','8986569578',''),(1712,'Rashi','NULL','Uttar Pardesh','Patna','','','Kankarbagh','9430557522',''),(1713,'Rekha','NULL','Uttar Pardesh','Patna','','','Rajendra Nagar Road No-13-c Patna 16','9835017084',''),(1714,'Shalini Kumari','NULL','Uttar Pardesh','Patna','','','L.C.T.Ghat,Sadakat Ashram,Patna','9334087096',''),(1715,'Sunita','NULL','Uttar Pardesh','Patna','','','Kurji Hospital','9334360992',''),(1716,'Swati Mishra','NULL','Uttar Pardesh','Patna','','','Kailash Hospital, Rajendranagar, Rd-1','9835916169',''),(1717,'Vinay Kumar Singh','NULL','Uttar Pardesh','Patna','','','Rajapul,Mainpura Patna','7488393849',''),(1718,'NULL','NULL','Uttar Pardesh','Patna','','','Surya Clinic','NULL',''),(1719,'NULL','NULL','Uttar Pardesh','Patna','','','Health Camps','NULL',''),(1720,'Chandeswar Choudhary','NULL','Uttar Pardesh','Bettiah','','','Hospital Road','9472673669',''),(1721,'Chitra Sinha','NULL','Uttar Pardesh','Bettiah','','','Kotwali Chowk,Hospital Road,Bettiah','9431203696',''),(1722,'D Manjhi','NULL','Uttar Pardesh','Bettiah','','','Near St. Xavier School','9931283612',''),(1723,'Dilip Kasayap','NULL','Uttar Pardesh','Bettiah','','','Haribatika Chowk','9431433731',''),(1724,'Dinesh Mishra','NULL','Uttar Pardesh','Bettiah','','','janani.Get ,Hospital Road Bettiah','8002382694',''),(1725,'Farzana Shahin','NULL','Uttar Pardesh','Bettiah','','','Hospital Road','9006185540',''),(1726,'Km P Parwe','NULL','Uttar Pardesh','Bettiah','','','Hospital Road','9431642371',''),(1727,'Manoj Kumar Sah','NULL','Uttar Pardesh','Bettiah','','','Kotwali Chowk,Hospital Road,Bettiah','9122951005',''),(1728,'MD Iintasharul Haque','NULL','Uttar Pardesh','Bettiah','','','Mitra Chowk,Hospital Road ,Bettiah','9973733184',''),(1729,'Mithlesh Chana Sinha','NULL','Uttar Pardesh','Bettiah','','','Kotwali Chowk,Hospital Road,Bettiah','9939268553',''),(1730,'Parbhatsen Kumar','NULL','Uttar Pardesh','Bettiah','','','Kotwali Chowk,Hospital Road,Bettiah','9955011084',''),(1731,'Reena Rani','NULL','Uttar Pardesh','Bettiah','','','Hospital Road','9431427508',''),(1732,'Sapna Sarkhela','NULL','Uttar Pardesh','Bettiah','','','Hospital Road','9430950807',''),(1733,'Sapna Sarkhela','NULL','Uttar Pardesh','Bettiah','','','Teen lalten Chowk. Bettiah','9430950807',''),(1734,'Saroj Jaiswal','NULL','Uttar Pardesh','Bettiah','','','Hospital Road','9431632233',''),(1735,'Shikha','NULL','Uttar Pardesh','Bettiah','','','chikpatti Road, Nunihar Tola,Bettiah','9386250263',''),(1736,'Sudha Chana','NULL','Uttar Pardesh','Bettiah','','','Near Visahl Mega Mart, NH Bettiah','9431212911',''),(1737,'Tahir Zafar','NULL','Uttar Pardesh','Bettiah','','','Mitra Chowk,Hospital Road ,Bettiah','9006185540',''),(1738,'DS N Khan','NULL','Uttar Pardesh','Bettiah','','','Indira Chowk','9939978941',''),(1739,'NULL','NULL','Uttar Pardesh','Bettiah','','','Surya Clinic','NULL',''),(1740,'NULL','NULL','Uttar Pardesh','Bettiah','','','Health Camps','NULL',''),(1741,'Abha Sinha','NULL','Uttar Pardesh','Bhagalpur','','','Jail Road, Tilkamanjhi','9431095667',''),(1742,'Alpana Mitra','NULL','Uttar Pardesh','Bhagalpur','','','M.P.D Road Bhagalpur','9470070922',''),(1743,'Anjna Prakash','NULL','Uttar Pardesh','Bhagalpur','','','Sushila Clinic, Near Lajpat Park, ','9431873940',''),(1744,'Anupama Sahay','NULL','Uttar Pardesh','Bhagalpur','','','Girija Krishna Hospital, Mundi Chowk','9931023995',''),(1745,'Anupama Sinha','NULL','Uttar Pardesh','Bhagalpur','','','Doctors Colony, Q.N-01, Tilkamanjhi','9934989016',''),(1746,'Arun Kumar Singh','NULL','Uttar Pardesh','Bhagalpur','','','G.C.B. Bhikhanpur Bhagalpur','0641-2424373',''),(1747,'Babita Kumari','NULL','Uttar Pardesh','Bhagalpur','','','Shreya Niwas, Sabour Road, Rani Talab','9431422501',''),(1748,'Barsha Sinha','NULL','Uttar Pardesh','Bhagalpur','','','Astha Nursing Home, Near Lal Kothi, Tatarpur','9431213800',''),(1749,'Dipti Sinha','NULL','Uttar Pardesh','Bhagalpur','','','Adampur','9234613872',''),(1750,'Jyoti Ashwarya','NULL','Uttar Pardesh','Bhagalpur','','','Kathalbari, Near Kali Sthan','9431422584',''),(1751,'Jyoti Choudhary','NULL','Uttar Pardesh','Bhagalpur','','','Kajwali chak Bhagalpur','9431224455',''),(1752,'Jyotsna Jha','NULL','Uttar Pardesh','Bhagalpur','','','Hanuman Nagar, Aadampur','9430862094',''),(1753,'Madhavi Singh','NULL','Uttar Pardesh','Bhagalpur','','','R.R.Sinha Road Adampur Bhagalpur','9473040709',''),(1754,'Manika Rani','NULL','Uttar Pardesh','Bhagalpur','','','R.B.S.S. Road, Bhikhanpur','9431877692',''),(1755,'Naz Bano','NULL','Uttar Pardesh','Bhagalpur','','','Ramsar Chowk Bhagalpur','9931824963',''),(1756,'Prem Raj Bahadur','NULL','Uttar Pardesh','Bhagalpur','','','Bhikhanpur 03 NO Gumti Bhagalpur','9546077089',''),(1757,'Premraj Bahadur','NULL','Uttar Pardesh','Bhagalpur','','','Bhikhanpur, Near Chevrolet Show room','9430677722',''),(1758,'Punam Mishra','NULL','Uttar Pardesh','Bhagalpur','','','Station Road, Kahalgaon','9934781743',''),(1759,'Rashmi Seema Kumari','NULL','Uttar Pardesh','Bhagalpur','','','Near Bari Post Office,M.G.Path Bhagalpur','9835452084',''),(1760,'Rita Sinha','NULL','Uttar Pardesh','Bhagalpur','','','Swami Vivekanand Chikitsalay, Near Akashwani','9430428688',''),(1761,'Sangeeta Jaiswal','NULL','Uttar Pardesh','Bhagalpur','','','R.C Road, Near Akashwani','9931728487',''),(1762,'Sangeeta Mehta','NULL','Uttar Pardesh','Bhagalpur','','','Near  X-Ray, M.G Path','9934620726',''),(1763,'Seema Singh','NULL','Uttar Pardesh','Bhagalpur','','','Amulya Sewa Sadan Masakchak Bhagalpur','9431873829',''),(1764,'Sheela Kumari','NULL','Uttar Pardesh','Bhagalpur','','','Nawab Colony Tilkamanjhi Bhagalpur','8809390012',''),(1765,'Sheema Sinha','NULL','Uttar Pardesh','Bhagalpur','','','C/o Dr.Ajay Kr.Singh,  X-ray, M.G Road','9431825693',''),(1766,'Sudha Sahye','NULL','Uttar Pardesh','Bhagalpur','','','R.B.B.S Road, Annapurna Meternity Home','9931887327',''),(1767,'Jyotsna Jha','NULL','Uttar Pardesh','Bhagalpur','','','Hanumannagar Bhagalpur','9930862094',''),(1768,'Sheela Kumari','NULL','Uttar Pardesh','Bhagalpur','','','Shahil Clinic, Nawab Colony, Tilkamanjhi','9431282990',''),(1769,'NULL','NULL','Uttar Pardesh','Bhagalpur','','','Surya Clinic','NULL',''),(1770,'NULL','NULL','Uttar Pardesh','Bhagalpur','','','Health Camps','NULL',''),(1771,'Abhinav Kumar','NULL','Uttar Pardesh','Darbhanga','','','Laheriasarai Darbhanga','9304561685',''),(1772,'Amita','NULL','Uttar Pardesh','Darbhanga','','','Amrit Nursing Home, Mirzapur Chowk, ','06272-250069',''),(1773,'Anita Chana','NULL','Uttar Pardesh','Darbhanga','','','Donar Chowk, Donar Road, , Near- Hanuman Temple','9955494788/ 93341686',''),(1774,'Arun Kumar','NULL','Uttar Pardesh','Darbhanga','','','Allalpatti Darbhanga','8083287192',''),(1775,'Ashish Kumar','NULL','Uttar Pardesh','Darbhanga','','','Allalpatti Laheriasarai Darbhanga','9334136651',''),(1776,'Ashutosh Kumar','NULL','Uttar Pardesh','Darbhanga','','','Allalpatti Laheriasarai Darbhanga','9905813377',''),(1777,'Bandana Choudhary','NULL','Uttar Pardesh','Darbhanga','','','Bakergunj, Hajma Chouraha, Lehriasarai, ','06272-242010/233627/',''),(1778,'Binod Kumar','NULL','Uttar Pardesh','Darbhanga','','','Hospital Road, Darbhanga ','9939950219',''),(1779,'Deepika Kumari','NULL','Uttar Pardesh','Darbhanga','','','Laheriasarai,Darbhanga','8434630594',''),(1780,'Farah Sabnam','NULL','Uttar Pardesh','Darbhanga','','','Aditi Nursing Home, Belwagunj, Lehariasarai, ','9709324194',''),(1781,'Himanshu','NULL','Uttar Pardesh','Darbhanga','','','Laheriasarai,Darbhanga','9430851456',''),(1782,'Kali Charan','NULL','Uttar Pardesh','Darbhanga','','','Laheriasarai, Darbhanga','9334241248',''),(1783,'Kumar Saurabh','NULL','Uttar Pardesh','Darbhanga','','','Hospital Road, Darbhanga ','9431414226',''),(1784,'Kumari Bandana','NULL','Uttar Pardesh','Darbhanga','','','Shivdhara Chowk, Shivdhara, Bus Stand Road,  ','9835886006 , 9334857',''),(1785,'Madhu Kumari','NULL','Uttar Pardesh','Darbhanga','','','VIP Road, Allalpatti,  opp- Astha Clinic, , ','9934521532',''),(1786,'Mahender Kumar','NULL','Uttar Pardesh','Darbhanga','','','Allalpatti Laheriasarai Darbhanga','9471638396',''),(1787,'Mamta Bara','NULL','Uttar Pardesh','Darbhanga','','','Hospital Road, Darbhanga ','9939948979',''),(1788,'MD Jabir Hussain','NULL','Uttar Pardesh','Darbhanga','','','Laheriasarai Darbhanga','9905601073',''),(1789,'Minu Singh','NULL','Uttar Pardesh','Darbhanga','','','VIP Road, Allalpatti,  Near Dr.Pushpa Jha Clinic,  ','06272-253825/233193',''),(1790,'Nirala Kumari Sinha','NULL','Uttar Pardesh','Darbhanga','','','Laheriasarai,Darbhanga','9835068301',''),(1791,'Poonam Kumar','NULL','Uttar Pardesh','Darbhanga','','','Hospital Road, Benta Chowk, Lehariasarai, Near-Hotel Ravi, ','9798484012 , 9430062',''),(1792,'Poonam Rani','NULL','Uttar Pardesh','Darbhanga','','','Hospital Road, Darbhanga ','9431414229',''),(1793,'Poonam Singh','NULL','Uttar Pardesh','Darbhanga','','','Devraj Nursing Home, Station Road , Lehariasarai, ','9430520540/903159564',''),(1794,'Priyanka Shrivastava','NULL','Uttar Pardesh','Darbhanga','','','Laheriasarai,Darbhanga','9471641509',''),(1795,'Qumruddin Ansari','NULL','Uttar Pardesh','Darbhanga','','','Dumduma,Laheriasarai,Darbhanga','9546307829',''),(1796,'Ranjana Kumari','NULL','Uttar Pardesh','Darbhanga','','','Kadirabad , Bus Stand Road , ','8434406200',''),(1797,'Reshmi Jha','NULL','Uttar Pardesh','Darbhanga','','','Kadirabad , Bus Stand Road , ','06272-248316 , 98352',''),(1798,'Samir Kumar Lal','NULL','Uttar Pardesh','Darbhanga','','','Laheriasarai,Darbhanga','7677360111',''),(1799,'Sandhya Kumari','NULL','Uttar Pardesh','Darbhanga','','','Hospital Road, Benta Chowk, Lehariasarai, ','9431086341',''),(1800,'Sashibala Prasad','NULL','Uttar Pardesh','Darbhanga','','','Aakash Clinic, Benta Chowk, Behind Petrol Pump, Lehariasarai, ','9631363834',''),(1801,'Shambhu Kumar','NULL','Uttar Pardesh','Darbhanga','','','Laheriasarai Darbhanga','9709718862',''),(1802,'Shila Sahu','NULL','Uttar Pardesh','Darbhanga','','','Naka-5 Road, Donar Chowk, ','983527746 , 93041728',''),(1803,'Shilpa Singh','NULL','Uttar Pardesh','Darbhanga','','','Shree Sai Hospital, VIP Road , Allalpatti, Near- Sanjivani Hotel,  ','9234687252',''),(1804,'Sima Singh','NULL','Uttar Pardesh','Darbhanga','','','Hospital Road, Benta Chowk, Near-P.P International Hotel, Lehariasarai,  ','06272-213911/9835071',''),(1805,'Swapana Kr Jha','NULL','Uttar Pardesh','Darbhanga','','','Mahabir vatasalaya,L,C.T.Ghat','9430500624',''),(1806,'Tanyaa Priya','NULL','Uttar Pardesh','Darbhanga','','','Allalpatti Laheriasarai Darbhanga','9471638396',''),(1807,'Umar Azam','NULL','Uttar Pardesh','Darbhanga','','','Dumduma,Laheriasarai,Darbhanga','8539056595',''),(1808,'NULL','NULL','Uttar Pardesh','Darbhanga','','','Surya Clinic','NULL',''),(1809,'NULL','NULL','Uttar Pardesh','Darbhanga','','','Health Camps','NULL',''),(1810,'Afshan Sartaz Khan','NULL','Uttar Pardesh','Gaya','','','Near Musiam, Rampur Road','9771198804',''),(1811,'Afshan Sartaz Khan','NULL','Uttar Pardesh','Gaya','','','Gewal Bigha','NULL',''),(1812,'Anita Kumari','NULL','Uttar Pardesh','Gaya','','','Meerabu Salem Road','NULL',''),(1813,'Devyani Sinha','NULL','Uttar Pardesh','Gaya','','','White House','NULL',''),(1814,'Girja Kumari','NULL','Uttar Pardesh','Gaya','','','G B Road','NULL',''),(1815,'Kusum Kumari','NULL','Uttar Pardesh','Gaya','','','Delha','9431795559',''),(1816,'Leena Verma','NULL','Uttar Pardesh','Gaya','','','Near jail road ,Verma nusing home,Gaya','9973598016',''),(1817,'M M Ashraf','NULL','Uttar Pardesh','Gaya','','','White House Compound,Gaya','9099728054',''),(1818,'Mukta Mani','NULL','Uttar Pardesh','Gaya','','','Golachhani Rd, Manpur','8969659075',''),(1819,'Neeeta Agrwal','NULL','Uttar Pardesh','Gaya','','','Near Gewal bigha more','9431264294',''),(1820,'Neelu Sinha','NULL','Uttar Pardesh','Gaya','','','G B Road','NULL',''),(1821,'Neeta Agrawal','NULL','Uttar Pardesh','Gaya','','','Gewal Bigha','NULL',''),(1822,'Nilu Sinha','NULL','Uttar Pardesh','Gaya','','','Nai Godown, Gaya','NULL',''),(1823,'Parmila Bhadani','NULL','Uttar Pardesh','Gaya','','','Bhadani nursing home, Golpathar','9234644581',''),(1824,'Poonam Sahay','NULL','Uttar Pardesh','Gaya','','','A.P.Colony,near  R.R.Thakur','9431284463',''),(1825,'Pramila Bhadani','NULL','Uttar Pardesh','Gaya','','','Bhadani nursing home, Golpathar,Gandhi Maidan','NULL',''),(1826,'Prite kumari','NULL','Uttar Pardesh','Gaya','','','Anandi more,G.B.Road','9931844962',''),(1827,'Priti Kumari','NULL','Uttar Pardesh','Gaya','','','G B Road','NULL',''),(1828,'Puja Pradhan','NULL','Uttar Pardesh','Gaya','','','Gewal Bigha','NULL',''),(1829,'Puza Pradhan','NULL','Uttar Pardesh','Gaya','','','Near Gewal bigha more','9835049524',''),(1830,'R R Thakur','NULL','Uttar Pardesh','Gaya','','','A P Colony','NULL',''),(1831,'Rashmi Kumari','NULL','Uttar Pardesh','Gaya','','','Anandi more, G.B.Road,Gaya','8809202131',''),(1832,'Renu Singh','NULL','Uttar Pardesh','Gaya','','','Near Vishal Talaw,Gandhi Maidan , Gaya','9431297361',''),(1833,'Sandhya Prasad','NULL','Uttar Pardesh','Gaya','','','G B Road','NULL',''),(1834,'Sangeeta Sharma','NULL','Uttar Pardesh','Gaya','','','S P Road','NULL',''),(1835,'Sangeeta Sinha','NULL','Uttar Pardesh','Gaya','','','G B Road','NULL',''),(1836,'Shandhya Prasad','NULL','Uttar Pardesh','Gaya','','','Near Mahila College,G.B.Road, Gaya','6312221497',''),(1837,'Sharla Nazrin','NULL','Uttar Pardesh','Gaya','','','near ceran school,Gaya','9431280744',''),(1838,'Shayama Rani','NULL','Uttar Pardesh','Gaya','','','Near Gewal bigha more','9835049524',''),(1839,'Suman kumari','NULL','Uttar Pardesh','Gaya','','','New godown,Gaya','9234206229',''),(1840,'NULL','NULL','Uttar Pardesh','Gaya','','','Surya Clinic','NULL',''),(1841,'NULL','NULL','Uttar Pardesh','Gaya','','','Health Camps','NULL',''),(1842,'Anita Sinha','NULL','Uttar Pardesh','Nalanda','','','Hospital More, Bihar Sharif','9835470362',''),(1843,'Arti Archna','NULL','Uttar Pardesh','Nalanda','','','Janani Clinic, Mogul Kuan, Biharsharif','9204618277',''),(1844,'Arti Prasad','NULL','Uttar Pardesh','Nalanda','','','Khandakpar , Bihar Sharif','9835057418',''),(1845,'Asha','NULL','Uttar Pardesh','Nalanda','','','Asha Nager, Bihar Sharif','9334296366',''),(1846,'Asha Sinha','NULL','Uttar Pardesh','Nalanda','','','ASHA  Hospital, Khandakpar, Nalanda','9801446038',''),(1847,'Kumkum Prasad','NULL','Uttar Pardesh','Nalanda','','','Prasad Clinic,Kachari More, Bihar Sharif','9905024647, 99349185',''),(1848,'Mamta Goshami','NULL','Uttar Pardesh','Nalanda','','','Near Sarkari Bus Stand , Bihar Sharif','9905661890',''),(1849,'Mamta Kumari','NULL','Uttar Pardesh','Nalanda','','','Drighiaue Clinic  , Bihar  Road , Ekenger Sarai','9835046987',''),(1850,'Mamta Rani','NULL','Uttar Pardesh','Nalanda','','','Sonu Clinic , Etwari Bazar , Bihar Sharif','9470003507',''),(1851,'Manju Bhadani','NULL','Uttar Pardesh','Nalanda','','','Gudri Bazar , Barbigha','9709629089',''),(1852,'Neelam Sinha','NULL','Uttar Pardesh','Nalanda','','','Islampur Road , Ekenger Sarai','9934891766',''),(1853,'Noor Fatima','NULL','Uttar Pardesh','Nalanda','','','Bardari, Bihar Sharif','9631030764',''),(1854,'Nutan Sinha','NULL','Uttar Pardesh','Nalanda','','','Vijata Nursing Home,  Gharpar','9934892990',''),(1855,'Prabhat kumar','NULL','Uttar Pardesh','Nalanda','','','Prabhat clinic ,Khandakpar','9386540673',''),(1856,'Priti Ranjana','NULL','Uttar Pardesh','Nalanda','','','PHC , Noor Sarai','9430284828',''),(1857,'Ranjana','NULL','Uttar Pardesh','Nalanda','','','Manaya Nursing home machali gali, Ramchandarpur','9546442624',''),(1858,'Rinku Kumari','NULL','Uttar Pardesh','Nalanda','','','Patna Road , Chandi Bazar , Chandi','9430829773',''),(1859,'Seema Sinha','NULL','Uttar Pardesh','Nalanda','','','PHC , Noor Sarai','9204877234',''),(1860,'Shayma Roy','NULL','Uttar Pardesh','Nalanda','','','PHC,Rajgir','8987231395',''),(1861,'Sunil Kumar','NULL','Uttar Pardesh','Nalanda','','','Laxmi Clinic, Bajrangi More , Rahui','9771689582',''),(1862,'Sunita Sinha','NULL','Uttar Pardesh','Nalanda','','','Main Road Khagurbana, Sohsarai','9430957037',''),(1863,'Sunita Sinha','NULL','Uttar Pardesh','Nalanda','','','Collage More, Bihar Sharif','9771945802',''),(1864,'Suniti sinha','NULL','Uttar Pardesh','Nalanda','','','Dr Colony, khandakpar','9905888505',''),(1865,'NULL','NULL','Uttar Pardesh','Nalanda','','','Surya Clinic','NULL',''),(1866,'NULL','NULL','Uttar Pardesh','Nalanda','','','Health Camps','NULL',''),(1867,'A K Deo','NULL','Uttar Pardesh','Katihar','','','New Jivan Jyoti Clinic, Mirchaibari','9430038970/943003897',''),(1868,'A Q Ansari','NULL','Uttar Pardesh','Katihar','','','Bari Durga manir ,Kalibari ,Katihar','9934642101',''),(1869,'Ajay Kumar','NULL','Uttar Pardesh','Katihar','','','Sanjeevni Scan center,Vinodpur,Katihar','9431661581',''),(1870,'Akshay','NULL','Uttar Pardesh','Katihar','','','Sanjeevni Scan center,Vinodpur,Katihar','9431269068',''),(1871,'Anamika Sinha','NULL','Uttar Pardesh','Katihar','','','Sanjeevni Scan center,Vinodpur,Katihar','9798352999',''),(1872,'Asha dhulani','NULL','Uttar Pardesh','Katihar','','','Vinodpur Chouk, Katihar','9431291607',''),(1873,'Ashutosh Kr Jha','NULL','Uttar Pardesh','Katihar','','',' Sewa Sadan, Binodpur','9431228657',''),(1874,'Mahadeo Mandal','NULL','Uttar Pardesh','Katihar','','','Kosi colony ,Katihar(New jeevan jyoti nurshing home)','9430297542',''),(1875,'Mahtab Alam','NULL','Uttar Pardesh','Katihar','','','Binodpur ','9471011489',''),(1876,'Md Tanveer Haidar','NULL','Uttar Pardesh','Katihar','','','Saba Medical Hall, Hridayganj','9006428093',''),(1877,'Md Taslim','NULL','Uttar Pardesh','Katihar','','','Vishwas Health Clinic, Sharifganj','9934021847',''),(1878,'Mrigendra Kumar','NULL','Uttar Pardesh','Katihar','','','Harsh nurshing home,mirchabari,Katihar','9431291513',''),(1879,'N K Jha','NULL','Uttar Pardesh','Katihar','','','Nidan Hospital, Raj Hata, Kalibari Road','9835821703',''),(1880,'Rahul kumar','NULL','Uttar Pardesh','Katihar','','','Kalibari road,Vinodpur ,Katihar','9570968812',''),(1881,'Ranjna Jha','NULL','Uttar Pardesh','Katihar','','',' Sewa Sadan, Binodpur','06452-243904',''),(1882,'Seema Mishra','NULL','Uttar Pardesh','Katihar','','','Vinodpur, Katihar','9431046129',''),(1883,'Seema Mishra','NULL','Uttar Pardesh','Katihar','','','Nidan Hospital, Raj Hata, Kalibari Road','9835821703',''),(1884,'mahadev Mandal','NULL','Uttar Pardesh','Katihar','','','Kosi colony ,Katihar(New jeevan jyoti nurshing home)','8252943788',''),(1885,'Minki Singh','NULL','Uttar Pardesh','Katihar','','','Star Clinic, Hridayganj','9608566404',''),(1886,'NULL','NULL','Uttar Pardesh','Katihar','','','Surya Clinic','NULL',''),(1887,'NULL','NULL','Uttar Pardesh','Katihar','','','Health Camps','NULL',''),(1888,'Abdul Salam','NULL','Uttar Pardesh','Motihari','','','Ramgadhawa','9431410178',''),(1889,'Abhilasha Jha','NULL','Uttar Pardesh','Motihari','','','Vtsalya Chikitsa Kendra, Hospital Road, Motihari','9852108272',''),(1890,'B K Choudhary','NULL','Uttar Pardesh','Motihari','','','Dhaka      ','NULL',''),(1891,'Dineshwar Prasad','NULL','Uttar Pardesh','Motihari','','','Sugawali','9708161591',''),(1892,'Harenandra Prasad','NULL','Uttar Pardesh','Motihari','','','Patahi','9097120431',''),(1893,'M M Alam','NULL','Uttar Pardesh','Motihari','','','Pakaridayal','9472397861',''),(1894,'Madhuri Ojha','NULL','Uttar Pardesh','Motihari','','','Kalyanpur','9939217376',''),(1895,'Manjar nasim','NULL','Uttar Pardesh','Motihari','','','LIC building Meena Bazar, Motihari','9431811733',''),(1896,'Sandhya ragini Chaudhary','NULL','Uttar Pardesh','Motihari','','','Near Azad Chowk, Dhaka, Motihari','8986904731',''),(1897,'Sandhya Sinha','NULL','Uttar Pardesh','Motihari','','','Jeevan Deep Nursing Home , Dhaka Road, motihari','9931403243',''),(1898,'Sanjay Kumar','NULL','Uttar Pardesh','Motihari','','','Madhuban','9470751279',''),(1899,'Santosh Kumar','NULL','Uttar Pardesh','Motihari','','','Station Road, Motihari','9431435789',''),(1900,'Satrodhan Pd Sahi','NULL','Uttar Pardesh','Motihari','','','Madhuban Motihari','9771360267',''),(1901,'Seema Kumari Sinha','NULL','Uttar Pardesh','Motihari','','','NH 28. Chatauni Chowk, Motihari','9430528770',''),(1902,'Seema Singh','NULL','Uttar Pardesh','Motihari','','','Motihari','NULL',''),(1903,'Shiv Shankar Sinha','NULL','Uttar Pardesh','Motihari','','','Mehasi','9430167951',''),(1904,'Swarna Rai','NULL','Uttar Pardesh','Motihari','','','Madhuban Chawani Chowk, Motihari','9801076041',''),(1905,'Swati Sinha','NULL','Uttar Pardesh','Motihari','','','Gopalpur ,Motihari','6252333125',''),(1906,'U S Pathak','NULL','Uttar Pardesh','Motihari','','','Beli saray Pani Tanki,Motihari','9431294500',''),(1907,'Viswajyoti Rai','NULL','Uttar Pardesh','Motihari','','','Madhuban Chawani Chowk, Motihari','8298931302',''),(1908,'Ravi Sastri','NULL','Uttar Pardesh','Motihari','','','Bangali Colony Chatauni Chowk, Motihari','930825379',''),(1909,'Anil Kumar Gupta','NULL','Uttar Pardesh','Motihari','','','Trukolia,Rambha Sewa Sadan, Bhawanipur ziraat, Motihari','9431840246',''),(1910,'Binod Kumar Singh','NULL','Uttar Pardesh','Motihari','','','Near PHC ramgarwa, Motihari','9905034785',''),(1911,'Chetan Jaiswal','NULL','Uttar Pardesh','Motihari','','','Trukolia,Chailaha Banjariya, Motihari','9431093569',''),(1912,'Deepak Kumar','NULL','Uttar Pardesh','Motihari','','','NH 28. Chatauni Chowk, Motihari','NULL',''),(1913,'Harinandra baitha','NULL','Uttar Pardesh','Motihari','','','Aman Helath Center, Bank road, Harsidhi, Motihari','9430691903/767708768',''),(1914,'Indrajeet Prasad','NULL','Uttar Pardesh','Motihari','','','Madhuban','8809915193',''),(1915,'Prabhu Dayal Prasad','NULL','Uttar Pardesh','Motihari','','','Ghorasahan','9934270539',''),(1916,'R B Singh','NULL','Uttar Pardesh','Motihari','','','Kalyanpur','9430218118',''),(1917,'Ravi Shastri','NULL','Uttar Pardesh','Motihari','','','Bangali Colony Chatauni Chowk, Motihari','9308215397',''),(1918,'S R Choudhary','NULL','Uttar Pardesh','Motihari','','','Dhaka','9708249331',''),(1919,'Savitri Narayan','NULL','Uttar Pardesh','Motihari','','','Paharpur','9771927965',''),(1920,'NULL','NULL','Uttar Pardesh','Motihari','','','Surya Clinic','NULL',''),(1921,'NULL','NULL','Uttar Pardesh','Motihari','','','Health Camps','NULL',''),(1922,'Balram Prasad Sah','NULL','Uttar Pardesh','Munger','','','NULL','9470003461',''),(1923,'Ima Sinha','NULL','Uttar Pardesh','Munger','','','NULL','9431876450',''),(1924,'Jagat Prasad','NULL','Uttar Pardesh','Munger','','','NULL','NULL',''),(1925,'Mahena Prasad','NULL','Uttar Pardesh','Munger','','','NULL','NULL',''),(1926,'Nirmala Kumari Gupta','NULL','Uttar Pardesh','Munger','','','Chhoti Kela Bari','9234633803',''),(1927,'Ramprit Singh','NULL','Uttar Pardesh','Munger','','','NULL','9431183158',''),(1928,'Sunanda','NULL','Uttar Pardesh','Munger','','','NULL','NULL',''),(1929,'Faizuddin','NULL','Uttar Pardesh','Munger','','','NULL','9006475664',''),(1930,'Kabita Barnwal','NULL','Uttar Pardesh','Munger','','','NULL','NULL',''),(1931,'Sudhir Kumar Singh','NULL','Uttar Pardesh','Munger','','','NULL','9431876450',''),(1932,'NULL','NULL','Uttar Pardesh','Munger','','','Surya Clinic','NULL',''),(1933,'NULL','NULL','Uttar Pardesh','Munger','','','Health Camps','NULL',''),(1934,'A Deo','NULL','Uttar Pardesh','Muzaffarpur','','','Atardah, Kachi Pakki Road, Muzaffarpur','9934099313',''),(1935,'Abhishekh Kumar','NULL','Uttar Pardesh','Muzaffarpur','','','Suman Clinic, Club Road, Muzaffarpur','9661902347',''),(1936,'Anamika','NULL','Uttar Pardesh','Muzaffarpur','','','Rewa Road','9934826615',''),(1937,'Anjum Ara','NULL','Uttar Pardesh','Muzaffarpur','','','Dr. Anjum Ara Clinic, Mithanpura, Muzaffarpur','9431462046',''),(1938,'Anubha Singh','NULL','Uttar Pardesh','Muzaffarpur','','','Zuran Chhapra Main Road','9931820153',''),(1939,'Bibha Singh','NULL','Uttar Pardesh','Muzaffarpur','','','Rewa Road, Muzaffarpur','9471665669',''),(1940,'Bimla Sanyal','NULL','Uttar Pardesh','Muzaffarpur','','','Pakki Saray Road','9955477135',''),(1941,'Chandan','NULL','Uttar Pardesh','Muzaffarpur','','','Bariya Chowk','9835474249',''),(1942,'Deo Kumar Singh','NULL','Uttar Pardesh','Muzaffarpur','','','Rewa Road, Muzaffarpur','8986211669',''),(1943,'Dipti Sinha','NULL','Uttar Pardesh','Muzaffarpur','','','Zuran Chhapra Main Road','9334607817',''),(1944,'Gyanendra Kumar','NULL','Uttar Pardesh','Muzaffarpur','','','Juran Chapra Road No. 3, Muzaffarpur','9835278073',''),(1945,'Jyoti','NULL','Uttar Pardesh','Muzaffarpur','','','Shree Hospital, Gausala Road, Muzaffarpur','9835006472',''),(1946,'Karuna Ojha','NULL','Uttar Pardesh','Muzaffarpur','','','Rewa Road','2276891/2250725',''),(1947,'Krishna Bhushan Nath','NULL','Uttar Pardesh','Muzaffarpur','','','Bela Road, Muzaffarpur','9934016301',''),(1948,'Kumari Milan','NULL','Uttar Pardesh','Muzaffarpur','','','Suman Clinic, Club Road, Muzaffarpur','9934780995',''),(1949,'Kumari Tulika','NULL','Uttar Pardesh','Muzaffarpur','','','Rewa Road','9835004434',''),(1950,'Manish Alok','NULL','Uttar Pardesh','Muzaffarpur','','','S.K.M.C.H.Road ','9431857265',''),(1951,'Mrs Suman Prasad','NULL','Uttar Pardesh','Muzaffarpur','','','Suman Clinic, Club Road, Muzaffarpur','9234765677',''),(1952,'Mukesh Kumar','NULL','Uttar Pardesh','Muzaffarpur','','','Juran Chapra Road No. 3, Muzaffarpur','NULL',''),(1953,'Neera Kumari','NULL','Uttar Pardesh','Muzaffarpur','','','Lilawati Hostipal ,Akharaghat Road,Zero Mile ','9801653534/954654652',''),(1954,'Preeti','NULL','Uttar Pardesh','Muzaffarpur','','','Laxhmi Chowk, Brahampura, Muzaffarpur','9431046549',''),(1955,'Pushpa Sanyal','NULL','Uttar Pardesh','Muzaffarpur','','','Aam  Gola','NULL',''),(1956,'Rajesh Kumar','NULL','Uttar Pardesh','Muzaffarpur','','','Shanti Seva Sadan, Sahu Road, Muzaffarpur','9934472948',''),(1957,'Rekha Singh','NULL','Uttar Pardesh','Muzaffarpur','','','City Hosptial,Zero Maile','7654137693',''),(1958,'Rijwan Akhtar','NULL','Uttar Pardesh','Muzaffarpur','','','Rewa Road','06212255136, 9304826',''),(1959,'Rita Choudhary','NULL','Uttar Pardesh','Muzaffarpur','','','Rewa Road','9835481286',''),(1960,'Satyena Kumar Choudhary','NULL','Uttar Pardesh','Muzaffarpur','','','Zuran Chapra Road No. 2, Muzaffarpur','9835483015',''),(1961,'Shashi Choudhary','NULL','Uttar Pardesh','Muzaffarpur','','','Zero Mile.Muzffarpur','9939828550',''),(1962,'Sonu Ranjan','NULL','Uttar Pardesh','Muzaffarpur','','','Zuran Chhapra Main Road','9308843478',''),(1963,'Sunil Kumar','NULL','Uttar Pardesh','Muzaffarpur','','','Zero Mile, Akharaghat Road, Muzaffarpur','9631822154',''),(1964,'Sunita Joshi','NULL','Uttar Pardesh','Muzaffarpur','','','Pani Tanki, Muzffarpur','9835465919',''),(1965,'Sushma Alok','NULL','Uttar Pardesh','Muzaffarpur','','','S.K.M.C.H.Road','9431857265',''),(1966,'Veena Singh','NULL','Uttar Pardesh','Muzaffarpur','','','Rewa Road','9471665669',''),(1967,'NULL','NULL','Uttar Pardesh','Muzaffarpur','','','Surya Clinic','NULL',''),(1968,'NULL','NULL','Uttar Pardesh','Muzaffarpur','','','Health Camps','NULL',''),(1969,'A K Choudhary','NULL','Uttar Pardesh','Purnea','','','Prabhat Colony,Purnea','9931466336',''),(1970,'Afroz Alam','NULL','Uttar Pardesh','Purnea','','','Line Bazar Bihar, Purnea','9430562175',''),(1971,'Amar Choudhary','NULL','Uttar Pardesh','Purnea','','','Line Bazar,Purnea','9661624261',''),(1972,'Anjana D Kapoor','NULL','Uttar Pardesh','Purnea','','','Line Bazar','NULL',''),(1973,'Asha Singh','NULL','Uttar Pardesh','Purnea','','','Line Bazar','9431625714',''),(1974,'Ashutosh Kumar','NULL','Uttar Pardesh','Purnea','','','Line Bazar','NULL',''),(1975,'B C Jha','NULL','Uttar Pardesh','Purnea','','','Line Bazar','9431471480',''),(1976,'B C Jha','NULL','Uttar Pardesh','Purnea','','','Prabhat Colony Purnea','9431471486',''),(1977,'Banita Bhagat','NULL','Uttar Pardesh','Purnea','','','Navratna Hata IDBI Bank Gali, Purnea','9304202216',''),(1978,'D P Singh','NULL','Uttar Pardesh','Purnea','','','Line Bazar','9934916220',''),(1979,'Deepak Kr Singh','NULL','Uttar Pardesh','Purnea','','','Sipahi Tola Purnea','9661822449',''),(1980,'Divyanjali Singh','NULL','Uttar Pardesh','Purnea','','','Ford Company Chowk Purnea','9570830302',''),(1981,'Govind Roy','NULL','Uttar Pardesh','Purnea','','','Chunapur,Purnea','9431025636',''),(1982,'J P Pandey','NULL','Uttar Pardesh','Purnea','','','Sadar Hospital ,Purnea','9470425114',''),(1983,'Madhu Rani','NULL','Uttar Pardesh','Purnea','','','Line Bazar','NULL',''),(1984,'Madina Kousar','NULL','Uttar Pardesh','Purnea','','','Line Bazar','8651899111',''),(1985,'Masih','NULL','Uttar Pardesh','Purnea','','','Line Bazar, K Hat Thana Purnea','9472001855',''),(1986,'Neyaz Ahmad','NULL','Uttar Pardesh','Purnea','','','Line Bazar Bihar, Purnea','9955215438',''),(1987,'Poonam Prabha','NULL','Uttar Pardesh','Purnea','','','Line Bazar','9852319308',''),(1988,'Pratima Tomar','NULL','Uttar Pardesh','Purnea','','','Line Bazar Bihar Talkies Road Purnea','9199753091',''),(1989,'Priyanka','NULL','Uttar Pardesh','Purnea','','','Line Bazar','8986425144',''),(1990,'R B Roy','NULL','Uttar Pardesh','Purnea','','','Line Bazar','8809887686',''),(1991,'R S Chowdhary','NULL','Uttar Pardesh','Purnea','','','Line Bazar','NULL',''),(1992,'Rani Mehnaz','NULL','Uttar Pardesh','Purnea','','','Line Bazar Bihar, Purnea','9572210127',''),(1993,'Shiwani','NULL','Uttar Pardesh','Purnea','','','Line Bazar','9334994215',''),(1994,'Sinigdha Priyadarshini','NULL','Uttar Pardesh','Purnea','','','Madhubani Purnea','88009204555',''),(1995,'Sinigdha Priyadarshini','NULL','Uttar Pardesh','Purnea','','','Line Bazar','8809204555',''),(1996,'Sujeet Kumar Mishra','NULL','Uttar Pardesh','Purnea','','','Line Bazar,Purnea','9431253669',''),(1997,'Sunanda Prasad','NULL','Uttar Pardesh','Purnea','','','Line Bazar','9431250600',''),(1998,'Sunil Kumar','NULL','Uttar Pardesh','Purnea','','','Line Bazar','NULL',''),(1999,'Sunita Prasad','NULL','Uttar Pardesh','Purnea','','','Line Bazar','9431311897',''),(2000,'Sushila Das','NULL','Uttar Pardesh','Purnea','','','Line Bazar','9769838280',''),(2001,'Tasneem Sahid','NULL','Uttar Pardesh','Purnea','','','Line Bazar Purnea','9431867214',''),(2002,'Vivek Thakur','NULL','Uttar Pardesh','Purnea','','','Line Bazar Bihar Talkies Road Purnea','8084520540',''),(2003,'Wasim','NULL','Uttar Pardesh','Purnea','','','Line Bazar','9934670737',''),(2004,'Zaki Wasim','NULL','Uttar Pardesh','Purnea','','','Line Bazar','NULL',''),(2005,'Reema Sarkar','NULL','Uttar Pardesh','Purnea','','','Bhatta Bazar,Durgawari Purnea.','9431483105',''),(2006,'NULL','NULL','Uttar Pardesh','Purnea','','','Surya Clinic','NULL',''),(2007,'NULL','NULL','Uttar Pardesh','Purnea','','','Health Camps','NULL',''),(2008,'Amrita Singh','NULL','Uttar Pardesh','Samastipur','','','Tajpur Road, Azad Chowk','9431651155',''),(2009,'Gobind Prasad','NULL','Uttar Pardesh','Samastipur','','','Madhurichowk,Samastipur','9771428509',''),(2010,'Manju Sahay','NULL','Uttar Pardesh','Samastipur','','','Hospital Road,Samastipur','9431898581',''),(2011,'Monika Singh','NULL','Uttar Pardesh','Samastipur','','',' Post Kashipur, Samastipur','9431010633',''),(2012,'N R K sinha','NULL','Uttar Pardesh','Samastipur','','','Mathurapur, Samastipur','9431898581',''),(2013,'Nand Kishor Kumar','NULL','Uttar Pardesh','Samastipur','','','Chini Meal Chowk, Hasanpur','9430953246',''),(2014,'Promod Kumar','NULL','Uttar Pardesh','Samastipur','','',' PHC Khanpur','9430906457',''),(2015,'Ragni Sahay','NULL','Uttar Pardesh','Samastipur','','','Railway Hospital Samastipur','9771428505',''),(2016,'Rajeev Kumar','NULL','Uttar Pardesh','Samastipur','','','Ganj Road, Dalsingsarai','9931732179',''),(2017,'Rakesh Kumar','NULL','Uttar Pardesh','Samastipur','','','Cold Storage Chowk , NH-28., Tajpur','9199559051',''),(2018,'Sabnam Gupta','NULL','Uttar Pardesh','Samastipur','','','Vivek Vihar, Samastipur','9431245662',''),(2019,'Sarojni Ishwar','NULL','Uttar Pardesh','Samastipur','','','Mohanpur Road,Samastipur','06274-222267',''),(2020,'Subodh Kumar','NULL','Uttar Pardesh','Samastipur','','','Gulabi Hospital, Patori','9931815739',''),(2021,'Sudha Verma','NULL','Uttar Pardesh','Samastipur','','','Behind Patel Field,Samastipur','9835257712',''),(2022,'Umesh Prasad','NULL','Uttar Pardesh','Samastipur','','','Muskan Sewa Sadan, Mohedinager','9709489074',''),(2023,'US Prasad','NULL','Uttar Pardesh','Samastipur','','','PHC Ujiyarpur','9031474109',''),(2024,'Vijay Kumar','NULL','Uttar Pardesh','Samastipur','','','Azad Chowk,Samastipur','9570637959',''),(2025,'Vijay Kumar','NULL','Uttar Pardesh','Samastipur','','','PHC , Sarairanjan','9570637959 ,98010009',''),(2026,'VP Thakur','NULL','Uttar Pardesh','Samastipur','','','PHC Ujiyarpur','9430903566',''),(2027,'NULL','NULL','Uttar Pardesh','Samastipur','','','Surya Clinic','NULL',''),(2028,'NULL','NULL','Uttar Pardesh','Samastipur','','','Health Camps','NULL',''),(2029,'Anita Sahay','NULL','Uttar Pardesh','Vaishali','','','Yash clinic pokhara muhalla,hajipur','9431038752',''),(2030,'Anju Singh','NULL','Uttar Pardesh','Vaishali','','','Pokhara Muhalla','NULL',''),(2031,'Ashutosh Kumar','NULL','Uttar Pardesh','Vaishali','','','Adarsh Hospital and Reserch Center, Marai Raod','9939726772',''),(2032,'Dharmendra Kumar','NULL','Uttar Pardesh','Vaishali','','','Shiwangani Nursing Home ,Pokhara Muhalla','7488022852',''),(2033,'Gaytri Kumari','NULL','Uttar Pardesh','Vaishali','','','Navin Cinema Road','9308077471',''),(2034,'Gudiya','NULL','Uttar Pardesh','Vaishali','','','Navin Cinema Road','9835018397',''),(2035,'Gudiya kumari','NULL','Uttar Pardesh','Vaishali','','','Anurag Nursing Home Navin cinema road hajipur','9473379447',''),(2036,'Manju Agrawal','NULL','Uttar Pardesh','Vaishali','','','Agrawal Nursing Home, Pokhara Muhalla','NULL',''),(2037,'Meera singh','NULL','Uttar Pardesh','Vaishali','','','Rahul Nursing Home Navin cinema road hajipur','9939261809',''),(2038,'Pallavi Kumari','NULL','Uttar Pardesh','Vaishali','','','Johari Bazar, Hajipur','8797870805',''),(2039,'Ranjeet Kumar','NULL','Uttar Pardesh','Vaishali','','','Navin cinema road hajipur','9835334039',''),(2040,'Rashmi Ranjan','NULL','Uttar Pardesh','Vaishali','','','Sri shyama hospital Navin cinema road hajipur','9431494220',''),(2041,'Shushma sinha','NULL','Uttar Pardesh','Vaishali','','','Janani Hospital ramjiwan Chowk Hajipur','9431057330',''),(2042,'Vijay Kumar','NULL','Uttar Pardesh','Vaishali','','','Hospital road Hajipur','9431253672',''),(2043,'NULL','NULL','Uttar Pardesh','Vaishali','','','Surya Clinic','NULL',''),(2044,'NULL','NULL','Uttar Pardesh','Vaishali','','','Health Camps','NULL',''),(2045,'Sandeep','NULL','Uttar Pardesh','Vaishali','','','Yash Clinic,Pokhara Muhalla','9430815821',''),(2046,'Smriti Sinha','NULL','Uttar Pardesh','Vaishali','','','Janani Hospital ramjiwan Chowk Hajipur','9431057330',''),(2047,'NULL','NULL','Uttar Pardesh','Araria','','','Surya Clinic','NULL',''),(2048,'NULL','NULL','Uttar Pardesh','Araria','','','Health Camps','NULL',''),(2049,'NULL','NULL','Uttar Pardesh','Arwal','','','Surya Clinic','NULL',''),(2050,'NULL','NULL','Uttar Pardesh','Arwal','','','Health Camps','NULL',''),(2051,'NULL','NULL','Uttar Pardesh','Banka','','','Surya Clinic','NULL',''),(2052,'NULL','NULL','Uttar Pardesh','Banka','','','Health Camps','NULL',''),(2053,'NULL','NULL','Uttar Pardesh','Bhojpur','','','Surya Clinic','NULL',''),(2054,'NULL','NULL','Uttar Pardesh','Bhojpur','','','Health Camps','NULL',''),(2055,'NULL','NULL','Uttar Pardesh','Buxar','','','Surya Clinic','NULL',''),(2056,'NULL','NULL','Uttar Pardesh','Buxar','','','Health Camps','NULL',''),(2057,'NULL','NULL','Uttar Pardesh','EastChamparan','','','Surya Clinic','NULL',''),(2058,'NULL','NULL','Uttar Pardesh','EastChamparan','','','Health Camps','NULL',''),(2059,'NULL','NULL','Uttar Pardesh','Gopalganj','','','Surya Clinic','NULL',''),(2060,'NULL','NULL','Uttar Pardesh','Gopalganj','','','Health Camps','NULL',''),(2061,'NULL','NULL','Uttar Pardesh','Jamui','','','Surya Clinic','NULL',''),(2062,'NULL','NULL','Uttar Pardesh','Jamui','','','Health Camps','NULL',''),(2063,'NULL','NULL','Uttar Pardesh','Jehanabad','','','Surya Clinic','NULL',''),(2064,'NULL','NULL','Uttar Pardesh','Jehanabad','','','Health Camps','NULL',''),(2065,'NULL','NULL','Uttar Pardesh','Kaimur','','','Surya Clinic','NULL',''),(2066,'NULL','NULL','Uttar Pardesh','Kaimur','','','Health Camps','NULL',''),(2067,'NULL','NULL','Uttar Pardesh','Khagaria','','','Surya Clinic','NULL',''),(2068,'NULL','NULL','Uttar Pardesh','Khagaria','','','Health Camps','NULL',''),(2069,'NULL','NULL','Uttar Pardesh','Kishanganj','','','Surya Clinic','NULL',''),(2070,'NULL','NULL','Uttar Pardesh','Kishanganj','','','Health Camps','NULL',''),(2071,'NULL','NULL','Uttar Pardesh','Madhepura','','','Surya Clinic','NULL',''),(2072,'NULL','NULL','Uttar Pardesh','Madhepura','','','Health Camps','NULL',''),(2073,'NULL','NULL','Uttar Pardesh','Madhubani','','','Surya Clinic','NULL',''),(2074,'NULL','NULL','Uttar Pardesh','Madhubani','','','Health Camps','NULL',''),(2075,'NULL','NULL','Uttar Pardesh','Nawada','','','Surya Clinic','NULL',''),(2076,'NULL','NULL','Uttar Pardesh','Nawada','','','Health Camps','NULL',''),(2077,'NULL','NULL','Uttar Pardesh','Rohtas','','','Surya Clinic','NULL',''),(2078,'NULL','NULL','Uttar Pardesh','Rohtas','','','Health Camps','NULL',''),(2079,'NULL','NULL','Uttar Pardesh','Saharsa','','','Surya Clinic','NULL',''),(2080,'NULL','NULL','Uttar Pardesh','Saharsa','','','Health Camps','NULL',''),(2081,'NULL','NULL','Uttar Pardesh','Saran','','','Surya Clinic','NULL',''),(2082,'NULL','NULL','Uttar Pardesh','Saran','','','Health Camps','NULL',''),(2083,'NULL','NULL','Uttar Pardesh','Sasaram','','','Surya Clinic','NULL',''),(2084,'NULL','NULL','Uttar Pardesh','Sasaram','','','Health Camps','NULL',''),(2085,'NULL','NULL','Uttar Pardesh','Sitamarhi','','','Surya Clinic','NULL',''),(2086,'NULL','NULL','Uttar Pardesh','Sitamarhi','','','Health Camps','NULL',''),(2087,'NULL','NULL','Uttar Pardesh','Siwan','','','Surya Clinic','NULL',''),(2088,'NULL','NULL','Uttar Pardesh','Siwan','','','Health Camps','NULL',''),(2089,'NULL','NULL','Uttar Pardesh','Supaul','','','Surya Clinic','NULL',''),(2090,'NULL','NULL','Uttar Pardesh','Supaul','','','Health Camps','NULL',''),(2091,'NULL','NULL','Uttar Pardesh','Sheohar','','','Surya Clinic','NULL',''),(2092,'NULL','NULL','Uttar Pardesh','Sheohar','','','Health Camps','NULL','');

/*Table structure for table `matser_doctor_list_blank` */


CREATE TABLE `matser_doctor_list_blank` (
  `id` int(11) NOT NULL AUTO_INCREMENT,
  `first_name` varchar(60) NOT NULL,
  `last_name` varchar(60) DEFAULT NULL,
  `state` varchar(40) NOT NULL,
  `district` varchar(60) NOT NULL,
  `block` varchar(60) NOT NULL,
  `town` varchar(60) NOT NULL,
  `address` varchar(255) NOT NULL,
  `contact` varchar(20) NOT NULL,
  `clinic_name` varchar(255) DEFAULT NULL,
  PRIMARY KEY (`id`)
) ENGINE=InnoDB DEFAULT CHARSET=latin1;

/*Data for the table `matser_doctor_list_blank` */

/*Table structure for table `r_group` */


CREATE TABLE `r_group` (
  `group_id` int(11) NOT NULL AUTO_INCREMENT,
  `group` varchar(20) NOT NULL,
  PRIMARY KEY (`group_id`)
) ENGINE=InnoDB AUTO_INCREMENT=3 DEFAULT CHARSET=latin1;

/*Data for the table `r_group` */

insert  into `r_group`(`group_id`,`group`) values (1,'admin'),(2,'user');

/*Table structure for table `r_master_districts` */


CREATE TABLE `r_master_districts` (
  `location_id` int(11) NOT NULL AUTO_INCREMENT,
  `state_id` int(8) DEFAULT NULL,
  `district_name` varchar(100) DEFAULT NULL,
  `active` int(11) DEFAULT NULL,
  PRIMARY KEY (`location_id`)
) ENGINE=InnoDB AUTO_INCREMENT=709 DEFAULT CHARSET=utf8;

/*Data for the table `r_master_districts` */

insert  into `r_master_districts`(`location_id`,`state_id`,`district_name`,`active`) values (2,1,'North Andaman',1),(3,1,'South Andaman',1),(4,1,'Nicobar',1),(5,2,'Adilabad',1),(6,2,'Anantapur',1),(7,2,'Chittoor',1),(8,2,'East Godavari',1),(9,2,'Guntur',1),(10,2,'Hyderabad',1),(11,2,'Karimnagar',1),(12,2,'Khammam',1),(13,2,'Krishna',1),(14,2,'Kurnool',1),(15,2,'Mahbubnagar',1),(16,2,'Medak',1),(17,2,'Nalgonda',1),(18,2,'Nizamabad',1),(19,2,'Prakasam',1),(20,2,'Ranga Reddy',1),(21,2,'Srikakulam',1),(22,2,'Sri Potti Sri Ramulu Nellore',1),(23,2,'Vishakhapatnam',1),(24,2,'Vizianagaram',1),(25,2,'Warangal',1),(26,2,'West Godavari',1),(27,2,'Cudappah',1),(28,3,'Anjaw',1),(29,3,'Changlang',1),(30,3,'East Siang',1),(31,3,'East Kameng',1),(32,3,'Kurung Kumey',1),(33,3,'Lohit',1),(34,3,'Lower Dibang Valley',1),(35,3,'Lower Subansiri',1),(36,3,'Papum Pare',1),(37,3,'Tawang',1),(38,3,'Tirap',1),(39,3,'Dibang Valley',1),(40,3,'Upper Siang',1),(41,3,'Upper Subansiri',1),(42,3,'West Kameng',1),(43,3,'West Siang',1),(44,4,'Baksa',1),(45,4,'Barpeta',1),(46,4,'Bongaigaon',1),(47,4,'Cachar',1),(48,4,'Chirang',1),(49,4,'Darrang',1),(50,4,'Dhemaji',1),(51,4,'Dima Hasao',1),(52,4,'Dhubri',1),(53,4,'Dibrugarh',1),(54,4,'Goalpara',1),(55,4,'Golaghat',1),(56,4,'Hailakandi',1),(57,4,'Jorhat',1),(58,4,'Kamrup',1),(59,4,'Kamrup Metropolitan',1),(60,4,'Karbi Anglong',1),(61,4,'Karimganj',1),(62,4,'Kokrajhar',1),(63,4,'Lakhimpur',1),(64,4,'Morigaon',1),(65,4,'Nagaon',1),(66,4,'Nalbari',1),(67,4,'Sivasagar',1),(68,4,'Sonitpur',1),(69,4,'Tinsukia',1),(70,4,'Udalguri',1),(71,5,'Araria',1),(72,5,'Arwal',1),(73,5,'Aurangabad',1),(74,5,'Banka',1),(75,5,'Begusarai',1),(76,5,'Bhagalpur',1),(77,5,'Bhojpur',1),(78,5,'Buxar',1),(79,5,'Darbhanga',1),(80,5,'East Champaran',1),(81,5,'Gaya',1),(82,5,'Gopalganj',1),(83,5,'Jamui',1),(84,5,'Jehanabad',1),(85,5,'Kaimur',1),(86,5,'Katihar',1),(87,5,'Khagaria',1),(88,5,'Kishanganj',1),(89,5,'Lakhisarai',1),(90,5,'Madhepura',1),(91,5,'Madhubani',1),(92,5,'Munger',1),(93,5,'Muzaffarpur',1),(94,5,'Nalanda',1),(95,5,'Nawada',1),(96,5,'Patna',1),(97,5,'Purnia',1),(98,5,'Rohtas',1),(99,5,'Saharsa',1),(100,5,'Samastipur',1),(101,5,'Saran',1),(102,5,'Sheikhpura',1),(103,5,'Sheohar',1),(104,5,'Sitamarhi',1),(105,5,'Siwan',1),(106,5,'Supaul',1),(107,6,'Chandigarh',1),(108,7,'Bastar',1),(109,7,'Bijapur',1),(110,7,'Bilaspur',1),(111,7,'Dantewada',1),(112,7,'Dhamtari',1),(113,7,'Durg',1),(114,7,'Jashpur',1),(115,7,'Janjgir-Champa',1),(116,7,'Korba',1),(117,7,'Koriya',1),(118,7,'Kanker',1),(119,7,'Kabirdham (formerly Kawardha)',1),(120,7,'Mahasamund',1),(121,7,'Narayanpur',1),(122,7,'Raigarh',1),(123,7,'Rajnandgaon',1),(124,7,'Raipur',1),(125,7,'Surguja',1),(126,8,'Dadra and Nagar Haveli',1),(127,9,'Daman',1),(128,9,'Diu',1),(129,10,'Central Delhi',1),(130,10,'East Delhi',1),(131,10,'New Delhi',1),(132,10,'North Delhi',1),(133,10,'North East Delhi',1),(134,10,'North West Delhi',1),(135,10,'South Delhi',1),(136,10,'South West Delhi',1),(137,10,'West Delhi',1),(138,11,'North Goa',1),(139,11,'South Goa',1),(140,12,'Ahmedabad',1),(141,12,'Amreli district',1),(142,12,'Anand',1),(143,12,'Banaskantha',1),(144,12,'Bharuch',1),(145,12,'Bhavnagar',1),(146,12,'Dahod',1),(147,12,'The Dangs',1),(148,12,'Gandhinagar',1),(149,12,'Jamnagar',1),(150,12,'Junagadh',1),(151,12,'Kutch',1),(152,12,'Kheda',1),(153,12,'Mehsana',1),(154,12,'Narmada',1),(155,12,'Navsari',1),(156,12,'Patan',1),(157,12,'Panchmahal',1),(158,12,'Porbandar',1),(159,12,'Rajkot',1),(160,12,'Sabarkantha',1),(161,12,'Surendranagar',1),(162,12,'Surat',1),(163,12,'Tapi',1),(164,12,'Vadodara',1),(165,12,'Valsad',1),(166,13,'Ambala',1),(167,13,'Bhiwani',1),(168,13,'Faridabad',1),(169,13,'Fatehabad',1),(170,13,'Gurgaon',1),(171,13,'Hissar',1),(172,13,'Jhajjar',1),(173,13,'Jind',1),(174,13,'Karnal',1),(175,13,'Kaithal',1),(176,13,'Kurukshetra',1),(177,13,'Mahendragarh',1),(178,13,'Mewat',1),(179,13,'Palwal',1),(180,13,'Panchkula',1),(181,13,'Panipat',1),(182,13,'Rewari',1),(183,13,'Rohtak',1),(184,13,'Sirsa',1),(185,13,'Sonipat',1),(186,13,'Yamuna Nagar',1),(187,14,'Bilaspur',1),(188,14,'Chamba',1),(189,14,'Hamirpur',1),(190,14,'Kangra',1),(191,14,'Kinnaur',1),(192,14,'Kullu',1),(193,14,'Lahaul and Spiti',1),(194,14,'Mandi',1),(195,14,'Shimla',1),(196,14,'Sirmaur',1),(197,14,'Solan',1),(198,14,'Una',1),(199,15,'Anantnag',1),(200,15,'Badgam',1),(201,15,'Bandipora',1),(202,15,'Baramulla',1),(203,15,'Doda',1),(204,15,'Ganderbal',1),(205,15,'Jammu',1),(206,15,'Kargil',1),(207,15,'Kathua',1),(208,15,'Kishtwar',1),(209,15,'Kupwara',1),(210,15,'Kulgam',1),(211,15,'Leh',1),(212,15,'Poonch',1),(213,15,'Pulwama',1),(214,15,'Rajouri',1),(215,15,'Ramban',1),(216,15,'Reasi',1),(217,15,'Samba',1),(218,15,'Shopian',1),(219,15,'Srinagar',1),(220,15,'Udhampur',1),(221,16,'Bokaro',1),(222,16,'Chatra',1),(223,16,'Deoghar',1),(224,16,'Dhanbad',1),(225,16,'Dumka',1),(226,16,'East Singhbhum',1),(227,16,'Garhwa',1),(228,16,'Giridih',1),(229,16,'Godda',1),(230,16,'Gumla',1),(231,16,'Hazaribag',1),(232,16,'Jamtara',1),(233,16,'Khunti',1),(234,16,'Koderma',1),(235,16,'Latehar',1),(236,16,'Lohardaga',1),(237,16,'Pakur',1),(238,16,'Palamu',1),(239,16,'Ramgarh',1),(240,16,'Ranchi',1),(241,16,'Sahibganj',1),(242,16,'Seraikela Kharsawan',1),(243,16,'Simdega',1),(244,16,'West Singhbhum',1),(245,17,'Bagalkot',1),(246,17,'Bangalore Rural',1),(247,17,'Bangalore Urban',1),(248,17,'Belgaum',1),(249,17,'Bellary',1),(250,17,'Bidar',1),(251,17,'Bijapur',1),(252,17,'Chamarajnagar',1),(253,17,'Chikkamagaluru',1),(254,17,'Chikkaballapur',1),(255,17,'Chitradurga',1),(256,17,'Davanagere',1),(257,17,'Dharwad',1),(258,17,'Dakshina Kannada',1),(259,17,'Gadag',1),(260,17,'Gulbarga',1),(261,17,'Hassan',1),(262,17,'Haveri district',1),(263,17,'Kodagu',1),(264,17,'Kolar',1),(265,17,'Koppal',1),(266,17,'Mandya',1),(267,17,'Mysore',1),(268,17,'Raichur',1),(269,17,'Shimoga',1),(270,17,'Tumkur',1),(271,17,'Udupi',1),(272,17,'Uttara Kannada',1),(273,17,'Ramanagara',1),(274,17,'Yadgir',1),(275,18,'Alappuzha',1),(276,18,'Ernakulam',1),(277,18,'Idukki',1),(278,18,'Kannur',1),(279,18,'Kasaragod',1),(280,18,'Kollam',1),(281,18,'Kottayam',1),(282,18,'Kozhikode',1),(283,18,'Malappuram',1),(284,18,'Palakkad',1),(285,18,'Pathanamthitta',1),(286,18,'Thrissur',1),(287,18,'Thiruvananthapuram',1),(288,18,'Wayanad',1),(289,19,'Lakshadweep',1),(290,20,'Agar',1),(291,20,'Alirajpur',1),(292,20,'Anuppur',1),(293,20,'Ashok Nagar',1),(294,20,'Balaghat',1),(295,20,'Barwani',1),(296,20,'Betul',1),(297,20,'Bhind',1),(298,20,'Bhopal',1),(299,20,'Burhanpur',1),(300,20,'Chhatarpur',1),(301,20,'Chhindwara',1),(302,20,'Damoh',1),(303,20,'Datia',1),(304,20,'Dewas',1),(305,20,'Dhar',1),(306,20,'Dindori',1),(307,20,'Guna',1),(308,20,'Gwalior',1),(309,20,'Harda',1),(310,20,'Hoshangabad',1),(311,20,'Indore',1),(312,20,'Jabalpur',1),(313,20,'Jhabua',1),(314,20,'Katni',1),(315,20,'Khandwa (East Nimar)',1),(316,20,'Khargone (West Nimar)',1),(317,20,'Mandla',1),(318,20,'Mandsaur',1),(319,20,'Morena',1),(320,20,'Narsinghpur',1),(321,20,'Neemuch',1),(322,20,'Panna',1),(323,20,'Raisen',1),(324,20,'Rajgarh',1),(325,20,'Ratlam',1),(326,20,'Rewa',1),(327,20,'Sagar',1),(328,20,'Satna',1),(329,20,'Sehore',1),(330,20,'Seoni',1),(331,20,'Shahdol',1),(332,20,'Shajapur',1),(333,20,'Sheopur',1),(334,20,'Shivpuri',1),(335,20,'Sidhi',1),(336,20,'Singrauli',1),(337,20,'Tikamgarh',1),(338,20,'Ujjain',1),(339,20,'Umaria',1),(340,20,'Vidisha',1),(341,21,'Ahmednagar',1),(342,21,'Akola',1),(343,21,'Amravati',1),(344,21,'Aurangabad',1),(345,21,'Beed',1),(346,21,'Bhandara',1),(347,21,'Buldhana',1),(348,21,'Chandrapur',1),(349,21,'Dhule',1),(350,21,'Gadchiroli',1),(351,21,'Gondia',1),(352,21,'Hingoli',1),(353,21,'Jalgaon',1),(354,21,'Jalna',1),(355,21,'Kolhapur',1),(356,21,'Latur',1),(357,21,'Mumbai City',1),(358,21,'Mumbai suburban',1),(359,21,'Nanded',1),(360,21,'Nandurbar',1),(361,21,'Nagpur',1),(362,21,'Nashik',1),(363,21,'Osmanabad',1),(364,21,'Parbhani',1),(365,21,'Pune',1),(366,21,'Raigad',1),(367,21,'Ratnagiri',1),(368,21,'Sangli',1),(369,21,'Satara',1),(370,21,'Sindhudurg',1),(371,21,'Solapur',1),(372,21,'Thane',1),(373,21,'Wardha',1),(374,21,'Washim',1),(375,21,'Yavatmal',1),(376,22,'Bishnupur',1),(377,22,'Churachandpur',1),(378,22,'Chandel',1),(379,22,'Imphal East',1),(380,22,'Senapati',1),(381,22,'Tamenglong',1),(382,22,'Thoubal',1),(383,22,'Ukhrul',1),(384,22,'Imphal West',1),(385,23,'East Garo Hills',1),(386,23,'East Khasi Hills',1),(387,23,'Jaintia Hills',1),(388,23,'Ri Bhoi',1),(389,23,'South Garo Hills',1),(390,23,'West Garo Hills',1),(391,23,'West Khasi Hills',1),(392,24,'Aizawl',1),(393,24,'Champhai',1),(394,24,'Kolasib',1),(395,24,'Lawngtlai',1),(396,24,'Lunglei',1),(397,24,'Mamit',1),(398,24,'Saiha',1),(399,24,'Serchhip',1),(400,25,'Dimapur',1),(401,25,'Kiphire',1),(402,25,'Kohima',1),(403,25,'Longleng',1),(404,25,'Mokokchung',1),(405,25,'Mon',1),(406,25,'Peren',1),(407,25,'Phek',1),(408,25,'Tuensang',1),(409,25,'Wokha',1),(410,25,'Zunheboto',1),(411,26,'Angul',1),(412,26,'Boudh (Bauda)',1),(413,26,'Bhadrak',1),(414,26,'Balangir',1),(415,26,'Bargarh (Baragarh)',1),(416,26,'Balasore',1),(417,26,'Cuttack',1),(418,26,'Debagarh (Deogarh)',1),(419,26,'Dhenkanal',1),(420,26,'Ganjam',1),(421,26,'Gajapati',1),(422,26,'Jharsuguda',1),(423,26,'Jajpur',1),(424,26,'Jagatsinghpur',1),(425,26,'Khordha',1),(426,26,'Kendujhar (Keonjhar)',1),(427,26,'Kalahandi',1),(428,26,'Kandhamal',1),(429,26,'Koraput',1),(430,26,'Kendrapara',1),(431,26,'Malkangiri',1),(432,26,'Mayurbhanj',1),(433,26,'Nabarangpur',1),(434,26,'Nuapada',1),(435,26,'Nayagarh',1),(436,26,'Puri',1),(437,26,'Rayagada',1),(438,26,'Sambalpur',1),(439,26,'Subarnapur (Sonepur)',1),(440,26,'Sundergarh',1),(441,27,'Karaikal',1),(442,27,'Mahe',1),(443,27,'Pondicherry',1),(444,27,'Yanam',1),(445,28,'Amritsar',1),(446,28,'Barnala',1),(447,28,'Bathinda',1),(448,28,'Firozpur',1),(449,28,'Faridkot',1),(450,28,'Fatehgarh Sahib',1),(451,28,'Fazilka[6]',1),(452,28,'Gurdaspur',1),(453,28,'Hoshiarpur',1),(454,28,'Jalandhar',1),(455,28,'Kapurthala',1),(456,28,'Ludhiana',1),(457,28,'Mansa',1),(458,28,'Moga',1),(459,28,'Sri Muktsar Sahib',1),(460,28,'Pathankot',1),(461,28,'Patiala',1),(462,28,'Rupnagar',1),(463,28,'Ajitgarh (Mohali)',1),(464,28,'Sangrur',1),(465,28,'Shahid Bhagat Singh Nagar',1),(466,28,'Tarn Taran',1),(467,29,'Ajmer',1),(468,29,'Alwar',1),(469,29,'Bikaner',1),(470,29,'Barmer',1),(471,29,'Banswara',1),(472,29,'Bharatpur',1),(473,29,'Baran',1),(474,29,'Bundi',1),(475,29,'Bhilwara',1),(476,29,'Churu',1),(477,29,'Chittorgarh',1),(478,29,'Dausa',1),(479,29,'Dholpur',1),(480,29,'Dungapur',1),(481,29,'Ganganagar',1),(482,29,'Hanumangarh',1),(483,29,'Jhunjhunu',1),(484,29,'Jalore',1),(485,29,'Jodhpur',1),(486,29,'Jaipur',1),(487,29,'Jaisalmer',1),(488,29,'Jhalawar',1),(489,29,'Karauli',1),(490,29,'Kota',1),(491,29,'Nagaur',1),(492,29,'Pali',1),(493,29,'Pratapgarh',1),(494,29,'Rajsamand',1),(495,29,'Sikar',1),(496,29,'Sawai Madhopur',1),(497,29,'Sirohi',1),(498,29,'Tonk',1),(499,29,'Udaipur',1),(500,30,'East Sikkim',1),(501,30,'North Sikkim',1),(502,30,'South Sikkim',1),(503,30,'West Sikkim',1),(504,31,'Ariyalur',1),(505,31,'Chennai',1),(506,31,'Coimbatore',1),(507,31,'Cuddalore',1),(508,31,'Dharmapuri',1),(509,31,'Dindigul',1),(510,31,'Erode',1),(511,31,'Kanchipuram',1),(512,31,'Kanyakumari',1),(513,31,'Karur',1),(514,31,'Krishnagiri',1),(515,31,'Madurai',1),(516,31,'Nagapattinam',1),(517,31,'Nilgiris',1),(518,31,'Namakkal',1),(519,31,'Perambalur',1),(520,31,'Pudukkottai',1),(521,31,'Ramanathapuram',1),(522,31,'Salem',1),(523,31,'Sivaganga',1),(524,31,'Tirupur',1),(525,31,'Tiruchirappalli',1),(526,31,'Theni',1),(527,31,'Tirunelveli',1),(528,31,'Thanjavur',1),(529,31,'Thoothukudi',1),(530,31,'Tiruvallur',1),(531,31,'Tiruvarur',1),(532,31,'Tiruvannamalai',1),(533,31,'Vellore',1),(534,31,'Viluppuram',1),(535,31,'Virudhunagar',1),(536,32,'Dhalai',1),(537,32,'North Tripura',1),(538,32,'South Tripura',1),(539,32,'Khowai[7]',1),(540,32,'West Tripura',1),(541,33,'Agra',1),(542,33,'Aligarh',1),(543,33,'Allahabad',1),(544,33,'Ambedkar Nagar',1),(545,33,'Auraiya',1),(546,33,'Azamgarh',1),(547,33,'Bagpat',1),(548,33,'Bahraich',1),(549,33,'Ballia',1),(550,33,'Balrampur',1),(551,33,'Banda',1),(552,33,'Barabanki',1),(553,33,'Bareilly',1),(554,33,'Basti',1),(555,33,'Bijnor',1),(556,33,'Budaun',1),(557,33,'Bulandshahr',1),(558,33,'Chandauli',1),(559,33,'Chhatrapati Shahuji Maharaj Nagar[8]',1),(560,33,'Chitrakoot',1),(561,33,'Deoria',1),(562,33,'Etah',1),(563,33,'Etawah',1),(564,33,'Faizabad',1),(565,33,'Farrukhabad',1),(566,33,'Fatehpur',1),(567,33,'Firozabad',1),(568,33,'Gautam Buddh Nagar',1),(569,33,'Ghaziabad',1),(570,33,'Ghazipur',1),(571,33,'Gonda',1),(572,33,'Gorakhpur',1),(573,33,'Hamirpur',1),(574,33,'Hardoi',1),(575,33,'Hathras',1),(576,33,'Jalaun',1),(577,33,'Jaunpur district',1),(578,33,'Jhansi',1),(579,33,'Jyotiba Phule Nagar',1),(580,33,'Kannauj',1),(581,33,'Kanpur',1),(582,33,'Kanshi Ram Nagar',1),(583,33,'Kaushambi',1),(584,33,'Kushinagar',1),(585,33,'Lakhimpur Kheri',1),(586,33,'Lalitpur',1),(587,33,'Lucknow',1),(588,33,'Maharajganj',1),(589,33,'Mahoba',1),(590,33,'Mainpuri',1),(591,33,'Mathura',1),(592,33,'Mau',1),(593,33,'Meerut',1),(594,33,'Mirzapur',1),(595,33,'Moradabad',1),(596,33,'Muzaffarnagar',1),(597,33,'Panchsheel Nagar district (Hapur)',1),(598,33,'Pilibhit',1),(599,33,'Pratapgarh',1),(600,33,'Raebareli',1),(601,33,'Ramabai Nagar (Kanpur Dehat)',1),(602,33,'Rampur',1),(603,33,'Saharanpur',1),(604,33,'Sant Kabir Nagar',1),(605,33,'Sant Ravidas Nagar',1),(606,33,'Shahjahanpur',1),(607,33,'Shamli[9]',1),(608,33,'Shravasti',1),(609,33,'Siddharthnagar',1),(610,33,'Sitapur',1),(611,33,'Sonbhadra',1),(612,33,'Sultanpur',1),(613,33,'Unnao',1),(614,33,'Varanasi',1),(615,34,'Almora',1),(616,34,'Bageshwar',1),(617,34,'Chamoli',1),(618,34,'Champawat',1),(619,34,'Dehradun',1),(620,34,'Haridwar',1),(621,34,'Nainital',1),(622,34,'Pauri Garhwal',1),(623,34,'Pithoragarh',1),(624,34,'Rudraprayag',1),(625,34,'Tehri Garhwal',1),(626,34,'Udham Singh Nagar',1),(627,34,'Uttarkashi',1),(628,35,'Bankura',1),(629,35,'Bardhaman',1),(630,35,'Birbhum',1),(631,35,'Cooch Behar',1),(632,35,'Dakshin Dinajpur',1),(633,35,'Darjeeling',1),(634,35,'Hooghly',1),(635,35,'Howrah',1),(636,35,'Jalpaiguri',1),(637,35,'Kolkata',1),(638,35,'Maldah',1),(639,35,'Murshidabad',1),(640,35,'Nadia',1),(641,35,'North 24 Parganas',1),(642,35,'Paschim Medinipur',1),(643,35,'Purba Medinipur',1),(644,35,'Purulia',1),(645,35,'South 24 Parganas',1),(646,35,'Uttar Dinajpur',1),(704,1,'a',1),(705,20,'Bhopal',1),(706,33,'Noida',1),(707,18,'Trivandrum',1),(708,4,'Guwahati',1);

/*Table structure for table `r_master_education` */


CREATE TABLE `r_master_education` (
  `education_id` int(11) NOT NULL AUTO_INCREMENT,
  `education` varchar(50) DEFAULT NULL,
  `is_active` char(1) DEFAULT NULL,
  PRIMARY KEY (`education_id`)
) ENGINE=InnoDB AUTO_INCREMENT=35 DEFAULT CHARSET=latin1;

/*Data for the table `r_master_education` */

insert  into `r_master_education`(`education_id`,`education`,`is_active`) values (1,'Illiterate ','N'),(2,'Non formal ( 05th class)','N'),(3,'08th pass','N'),(4,'School : 5 - 9 Years','N'),(5,'10th fail','N'),(6,'10th pass','Y'),(7,'12th pass','Y'),(8,'12th fail','N'),(9,'Other','Y'),(10,'Graduate','Y'),(11,'Post Graduate','Y'),(12,'B.Arts','Y'),(13,'B.Com','Y'),(14,'B.Sc','Y'),(15,'BBA','Y'),(16,'BCA','Y'),(17,'B.Tech','Y'),(18,'M.Arts','Y'),(19,'M.Com','Y'),(20,'M.Sc','Y'),(21,'M.B.A.','Y'),(22,'MCA','N'),(23,'M.Tech','Y'),(24,'Bachelor (Journalism and Mass Communications)','Y'),(25,'Master (Journalism and Mass Communications)','Y'),(26,'ICWA','Y'),(27,'Chartered Accountant','Y'),(28,'MBBS','Y'),(29,'PGDM','Y'),(30,'PhD (Doctorate)','Y'),(31,'LLB','Y'),(32,'M.Phil','Y'),(33,'M.B.E.','Y'),(34,'MSW (Master in Social Worker)','Y');

/*Table structure for table `r_master_sector` */


CREATE TABLE `r_master_sector` (
  `sector_id` int(11) NOT NULL AUTO_INCREMENT,
  `sector_name` varchar(255) DEFAULT NULL,
  `is_active` char(1) DEFAULT NULL,
  PRIMARY KEY (`sector_id`)
) ENGINE=InnoDB AUTO_INCREMENT=35 DEFAULT CHARSET=latin1;

/*Data for the table `r_master_sector` */

insert  into `r_master_sector`(`sector_id`,`sector_name`,`is_active`) values (2,'Agriculture and Agri  business ','Y'),(3,'Auto and Auto Component Industries','Y'),(4,'Construction Material and Building Hardware ','Y'),(5,'Accounts / Banking and Financial Services Insurance  Industry','Y'),(6,'Building Construction Industry and Real Estate Services ','Y'),(7,'Electronics and Hardware Industry ','Y'),(8,'Facility Management ','Y'),(9,'Furniture and Furnishing Industry','Y'),(10,'IT and ITES sector ','Y'),(11,'Organised Retail sector ','Y'),(12,'Other ','Y'),(13,'Telecom ','Y'),(14,'Textile and Clothing industry ','Y'),(15,'Tourism Travel Hospitality and Trade sector ','Y'),(16,'Transportation  Logistics Warehousing and Packing ','Y'),(17,'Healthcare Services Industry','Y'),(18,'Media and Advertisement ','N'),(19,'Aviation','Y'),(20,'Chemicals and Pharmaceuticals','Y'),(21,'Education / Skill Development','Y'),(22,'Engineering','Y'),(23,'Entrepreneurial Skills','Y'),(24,'FMCG','Y'),(25,'Food Processing / Cold Chain / Refrigeration','Y'),(26,'Gems and Jewellery','Y'),(27,'Handloom and Handicrafts','Y'),(28,'Infrastructure','Y'),(29,'Leather and Leather Goods','Y'),(30,'Media, Entertainment, Broadcasting, Content Creation, Animation','Y'),(31,'Manufacturing Industry','Y'),(32,'Service Industry','Y'),(33,'Environment and Forests','Y'),(34,'NGO / Social Work Industry','Y');

/*Table structure for table `r_master_state` */


CREATE TABLE `r_master_state` (
  `state_id` tinyint(2) NOT NULL AUTO_INCREMENT,
  `state_name` varchar(40) NOT NULL,
  `priority` tinyint(2) DEFAULT NULL,
  PRIMARY KEY (`state_id`),
  UNIQUE KEY `state_name` (`state_name`)
) ENGINE=InnoDB AUTO_INCREMENT=31 DEFAULT CHARSET=latin1;

/*Data for the table `r_master_state` */

insert  into `r_master_state`(`state_id`,`state_name`,`priority`) values (1,'Uttar Pradesh',1),(2,'Madhya Pradesh',NULL),(3,'Haryana',NULL),(4,'Rajasthan',NULL),(5,'Uttarakhand',1),(6,'Himachal Pradesh',NULL),(7,'Gujarat',NULL),(8,'J&K',NULL),(9,'Bihar',1),(10,'Jharkhand',1),(11,'West Bengal',NULL),(12,'Maharashtra',NULL),(13,'Delhi',1),(14,'Orissa',NULL),(15,'Mizoram',NULL),(16,'Nagaland',NULL),(17,'Tamilnadu',NULL),(18,'Andhra Pradesh',NULL),(19,'Karnatka',NULL),(20,'Kerela',NULL),(21,'Arunachal Pradesh',NULL),(22,'GOA',NULL),(23,'Chattisgarh',NULL),(24,'Manipur',NULL),(25,'Meghalaya',NULL),(26,'Punjab',NULL),(27,'Tripura',NULL),(28,'Assam',NULL),(29,'Not Revealed',1),(30,'Missed',0);

/*Table structure for table `r_master_states` */


CREATE TABLE `r_master_states` (
  `state_id` int(8) NOT NULL AUTO_INCREMENT,
  `state_name` varchar(100) NOT NULL,
  PRIMARY KEY (`state_id`)
) ENGINE=InnoDB AUTO_INCREMENT=36 DEFAULT CHARSET=latin1;

/*Data for the table `r_master_states` */

insert  into `r_master_states`(`state_id`,`state_name`) values (1,'Andaman and Nicobar '),(2,'Andhra Pradesh '),(3,'Arunachal Pradesh '),(4,'Assam '),(5,'Bihar '),(6,'Chandigarh '),(7,'Chhattisgarh '),(8,'Dadra and Nagar Haveli '),(9,'Daman and Diu '),(10,'Delhi '),(11,'Goa '),(12,'Gujarat '),(13,'Haryana '),(14,'Himachal Pradesh '),(15,'Jammu and Kashmir '),(16,'Jharkhand '),(17,'Karnataka '),(18,'Kerala '),(19,'Lakshdweep '),(20,'Madhya Pradesh'),(21,'Maharashtra '),(22,'Manipur '),(23,'Meghalaya '),(24,'Mizoram '),(25,'Nagaland '),(26,'Odisha '),(27,'Puducherry '),(28,'Punjab '),(29,'Rajasthan '),(30,'Sikkim '),(31,'Tamil Nadu '),(32,'Tripura '),(33,'Uttar Pradesh '),(34,'Uttarakhand (UK)'),(35,'West Bengal ');

/*Table structure for table `r_permission` */


CREATE TABLE `r_permission` (
  `pid` int(11) NOT NULL AUTO_INCREMENT,
  `user_id` int(11) NOT NULL,
  `group_id` int(11) NOT NULL,
  PRIMARY KEY (`pid`),
  UNIQUE KEY `user_id` (`user_id`)
) ENGINE=InnoDB AUTO_INCREMENT=14 DEFAULT CHARSET=latin1;

/*Data for the table `r_permission` */

insert  into `r_permission`(`pid`,`user_id`,`group_id`) values (1,1,1),(2,2,1),(3,8,1),(4,12,1),(5,14,1),(6,15,2),(7,17,2),(8,18,1),(9,20,1),(10,21,1),(11,22,2),(12,23,2),(13,24,2);

/*Table structure for table `r_resume_details` */


CREATE TABLE `r_resume_details` (
  `rid` int(11) NOT NULL AUTO_INCREMENT,
  `person_name` varchar(30) DEFAULT NULL,
  `education_id` int(11) DEFAULT NULL,
  `sector_id` int(11) DEFAULT NULL,
  `yid` int(11) DEFAULT NULL,
  `mid` int(11) DEFAULT NULL,
  `state_id` int(11) DEFAULT NULL,
  `location_id` int(11) DEFAULT NULL,
  `resume` varchar(255) DEFAULT NULL,
  `user_id` int(11) DEFAULT NULL,
  `upload_date` datetime DEFAULT NULL,
  `active` int(11) DEFAULT NULL,
  PRIMARY KEY (`rid`)
) ENGINE=InnoDB AUTO_INCREMENT=120 DEFAULT CHARSET=latin1;

/*Data for the table `r_resume_details` */

insert  into `r_resume_details`(`rid`,`person_name`,`education_id`,`sector_id`,`yid`,`mid`,`state_id`,`location_id`,`resume`,`user_id`,`upload_date`,`active`) values (1,'Aparna Kapil',13,10,0,8,33,603,'540fedf5dd40bresume_new.doc',18,'2014-09-10 11:51:41',0),(2,'KAMAL  PRAKASH',13,10,0,0,33,613,'540fef38c28cdKAMAL_PRAKASH.doc',18,'2014-09-10 11:57:04',1),(3,'Nagashetty',18,17,15,0,17,250,'5416cec176f53CV-Nagashetty.jpg',1,'2014-09-15 17:04:25',1),(4,'Rajeswari Puhan',14,10,0,0,26,419,'541949e5ddf47Rajeswari_CV.JPG',1,'2014-09-17 14:11:05',1),(5,'Vijaykumar M Barmayia',21,5,5,4,21,361,'54194d9c5c414VIJAYKUMAR_M._BARMAIYA.docx',1,'2014-09-17 14:30:12',1),(6,'Madhubrata Kumar Singh',10,10,1,10,33,581,'541a7b432a7edMadhubrata_Kumar_Singh.doc',1,'2014-09-18 11:57:15',1),(7,'Deepak Lall',23,2,2,5,33,543,'541d5b479af7fDeepak_CV-2014.doc',21,'2014-09-20 16:17:35',1),(8,'Neha Mishra',17,24,4,2,10,131,'542265b3a4084Neha_Mishra.doc',20,'2014-09-24 12:03:23',1),(9,'Deeksha Kewlani',11,6,7,0,10,131,'54226a280b71cDeeksha_Kewlani.doc',20,'2014-09-24 12:22:24',1),(10,'Kamlesh K Ahirwar',21,30,5,6,20,705,'54228f8fe4e1dKamlesh_K_Ahirwar.rtf',20,'2014-09-24 15:01:59',1),(11,'Arnab Mukherjee',12,30,10,0,33,706,'5422921a00002Arnab_Mukherjee.docx',20,'2014-09-24 15:12:50',1),(12,'Neetu Mehta',25,31,8,0,10,131,'54229391a4084Neetu_Mehta.docx',20,'2014-09-24 15:19:05',1),(13,'Gargi Basu',11,30,10,0,18,707,'542298e394c61Gargi_Basu.doc',20,'2014-09-24 15:41:47',1),(14,'Abhishek Haryson',24,31,7,0,10,131,'54229a04487acAbhishek_Haryson.docx',20,'2014-09-24 15:46:36',1),(15,'Kushal Dev Sharma',18,10,8,0,13,170,'54229ca198969Kushal_Dev_Sharma.doc',20,'2014-09-24 15:57:45',1),(16,'Nawal Joshi',21,5,7,0,10,131,'54229d344c4b5Nawal_Joshi.doc',20,'2014-09-24 16:00:12',1),(17,'Piyush Badoni',21,30,4,5,10,131,'54229d90af7a0Piyush_Badoni.doc',20,'2014-09-24 16:01:44',1),(18,'Disha Sisodia',29,15,5,5,13,170,'54229faecdfe7Disha_Sisodia.doc',20,'2014-09-24 16:10:46',1),(19,'Geetu Batra Banerjee',25,30,4,1,13,170,'5422a087d59f9Geetu_Batra_Banerjee.docx',20,'2014-09-24 16:14:23',1),(20,'Nitin Mehra',21,15,6,5,10,131,'5422a135d1cf0Nitin_Mehra.docx',20,'2014-09-24 16:17:17',1),(21,'Vanisha Vij',21,15,5,6,13,170,'5422a19e89545Vanisha_Vij.docx',20,'2014-09-24 16:19:02',1),(22,'Ankit Srivastava',21,11,8,0,13,170,'5422a4e181b34Ankit_Srivastava.doc',20,'2014-09-24 16:32:57',1),(23,'Tanushree Mandal',25,10,8,0,10,131,'5422a6adc28ccTanushree_Mandal.doc',20,'2014-09-24 16:40:37',1),(24,'Soma Sinha',11,11,5,0,10,131,'5423df37e4e1dSoma_Sinha.doc',20,'2014-09-25 14:54:07',1),(25,'Sourav Chakraborty',10,14,9,0,35,637,'5423dff2d1cf1Sourav_Chakraborty.doc',20,'2014-09-25 14:57:14',1),(26,'Neeta Israni',24,16,3,5,10,131,'5423e05b40d9bNeeta_Israni.doc',20,'2014-09-25 14:58:59',1),(27,'Jasmeet Kaur Chouhan',11,21,7,0,10,131,'5423e15d5b8daJasmeet_Chouhan.doc',20,'2014-09-25 15:03:17',1),(28,'Mukul Singh',21,30,6,11,10,131,'5423e3ad0b71cMukul_Singh.docx',20,'2014-09-25 15:13:09',1),(29,'Sapna Passi',11,10,9,0,10,131,'5423e609632ebSapna_Passi.doc',20,'2014-09-25 15:23:13',1),(30,'Ritesh Shrivastava',21,26,6,2,10,131,'5423e9d81d1c3Ritesh_Shrivastava.doc',20,'2014-09-25 15:39:28',1),(31,'Jasvinder Nanda Chaudhary',31,5,9,6,10,131,'5423eafe1ab40Jasvinder_Nanda_Chaudhary.doc',20,'2014-09-25 15:44:22',1),(32,'Shikha Arora',11,13,5,5,10,131,'5423eff9a037bShikha_Arora.pdf',20,'2014-09-25 16:05:37',1),(33,'Saurav Roy',29,21,7,0,10,131,'5423f0c1e1114Saurav_Roy.docx',20,'2014-09-25 16:08:57',1),(34,'Saumya Upadhyaya',11,16,8,0,10,131,'5423f192cdfe8Saumya_Upadhyaya.rtf',20,'2014-09-25 16:12:26',1),(35,'Ikhhlaq Singh Aujla',25,30,14,0,6,107,'5423f76694c60Ikhhlaq_Singh_Aujla.doc',20,'2014-09-25 16:37:18',1),(36,'Saurabh Kumar',11,6,5,8,10,131,'5424f59990f57Saurabh_Kumar.docx',20,'2014-09-26 10:41:53',1),(37,'Akshara Bachkheti',29,15,6,0,33,706,'5424f61b57bd1Akshara_Bachkheti.doc',20,'2014-09-26 10:44:03',1),(38,'Khushboo Priya',21,30,5,8,10,131,'5424f6c0b71b1Khushboo_Priya.doc',20,'2014-09-26 10:46:48',1),(39,'Gandharv Dhingra',11,24,5,11,31,505,'5425041900001Gandharv_Dhingra.docx',20,'2014-09-26 11:43:45',1),(40,'Kaustubh Upadhyay',25,30,15,0,10,131,'5425046f2625bKaustubh_Upadhyay.pdf',20,'2014-09-26 11:45:11',1),(41,'Bhawna Satsangi',32,30,9,0,10,131,'54250670af7a0Bhawna_Satsangi.docx',20,'2014-09-26 11:53:44',1),(42,'Deepti Mathur',11,10,9,0,33,706,'54250b8b6acfdDeepti_Mathur.doc',20,'2014-09-26 12:15:31',1),(43,'Ashish Mishra',21,31,7,0,10,131,'54250e7cd59f9Ashish_Mishra.doc',20,'2014-09-26 12:28:04',1),(44,'Rajnigandha Kalra',21,30,8,0,10,131,'54250ee76acfdRajnigandha_Kalra.docx',20,'2014-09-26 12:29:51',1),(45,'Andres Meren Molier',18,30,9,0,10,131,'54250f837a122Andres_Molier.docx',20,'2014-09-26 12:32:27',1),(46,'Sanjana Bhowmick',25,30,6,0,10,131,'54251045c28ccSanjana_Bhowmick.doc',20,'2014-09-26 12:35:41',1),(47,'Amandeep Arora',21,32,6,0,10,131,'54252754c65d5Amandeep_Arora.doc',20,'2014-09-26 14:14:04',1),(48,'Vinod Kumar Sharma',21,33,17,0,10,131,'54252d855b8d9Vinod_Kumar_Sharma.doc',20,'2014-09-26 14:40:29',1),(49,'Pawan Banshwar',21,30,5,1,10,131,'5428f92bc28ccPawan_Banshwar.doc',20,'2014-09-29 11:46:11',1),(50,'Shobhit Mehrotra',21,10,9,0,10,131,'5428fa274342bShobhit_Mehrotra.docx',20,'2014-09-29 11:50:23',1),(51,'Neha Pahuja',11,13,4,0,10,131,'5428fb406acfdNeha_Pahuja.doc',20,'2014-09-29 11:55:04',1),(52,'Ishan Singh',29,20,4,3,10,131,'5428fc6b22552Ishan_Singh.doc',20,'2014-09-29 12:00:03',1),(53,'Rashmi Saxena',21,30,5,11,10,131,'5428fcf366ff5Rashmi_Saxena.doc',20,'2014-09-29 12:02:19',1),(54,'Sandeep Pal Singh',21,15,4,10,6,107,'5428fdded9702Sandeep_Pal_Singh.doc',20,'2014-09-29 12:06:14',1),(55,'Abhishek',11,30,6,0,10,131,'5428ff343d091Abhishek.doc',20,'2014-09-29 12:11:56',1),(56,'Abhishek Saxena',21,23,5,0,10,131,'542903e42625bAbhishek_Saxena.doc',20,'2014-09-29 12:31:56',1),(57,'Sumit Kanwar',29,31,6,0,10,131,'542904f7d59faSumit_Kanwar.doc',20,'2014-09-29 12:36:31',1),(58,'Bibhu Samal',11,10,6,0,17,247,'542905f053ec8Bibhu_Samal.doc',20,'2014-09-29 12:40:40',1),(59,'Shilpa Singh',21,5,7,0,10,131,'542906715f5e3Shilpa_Singh.doc',20,'2014-09-29 12:42:49',1),(60,'Pranjali Sharma',21,2,6,0,10,131,'542906f3e8b27Pranjali_Sharma.doc',20,'2014-09-29 12:44:59',1),(61,'Sameena Siddiqi',12,10,5,11,10,131,'54290785d1cf0Sameena_Siddiqi.doc',20,'2014-09-29 12:47:25',1),(62,'Shalini Jain',21,30,14,0,10,131,'5429089da037bShalini_Jain.doc',20,'2014-09-29 12:52:05',1),(63,'Shaifali Gogia',21,32,6,0,10,131,'54290bd42625bShaifali_Gogia.doc',20,'2014-09-29 13:05:48',1),(64,'Kriti Batra',11,32,3,8,10,131,'54290ee4d1cf0Kriti_Batra.doc',20,'2014-09-29 13:18:52',1),(65,'Arunita Dutta',25,30,10,0,10,131,'54290ff053ec7Arunita_Dutta.docx',20,'2014-09-29 13:23:20',1),(66,'Eeshaa Sheikh',21,10,4,7,10,131,'54291e2439388Eeshaa_Sheikh.docx',20,'2014-09-29 14:23:56',1),(67,'Surbhi Seth',25,30,8,0,10,131,'54291f4d39388Surbhi_Seth.doc',20,'2014-09-29 14:28:53',1),(68,'Kunal Jaiswal',25,30,8,0,10,131,'54291fb407a13Kunal_Jaiswal.doc',20,'2014-09-29 14:30:36',1),(69,'Purva Khetrapal',15,30,5,8,10,131,'542920c294c60Purva_Khetrapal.pdf',20,'2014-09-29 14:35:06',1),(70,'Pawan Garg',18,30,9,0,10,131,'54292154d1cf0Pawan_Garg.docx',20,'2014-09-29 14:37:32',1),(71,'Aditya Paul Frey',29,10,10,0,13,170,'542922042dc6dAditya_Paul_Frey.pdf',20,'2014-09-29 14:40:28',1),(72,'Priyanka Choudhary',25,30,5,0,33,706,'5429228d44aa3Priyanka_Choudhary.docx',20,'2014-09-29 14:42:45',1),(73,'Priya Narang',29,7,4,6,10,131,'5429238a16e37Priya_Narang.docx',20,'2014-09-29 14:46:58',1),(74,'Divya Khanna',20,34,8,0,10,131,'54292c1339389Divya_Khanna.doc',20,'2014-09-29 15:23:23',1),(75,'Rishi Kumar Sonwal',25,30,7,0,10,131,'54292d7caf79fRishi_Kumar_Sonwal.doc',20,'2014-09-29 15:29:24',1),(76,'Niketan Dave',21,30,7,0,10,131,'54292df553ec7Niketan_Dave.doc',20,'2014-09-29 15:31:25',1),(77,'Sunil Kumar Ailani',29,16,5,11,10,131,'54292f087270fSunil_Kumar_Ailani.doc',20,'2014-09-29 15:36:00',1),(78,'Pallavee Sinha',24,17,8,4,10,131,'5429331a44aa3Pallavi_Gaur.docx',20,'2014-09-29 15:53:22',1),(79,'Leena Guha Roy',25,30,7,0,10,131,'5429339a16e37Leena_Guha_Roy.doc',20,'2014-09-29 15:55:30',1),(80,'Priya Verma',18,30,8,0,10,131,'542934b06ea07Priya_Verma.docx',20,'2014-09-29 16:00:08',1),(81,'Suchira Nandi Purkayastha',25,31,7,0,4,708,'542939b0632ecSuchira_Nandi_Purkayastha.doc',20,'2014-09-29 16:21:28',1),(82,'Parul Jain',11,30,7,0,10,131,'54293dd1af79fParul_Jain.docx',20,'2014-09-29 16:39:05',1),(83,'Priyanka Gupta',11,6,4,0,10,131,'5429430ad9703Priyanka_Gupta.docx',20,'2014-09-29 17:01:22',1),(84,'Anamika Taneja',11,30,5,0,10,131,'542944374c4b6Anamika_Taneja.doc',20,'2014-09-29 17:06:23',1),(85,'Manisha Verma',25,30,6,0,13,170,'54294797aba96Manisha_Verma.doc',20,'2014-09-29 17:20:47',1),(86,'Shivani Mehra',25,30,5,5,10,131,'54294d0c07a13Shivani_Mehra.doc',20,'2014-09-29 17:44:04',1),(87,'Nidhi Francis',11,30,6,0,10,131,'54294db3501bfNidhi_Francis.doc',20,'2014-09-29 17:46:51',1),(88,'Geetanjali Negi',29,32,4,5,10,131,'542a4d4caf79fGeetanjali_Negi.doc',20,'2014-09-30 11:57:24',1),(89,'Pooja Bhatia',11,30,8,0,10,131,'542a4e52632ebPooja_Bhatia.docx',20,'2014-09-30 12:01:46',1),(90,'Diksha Dutta',11,5,5,3,10,131,'542a4ec91312fDiksha_Dutta.docx',20,'2014-09-30 12:03:45',1),(91,'Sugandha Kapoor',18,30,3,5,10,131,'542a4f399896aSugandha_Kapoor.docx',20,'2014-09-30 12:05:37',1),(92,'Varnika Nayyar',11,30,3,6,10,131,'542a4fa690f57Varnika_Nayyar.doc',20,'2014-09-30 12:07:26',1),(93,'Harsh Vardhan',21,30,6,0,10,131,'542a50375b8d9Harsh_Vardhan.docx',20,'2014-09-30 12:09:51',1),(94,'Rashmi Bhate',23,32,5,0,27,443,'542a52b94c4b6Rashmi_Yashwant_Bhate.doc',20,'2014-09-30 12:20:33',1),(95,'Pragya Upadhyay',11,30,4,0,10,131,'542a5313ca2dePragya_Upadhyay.docx',20,'2014-09-30 12:22:03',1),(96,'Sonia Clament Rao',11,10,7,3,10,131,'542a557003d0aSonia_Clament_Rao.docx',20,'2014-09-30 12:31:25',1),(97,'Rusha Mudgal',25,21,3,0,10,131,'542a55d3bebc3Rusha_Mudgal.docx',20,'2014-09-30 12:33:47',1),(98,'Shaily Rai Sinha',20,30,7,0,33,706,'542a562b3567fShaily_Rai_Sinha.docx',20,'2014-09-30 12:35:15',1),(99,'Sisy Augustine',18,21,0,11,31,505,'542a56958d24fSisy_Augustine.doc',20,'2014-09-30 12:37:01',1),(100,'Ayushma Sharma',12,10,14,0,10,131,'542a574800002Ayushma_Sharma.doc',20,'2014-09-30 12:40:00',1),(101,'Mukta Sharma',20,21,15,0,33,569,'542a580200002Mukta_Singh.docx',20,'2014-09-30 12:43:06',1),(102,'Ravneet Kaur',11,30,3,8,10,131,'542a58e4c28ccRavneet_Kour.doc',20,'2014-09-30 12:46:52',1),(103,'Nidhi Sihag',11,34,5,0,10,131,'542a5ace7a121Nidhi_Sihag.docx',20,'2014-09-30 12:55:02',1),(104,'Tishya Kalhans',20,34,2,2,10,131,'542a5b325f5e2Tishya_Kalhans.docx',20,'2014-09-30 12:56:42',1),(105,'Utpala Ghosh',18,30,8,0,10,131,'542a5bf4aba96Utpala_Ghosh.doc',20,'2014-09-30 12:59:56',1),(106,'Pallavi Gaur',24,15,5,0,13,170,'542a5f0fa037bPallavi_Gaur.docx',20,'2014-09-30 13:13:11',1),(107,'Mannika Mitra',11,30,2,0,10,131,'542a5f5a632ebMannika_Mitra.doc',20,'2014-09-30 13:14:26',1),(108,'Dipti Sahu',11,21,4,0,10,131,'542a605d7de2aDipti_Sahu.docx',20,'2014-09-30 13:18:45',1),(109,'Ruchi Marshal',25,21,4,0,12,140,'542a622600001Ruchi_Marshal.doc',20,'2014-09-30 13:26:22',1),(110,'Simran Chhatwal',20,34,3,1,10,131,'542a67b8ca2dfSimran_Chhatwal.doc',20,'2014-09-30 13:50:08',1),(111,'Anup Kumar Srivastava',20,34,18,2,10,131,'542a76711e849Anup_Kumar_Srivastava.doc',20,'2014-09-30 14:52:57',1),(112,'Kunal Kanti Jha',11,34,3,11,33,706,'542b992acdfe7Kunal_Kanti_Jha.doc',20,'2014-10-01 11:33:22',1),(113,'Ritcha Silakari',18,34,14,0,10,131,'542ba00dc65d5Richa_Silakari.pdf',20,'2014-10-01 12:02:45',1),(114,'Ruchi Pratap Garg',21,32,8,0,13,170,'542ba4df487acRuchi_Pratap.doc',20,'2014-10-01 12:23:19',1),(115,'Pradeep Rana',18,34,17,6,33,706,'542ba98598969Pradeep_Rana.doc',20,'2014-10-01 12:43:09',1),(116,'Vikash Kumar Trivedi',33,32,5,0,10,131,'5433cc7a6ea06Vikash_Kumar_Trivedi.doc',20,'2014-10-07 16:50:26',1),(117,'Sanjay Kumar Sharma',20,2,10,7,20,329,'5460575be54f3Sanjay_Kumar_Sharma.doc',20,'2014-11-10 11:42:43',1),(118,'Lijo John',34,17,2,0,10,132,'54eedcc5aba96Lijo_John.doc',20,'2015-02-26 14:13:49',1),(119,'RAHUL GUPTA',21,2,0,4,33,612,'5ae9a5581b3d3Rahul_Gupta_CV.pdf',26,'2018-05-02 17:17:36',1);

/*Table structure for table `tbl_isapemp_information` */


CREATE TABLE `tbl_isapemp_information` (
  `id` int(11) NOT NULL AUTO_INCREMENT,
  `username` varchar(60) NOT NULL,
  `dateofbirth` date NOT NULL,
  `contactnumber` varchar(12) NOT NULL,
  `altcontactnumber` varchar(12) DEFAULT NULL,
  `emailid` varchar(40) NOT NULL,
  `address` varchar(150) NOT NULL,
  `status` int(2) NOT NULL,
  `createdate` datetime DEFAULT NULL,
  `login_id` int(3) NOT NULL,
  PRIMARY KEY (`id`),
  UNIQUE KEY `loginname` (`login_id`)
) ENGINE=InnoDB AUTO_INCREMENT=3 DEFAULT CHARSET=latin1;

/*Data for the table `tbl_isapemp_information` */

insert  into `tbl_isapemp_information`(`id`,`username`,`dateofbirth`,`contactnumber`,`altcontactnumber`,`emailid`,`address`,`status`,`createdate`,`login_id`) values (2,'ashish','2014-01-16','875025539','9716499259','ashish@isapindia.org','972 shallimar garden ',1,'2014-01-16 14:11:07',12);

